{"id":9973,"date":"2023-01-15T18:20:12","date_gmt":"2023-01-15T21:20:12","guid":{"rendered":"https:\/\/www.dmastro.com.br\/dmastroblog\/?post_type=product&#038;p=9973"},"modified":"2023-01-16T03:36:21","modified_gmt":"2023-01-16T06:36:21","slug":"curso-de-manipulacao-de-influencias-planetarias-a-seu-favor-por-vera-facciollo","status":"publish","type":"product","link":"https:\/\/www.dmastro.com.br\/dmastroblog\/produto\/curso-de-manipulacao-de-influencias-planetarias-a-seu-favor-por-vera-facciollo\/","title":{"rendered":"Curso de manipula\u00e7\u00e3o de influ\u00eancias planetarias a seu favor por Vera Facciollo"},"content":{"rendered":"<p style=\"text-align: center;\"><em><strong><span style=\"color: #ff0000; font-size: 18pt;\">Curso de Manipula\u00e7\u00e3o de Influ\u00eancias Planetarias a Seu Favor por Vera Facciollo<\/span><\/strong><\/em><\/p>\n<p>Aprenda a usar a seu favor os planetas, aspectos e signos. Curso em 5 aulas (1 por semana) online ao vivo o pelo Zoom. Aulas ficam gravadas para caso o aluno falte. Dura\u00e7\u00e3o 70 minutos cada aula.<\/p>\n","protected":false},"excerpt":{"rendered":"<p><em><strong>Curso de Manipula\u00e7\u00e3o de Influ\u00eancias Planetarias a Seu Favor por Vera Facciollo<\/strong><\/em><\/p>\n<p>Aprenda a usar a seu favor os planetas, aspectos e signos.<\/p>\n","protected":false},"featured_media":9010,"comment_status":"open","ping_status":"closed","template":"","meta":{"_themeisle_gutenberg_block_has_review":false,"jetpack_post_was_ever_published":false,"jetpack_publicize_message":"","jetpack_publicize_feature_enabled":true,"jetpack_social_post_already_shared":true,"jetpack_social_options":{"image_generator_settings":{"template":"highway","default_image_id":0,"font":"","enabled":false},"version":2}},"product_brand":[],"product_cat":[71,364,66],"product_tag":[76,1325,1327],"class_list":{"0":"post-9973","1":"product","2":"type-product","3":"status-publish","4":"has-post-thumbnail","6":"product_cat-cursos-em-video-de-astrologia","7":"product_cat-curso-online","8":"product_cat-cursos-em-video","9":"product_tag-astrologia","10":"product_tag-astrologia-moderna","11":"product_tag-astrologos","12":"post","14":"first","15":"instock","16":"virtual","17":"taxable","18":"purchasable","19":"product-type-simple"},"composite_virtual":false,"composite_layout":"","composite_add_to_cart_form_location":"","composite_editable_in_cart":false,"composite_sold_individually_context":"","composite_shop_price_calc":"","composite_components":[],"composite_scenarios":[],"yoast_head":"<!-- This site is optimized with the Yoast SEO Premium plugin v22.9 (Yoast SEO v27.3) - https:\/\/yoast.com\/product\/yoast-seo-premium-wordpress\/ -->\n<title>Curso de manipula\u00e7\u00e3o de influ\u00eancias planetarias a seu favor por Vera Facciollo<\/title>\n<meta name=\"description\" content=\"Curso de Manipula\u00e7\u00e3o de Influ\u00eancias Planetarias a Seu Favor por Vera FacciolloAprenda a usar a seu favor os planetas, aspectos e signos.\" \/>\n<meta name=\"robots\" content=\"index, follow, max-snippet:-1, max-image-preview:large, max-video-preview:-1\" \/>\n<link rel=\"canonical\" href=\"https:\/\/www.dmastro.com.br\/dmastroblog\/produto\/curso-de-manipulacao-de-influencias-planetarias-a-seu-favor-por-vera-facciollo\/\" \/>\n<meta property=\"og:locale\" content=\"pt_BR\" \/>\n<meta property=\"og:type\" content=\"article\" \/>\n<meta property=\"og:title\" content=\"Curso de manipula\u00e7\u00e3o de influ\u00eancias planetarias a seu favor por Vera Facciollo\" \/>\n<meta property=\"og:description\" content=\"Curso de Manipula\u00e7\u00e3o de Influ\u00eancias Planetarias a Seu Favor por Vera FacciolloAprenda a usar a seu favor os planetas, aspectos e signos.\" \/>\n<meta property=\"og:url\" content=\"https:\/\/www.dmastro.com.br\/dmastroblog\/produto\/curso-de-manipulacao-de-influencias-planetarias-a-seu-favor-por-vera-facciollo\/\" \/>\n<meta property=\"og:site_name\" content=\"Escola de Astrologia DMAstro\" \/>\n<meta property=\"article:publisher\" content=\"https:\/\/www.facebook.com\/dmastrobr\" \/>\n<meta property=\"article:modified_time\" content=\"2023-01-16T06:36:21+00:00\" \/>\n<meta property=\"og:image\" content=\"https:\/\/www.dmastro.com.br\/dmastroblog\/wp-content\/uploads\/2022\/01\/Tais-Sandor-astrologa-consultas-transitos-sinastria-empresarial-revolucao-solar-sinastria-DMAstro-03.jpg\" \/>\n\t<meta property=\"og:image:width\" content=\"1344\" \/>\n\t<meta property=\"og:image:height\" content=\"1344\" \/>\n\t<meta property=\"og:image:type\" content=\"image\/jpeg\" \/>\n<meta name=\"twitter:card\" content=\"summary_large_image\" \/>\n<meta name=\"twitter:site\" content=\"@dmastrobrasil\" \/>\n<meta name=\"twitter:label1\" content=\"Pre\u00e7o\" \/>\n\t<meta name=\"twitter:data1\" content=\"&#082;&#036;400,00\" \/>\n\t<meta name=\"twitter:label2\" content=\"Disponibilidade\" \/>\n\t<meta name=\"twitter:data2\" content=\"Em Estoque\" \/>\n<script type=\"application\/ld+json\" class=\"yoast-schema-graph\">{\"@context\":\"https:\\\/\\\/schema.org\",\"@graph\":[{\"@type\":\"WebPage\",\"@id\":\"https:\\\/\\\/www.dmastro.com.br\\\/dmastroblog\\\/produto\\\/curso-de-manipulacao-de-influencias-planetarias-a-seu-favor-por-vera-facciollo\\\/\",\"url\":\"https:\\\/\\\/www.dmastro.com.br\\\/dmastroblog\\\/produto\\\/curso-de-manipulacao-de-influencias-planetarias-a-seu-favor-por-vera-facciollo\\\/\",\"name\":\"Curso de manipula\u00e7\u00e3o de influ\u00eancias planetarias a seu favor por Vera Facciollo\",\"isPartOf\":{\"@id\":\"https:\\\/\\\/www.dmastro.com.br\\\/dmastroblog\\\/#website\"},\"primaryImageOfPage\":{\"@id\":\"https:\\\/\\\/www.dmastro.com.br\\\/dmastroblog\\\/produto\\\/curso-de-manipulacao-de-influencias-planetarias-a-seu-favor-por-vera-facciollo\\\/#primaryimage\"},\"image\":{\"@id\":\"https:\\\/\\\/www.dmastro.com.br\\\/dmastroblog\\\/produto\\\/curso-de-manipulacao-de-influencias-planetarias-a-seu-favor-por-vera-facciollo\\\/#primaryimage\"},\"thumbnailUrl\":\"https:\\\/\\\/i0.wp.com\\\/www.dmastro.com.br\\\/dmastroblog\\\/wp-content\\\/uploads\\\/2022\\\/01\\\/Tais-Sandor-astrologa-consultas-transitos-sinastria-empresarial-revolucao-solar-sinastria-DMAstro-03.jpg?fit=1344%2C1344&ssl=1\",\"datePublished\":\"2023-01-15T21:20:12+00:00\",\"dateModified\":\"2023-01-16T06:36:21+00:00\",\"description\":\"Curso de Manipula\u00e7\u00e3o de Influ\u00eancias Planetarias a Seu Favor por Vera FacciolloAprenda a usar a seu favor os planetas, aspectos e signos.\",\"breadcrumb\":{\"@id\":\"https:\\\/\\\/www.dmastro.com.br\\\/dmastroblog\\\/produto\\\/curso-de-manipulacao-de-influencias-planetarias-a-seu-favor-por-vera-facciollo\\\/#breadcrumb\"},\"inLanguage\":\"pt-BR\",\"potentialAction\":[{\"@type\":\"ReadAction\",\"target\":[\"https:\\\/\\\/www.dmastro.com.br\\\/dmastroblog\\\/produto\\\/curso-de-manipulacao-de-influencias-planetarias-a-seu-favor-por-vera-facciollo\\\/\"]}]},{\"@type\":\"ImageObject\",\"inLanguage\":\"pt-BR\",\"@id\":\"https:\\\/\\\/www.dmastro.com.br\\\/dmastroblog\\\/produto\\\/curso-de-manipulacao-de-influencias-planetarias-a-seu-favor-por-vera-facciollo\\\/#primaryimage\",\"url\":\"https:\\\/\\\/i0.wp.com\\\/www.dmastro.com.br\\\/dmastroblog\\\/wp-content\\\/uploads\\\/2022\\\/01\\\/Tais-Sandor-astrologa-consultas-transitos-sinastria-empresarial-revolucao-solar-sinastria-DMAstro-03.jpg?fit=1344%2C1344&ssl=1\",\"contentUrl\":\"https:\\\/\\\/i0.wp.com\\\/www.dmastro.com.br\\\/dmastroblog\\\/wp-content\\\/uploads\\\/2022\\\/01\\\/Tais-Sandor-astrologa-consultas-transitos-sinastria-empresarial-revolucao-solar-sinastria-DMAstro-03.jpg?fit=1344%2C1344&ssl=1\",\"width\":1344,\"height\":1344,\"caption\":\"Tais Sandor astrologa consultas transitos sinastria empresarial revolu\u00e7\u00e3o solar sinastria DMAstro\"},{\"@type\":\"BreadcrumbList\",\"@id\":\"https:\\\/\\\/www.dmastro.com.br\\\/dmastroblog\\\/produto\\\/curso-de-manipulacao-de-influencias-planetarias-a-seu-favor-por-vera-facciollo\\\/#breadcrumb\",\"itemListElement\":[{\"@type\":\"ListItem\",\"position\":1,\"name\":\"In\u00edcio\",\"item\":\"https:\\\/\\\/www.dmastro.com.br\\\/dmastroblog\\\/\"},{\"@type\":\"ListItem\",\"position\":2,\"name\":\"Loja\",\"item\":\"https:\\\/\\\/www.dmastro.com.br\\\/dmastroblog\\\/loja\\\/\"},{\"@type\":\"ListItem\",\"position\":3,\"name\":\"Curso de manipula\u00e7\u00e3o de influ\u00eancias planetarias a seu favor por Vera Facciollo\"}]},{\"@type\":\"WebSite\",\"@id\":\"https:\\\/\\\/www.dmastro.com.br\\\/dmastroblog\\\/#website\",\"url\":\"https:\\\/\\\/www.dmastro.com.br\\\/dmastroblog\\\/\",\"name\":\"DMAstro Brasil\",\"description\":\"Curso Completo de Forma\u00e7\u00e3o\",\"publisher\":{\"@id\":\"https:\\\/\\\/www.dmastro.com.br\\\/dmastroblog\\\/#organization\"},\"potentialAction\":[{\"@type\":\"SearchAction\",\"target\":{\"@type\":\"EntryPoint\",\"urlTemplate\":\"https:\\\/\\\/www.dmastro.com.br\\\/dmastroblog\\\/?s={search_term_string}\"},\"query-input\":{\"@type\":\"PropertyValueSpecification\",\"valueRequired\":true,\"valueName\":\"search_term_string\"}}],\"inLanguage\":\"pt-BR\"},{\"@type\":\"Organization\",\"@id\":\"https:\\\/\\\/www.dmastro.com.br\\\/dmastroblog\\\/#organization\",\"name\":\"DMAstro Brasil\",\"url\":\"https:\\\/\\\/www.dmastro.com.br\\\/dmastroblog\\\/\",\"logo\":{\"@type\":\"ImageObject\",\"inLanguage\":\"pt-BR\",\"@id\":\"https:\\\/\\\/www.dmastro.com.br\\\/dmastroblog\\\/#\\\/schema\\\/logo\\\/image\\\/\",\"url\":\"https:\\\/\\\/www.dmastro.com.br\\\/dmastroblog\\\/wp-content\\\/uploads\\\/2018\\\/12\\\/logotipo-dmastro-brasil.png\",\"contentUrl\":\"https:\\\/\\\/www.dmastro.com.br\\\/dmastroblog\\\/wp-content\\\/uploads\\\/2018\\\/12\\\/logotipo-dmastro-brasil.png\",\"width\":180,\"height\":180,\"caption\":\"DMAstro Brasil\"},\"image\":{\"@id\":\"https:\\\/\\\/www.dmastro.com.br\\\/dmastroblog\\\/#\\\/schema\\\/logo\\\/image\\\/\"},\"sameAs\":[\"https:\\\/\\\/www.facebook.com\\\/dmastrobr\",\"https:\\\/\\\/x.com\\\/dmastrobrasil\",\"https:\\\/\\\/www.instagram.com\\\/dmastrobrasil\\\/\"]}]}<\/script>\n<meta property=\"product:price:amount\" content=\"400.00\" \/>\n<meta property=\"product:price:currency\" content=\"BRL\" \/>\n<meta property=\"og:availability\" content=\"instock\" \/>\n<meta property=\"product:availability\" content=\"instock\" \/>\n<meta property=\"product:condition\" content=\"new\" \/>\n<!-- \/ Yoast SEO Premium plugin. -->","yoast_head_json":{"title":"Curso de manipula\u00e7\u00e3o de influ\u00eancias planetarias a seu favor por Vera Facciollo","description":"Curso de Manipula\u00e7\u00e3o de Influ\u00eancias Planetarias a Seu Favor por Vera FacciolloAprenda a usar a seu favor os planetas, aspectos e signos.","robots":{"index":"index","follow":"follow","max-snippet":"max-snippet:-1","max-image-preview":"max-image-preview:large","max-video-preview":"max-video-preview:-1"},"canonical":"https:\/\/www.dmastro.com.br\/dmastroblog\/produto\/curso-de-manipulacao-de-influencias-planetarias-a-seu-favor-por-vera-facciollo\/","og_locale":"pt_BR","og_type":"article","og_title":"Curso de manipula\u00e7\u00e3o de influ\u00eancias planetarias a seu favor por Vera Facciollo","og_description":"Curso de Manipula\u00e7\u00e3o de Influ\u00eancias Planetarias a Seu Favor por Vera FacciolloAprenda a usar a seu favor os planetas, aspectos e signos.","og_url":"https:\/\/www.dmastro.com.br\/dmastroblog\/produto\/curso-de-manipulacao-de-influencias-planetarias-a-seu-favor-por-vera-facciollo\/","og_site_name":"Escola de Astrologia DMAstro","article_publisher":"https:\/\/www.facebook.com\/dmastrobr","article_modified_time":"2023-01-16T06:36:21+00:00","og_image":[{"width":1344,"height":1344,"url":"https:\/\/www.dmastro.com.br\/dmastroblog\/wp-content\/uploads\/2022\/01\/Tais-Sandor-astrologa-consultas-transitos-sinastria-empresarial-revolucao-solar-sinastria-DMAstro-03.jpg","type":"image\/jpeg"}],"twitter_card":"summary_large_image","twitter_site":"@dmastrobrasil","twitter_misc":{"Pre\u00e7o":"&#82;&#36;400,00","Disponibilidade":"Em Estoque"},"schema":{"@context":"https:\/\/schema.org","@graph":[{"@type":"WebPage","@id":"https:\/\/www.dmastro.com.br\/dmastroblog\/produto\/curso-de-manipulacao-de-influencias-planetarias-a-seu-favor-por-vera-facciollo\/","url":"https:\/\/www.dmastro.com.br\/dmastroblog\/produto\/curso-de-manipulacao-de-influencias-planetarias-a-seu-favor-por-vera-facciollo\/","name":"Curso de manipula\u00e7\u00e3o de influ\u00eancias planetarias a seu favor por Vera Facciollo","isPartOf":{"@id":"https:\/\/www.dmastro.com.br\/dmastroblog\/#website"},"primaryImageOfPage":{"@id":"https:\/\/www.dmastro.com.br\/dmastroblog\/produto\/curso-de-manipulacao-de-influencias-planetarias-a-seu-favor-por-vera-facciollo\/#primaryimage"},"image":{"@id":"https:\/\/www.dmastro.com.br\/dmastroblog\/produto\/curso-de-manipulacao-de-influencias-planetarias-a-seu-favor-por-vera-facciollo\/#primaryimage"},"thumbnailUrl":"https:\/\/i0.wp.com\/www.dmastro.com.br\/dmastroblog\/wp-content\/uploads\/2022\/01\/Tais-Sandor-astrologa-consultas-transitos-sinastria-empresarial-revolucao-solar-sinastria-DMAstro-03.jpg?fit=1344%2C1344&ssl=1","datePublished":"2023-01-15T21:20:12+00:00","dateModified":"2023-01-16T06:36:21+00:00","description":"Curso de Manipula\u00e7\u00e3o de Influ\u00eancias Planetarias a Seu Favor por Vera FacciolloAprenda a usar a seu favor os planetas, aspectos e signos.","breadcrumb":{"@id":"https:\/\/www.dmastro.com.br\/dmastroblog\/produto\/curso-de-manipulacao-de-influencias-planetarias-a-seu-favor-por-vera-facciollo\/#breadcrumb"},"inLanguage":"pt-BR","potentialAction":[{"@type":"ReadAction","target":["https:\/\/www.dmastro.com.br\/dmastroblog\/produto\/curso-de-manipulacao-de-influencias-planetarias-a-seu-favor-por-vera-facciollo\/"]}]},{"@type":"ImageObject","inLanguage":"pt-BR","@id":"https:\/\/www.dmastro.com.br\/dmastroblog\/produto\/curso-de-manipulacao-de-influencias-planetarias-a-seu-favor-por-vera-facciollo\/#primaryimage","url":"https:\/\/i0.wp.com\/www.dmastro.com.br\/dmastroblog\/wp-content\/uploads\/2022\/01\/Tais-Sandor-astrologa-consultas-transitos-sinastria-empresarial-revolucao-solar-sinastria-DMAstro-03.jpg?fit=1344%2C1344&ssl=1","contentUrl":"https:\/\/i0.wp.com\/www.dmastro.com.br\/dmastroblog\/wp-content\/uploads\/2022\/01\/Tais-Sandor-astrologa-consultas-transitos-sinastria-empresarial-revolucao-solar-sinastria-DMAstro-03.jpg?fit=1344%2C1344&ssl=1","width":1344,"height":1344,"caption":"Tais Sandor astrologa consultas transitos sinastria empresarial revolu\u00e7\u00e3o solar sinastria DMAstro"},{"@type":"BreadcrumbList","@id":"https:\/\/www.dmastro.com.br\/dmastroblog\/produto\/curso-de-manipulacao-de-influencias-planetarias-a-seu-favor-por-vera-facciollo\/#breadcrumb","itemListElement":[{"@type":"ListItem","position":1,"name":"In\u00edcio","item":"https:\/\/www.dmastro.com.br\/dmastroblog\/"},{"@type":"ListItem","position":2,"name":"Loja","item":"https:\/\/www.dmastro.com.br\/dmastroblog\/loja\/"},{"@type":"ListItem","position":3,"name":"Curso de manipula\u00e7\u00e3o de influ\u00eancias planetarias a seu favor por Vera Facciollo"}]},{"@type":"WebSite","@id":"https:\/\/www.dmastro.com.br\/dmastroblog\/#website","url":"https:\/\/www.dmastro.com.br\/dmastroblog\/","name":"DMAstro Brasil","description":"Curso Completo de Forma\u00e7\u00e3o","publisher":{"@id":"https:\/\/www.dmastro.com.br\/dmastroblog\/#organization"},"potentialAction":[{"@type":"SearchAction","target":{"@type":"EntryPoint","urlTemplate":"https:\/\/www.dmastro.com.br\/dmastroblog\/?s={search_term_string}"},"query-input":{"@type":"PropertyValueSpecification","valueRequired":true,"valueName":"search_term_string"}}],"inLanguage":"pt-BR"},{"@type":"Organization","@id":"https:\/\/www.dmastro.com.br\/dmastroblog\/#organization","name":"DMAstro Brasil","url":"https:\/\/www.dmastro.com.br\/dmastroblog\/","logo":{"@type":"ImageObject","inLanguage":"pt-BR","@id":"https:\/\/www.dmastro.com.br\/dmastroblog\/#\/schema\/logo\/image\/","url":"https:\/\/www.dmastro.com.br\/dmastroblog\/wp-content\/uploads\/2018\/12\/logotipo-dmastro-brasil.png","contentUrl":"https:\/\/www.dmastro.com.br\/dmastroblog\/wp-content\/uploads\/2018\/12\/logotipo-dmastro-brasil.png","width":180,"height":180,"caption":"DMAstro Brasil"},"image":{"@id":"https:\/\/www.dmastro.com.br\/dmastroblog\/#\/schema\/logo\/image\/"},"sameAs":["https:\/\/www.facebook.com\/dmastrobr","https:\/\/x.com\/dmastrobrasil","https:\/\/www.instagram.com\/dmastrobrasil\/"]}]},"product_price_amount":"400.00","product_price_currency":"BRL","og_availability":"instock","product_availability":"instock","product_condition":"new"},"jetpack_publicize_connections":[],"jetpack_sharing_enabled":true,"jetpack_likes_enabled":false,"publishpress_future_workflow_manual_trigger":{"enabledWorkflows":[]},"_links":{"self":[{"href":"https:\/\/www.dmastro.com.br\/dmastroblog\/wp-json\/wp\/v2\/product\/9973","targetHints":{"allow":["GET"]}}],"collection":[{"href":"https:\/\/www.dmastro.com.br\/dmastroblog\/wp-json\/wp\/v2\/product"}],"about":[{"href":"https:\/\/www.dmastro.com.br\/dmastroblog\/wp-json\/wp\/v2\/types\/product"}],"replies":[{"embeddable":true,"href":"https:\/\/www.dmastro.com.br\/dmastroblog\/wp-json\/wp\/v2\/comments?post=9973"}],"wp:featuredmedia":[{"embeddable":true,"href":"https:\/\/www.dmastro.com.br\/dmastroblog\/wp-json\/wp\/v2\/media\/9010"}],"wp:attachment":[{"href":"https:\/\/www.dmastro.com.br\/dmastroblog\/wp-json\/wp\/v2\/media?parent=9973"}],"wp:term":[{"taxonomy":"product_brand","embeddable":true,"href":"https:\/\/www.dmastro.com.br\/dmastroblog\/wp-json\/wp\/v2\/product_brand?post=9973"},{"taxonomy":"product_cat","embeddable":true,"href":"https:\/\/www.dmastro.com.br\/dmastroblog\/wp-json\/wp\/v2\/product_cat?post=9973"},{"taxonomy":"product_tag","embeddable":true,"href":"https:\/\/www.dmastro.com.br\/dmastroblog\/wp-json\/wp\/v2\/product_tag?post=9973"}],"curies":[{"name":"wp","href":"https:\/\/api.w.org\/{rel}","templated":true}]}}