{"id":820,"date":"2018-10-25T06:44:02","date_gmt":"2018-10-25T08:44:02","guid":{"rendered":"http:\/\/www.dmastro.com.br\/dmastroblog\/?post_type=product&#038;p=820"},"modified":"2018-10-25T07:19:46","modified_gmt":"2018-10-25T09:19:46","slug":"bracelete-amor-quartzo-rosa-pingente-amor-em-banho-de-rodio-negro","status":"publish","type":"product","link":"https:\/\/www.dmastro.com.br\/dmastroblog\/produto\/bracelete-amor-quartzo-rosa-pingente-amor-em-banho-de-rodio-negro\/","title":{"rendered":"Bracelete Amor \u2013 Quartzo Rosa \u2013 Pingente Amor em Banho de R\u00f3dio Negro"},"content":{"rendered":"<div class=\"woocommerce-product-details__short-description\">\n<p>QUARTZO ROSA<\/p>\n<p><strong>Inten<\/strong><strong>\u00e7\u00f5es<\/strong><strong>:\u00a0<\/strong>Amor Rom\u00e2ntico, Amor pr\u00f3prio, Amor Incondicional, Cura Interior, Empatia, Sensibilidade, Reconcilia\u00e7\u00e3o. Amizade, Felicidade, Calma, Confian\u00e7a, Bem-Estar.<\/p>\n<p><strong>Signos afins:\u00a0<\/strong>Touro, G\u00eameos, Libra.*Indicada para quem sinta necessidade de seus benef\u00edcios, independente do signo.<\/p>\n<p><strong>Cura Hol<\/strong><strong>\u00edstica<\/strong><strong>:\u00a0<\/strong>Cora\u00e7\u00e3o f\u00edsico, Sistema Circulat\u00f3rio, Pulm\u00f5es, Rins, Fertilidade.<\/p>\n<p>A\u00a0pedra universal do romance e do amor incondicional. Pode ser usada para a reconcilia\u00e7\u00e3o e harmoniza\u00e7\u00e3o dos relacionamentos conjugais, familiares e das amizades.\u00a0 \u00c9 recomend\u00e1vel usar os QUARTZO ROSA para trabalhar o perd\u00e3o, auto-perd\u00e3o, auto-estima, auto aceita\u00e7\u00e3o e amor pelo pr\u00f3ximo. Tem o poder de abrir o cora\u00e7\u00e3o, promovendo a eleva\u00e7\u00e3o dos sentimentos, sensibilidade e a empatia. Esse cristal ajuda a vermos a beleza que existe em n\u00f3s mesmos e nas outras pessoas. Para momentos de crise e angustia o QUARTZO ROSA \u00e9 a pedra indicada para harmoniza o campo energ\u00e9tico nos trazendo calma e confian\u00e7a. Ajuda na capacidade de desenvolver sonhos e desejos e a regular o sono. \u00c9 uma excelente pedra para medita\u00e7\u00e3o.<\/p>\n<p>Bracelete em QUARTZO ROSA com Pingente AMOR em BANHO DE R\u00d3DIO NEGRO<\/p>\n<p>Esse bracelete feminino em cristal de QUARTZO ROSA tem as contas em formato liso que est\u00e3o super em alta. O pingente transmite o significado da pedra: De um lado a palavra \u201cAmor\u201d e do outro lado do pingente o desenho de dois cora\u00e7\u00f5es.<\/p>\n<\/div>\n<p>#QuartzoRosa #Braceletes Femininos\u00a0#amor\u00a0#amorincondicional #amuleto #atrairAmor #autoperd\u00e3o #braceleteFeminino #touro #pedraDoAmor #gemeos\u00a0#libra\u00a0#presenteNamorada\u00a0#pulseiraFeminina\u00a0#pulseirismo\u00a0#relacionamentos<\/p>\n<p>&nbsp;<\/p>\n","protected":false},"excerpt":{"rendered":"<p>QUARTZO ROSA<\/p>\n<p><strong>Inten<\/strong><strong>\u00e7\u00f5es<\/strong><strong>:\u00a0<\/strong>Amor Rom\u00e2ntico, Amor pr\u00f3prio, Amor Incondicional, Cura Interior, Empatia, Sensibilidade, Reconcilia\u00e7\u00e3o. Amizade, Felicidade, Calma, Confian\u00e7a, Bem-Estar.<\/p>\n<p><strong>Signos afins:\u00a0<\/strong>Touro, G\u00eameos, Libra.*Indicada para quem sinta necessidade de seus benef\u00edcios, independente do signo.<\/p>\n<p><strong>Cura Hol<\/strong><strong>\u00edstica<\/strong><strong>:\u00a0<\/strong>Cora\u00e7\u00e3o f\u00edsico, Sistema Circulat\u00f3rio, Pulm\u00f5es, Rins, Fertilidade.<\/p>\n<p>A\u00a0pedra universal do romance e do amor incondicional. Pode ser usada para a reconcilia\u00e7\u00e3o e harmoniza\u00e7\u00e3o dos relacionamentos conjugais, familiares e das amizades.\u00a0 \u00c9 recomend\u00e1vel usar os QUARTZO ROSA para trabalhar o perd\u00e3o, auto-perd\u00e3o, auto-estima, auto aceita\u00e7\u00e3o e amor pelo pr\u00f3ximo. Tem o poder de abrir o cora\u00e7\u00e3o, promovendo a eleva\u00e7\u00e3o dos sentimentos, sensibilidade e a empatia. Esse cristal ajuda a vermos a beleza que existe em n\u00f3s mesmos e nas outras pessoas. Para momentos de crise e angustia o QUARTZO ROSA \u00e9 a pedra indicada para harmoniza o campo energ\u00e9tico nos trazendo calma e confian\u00e7a. Ajuda na capacidade de desenvolver sonhos e desejos e a regular o sono. \u00c9 uma excelente pedra para medita\u00e7\u00e3o.<\/p>\n<p>Bracelete em QUARTZO ROSA com Pingente AMOR em BANHO DE R\u00d3DIO NEGRO<\/p>\n<p>Esse bracelete feminino em cristal de QUARTZO ROSA tem as contas em formato liso que est\u00e3o super em alta. O pingente transmite o significado da pedra: De um lado a palavra \u201cAmor\u201d e do outro lado do pingente o desenho de dois cora\u00e7\u00f5es.<\/p>\n<p>Pedra: QUARTZO ROSA 8mm<\/p>\n<p>Acabamento: Contas lisas<\/p>\n<p>Material Pingente: LIGA MET\u00c1LICA com BANHO DE\u00a0R\u00d3DIO NEGRO.<\/p>\n<p>Medida Pingente: 1,3 cm<\/p>\n<p>Material do Cord\u00e3o: El\u00e1stico<\/p>\n<p>Fecho: Sem Fecho<\/p>\n<p>Peso: 18 g<\/p>\n<p>*Indique a MEDIDA DO PULSO seu ou da pessoa que voc\u00ea ir\u00e1 presentear. Escreva essa informa\u00e7\u00e3o para gente em NOTAS DO MEU PEDIDO no CARRINHO DE COMPRAS. Isso garante que o bracelete fique certinho (nem justo, nem folgado demais)\u00a0Caso a medida n\u00e3o seja indicada a pe\u00e7a ser\u00e1 enviada no tamanho padr\u00e3o de 17,5 cm.<\/p>\n<p>*Essa pe\u00e7a utiliza pedras e cristais naturais e o acabamento \u00e9 feito \u00e0 m\u00e3o de forma artesanal podendo haver varia\u00e7\u00f5es nas cores e tamanhos das contas. Tamb\u00e9m podem haver substitui\u00e7\u00f5es em rela\u00e7\u00e3o aos entremeios dependendo da disponibilidade em estoque.<\/p>\n","protected":false},"featured_media":822,"comment_status":"closed","ping_status":"closed","template":"","meta":{"_themeisle_gutenberg_block_has_review":false,"jetpack_post_was_ever_published":false,"jetpack_publicize_message":"Bracelete Amor \u2013 Quartzo Rosa \u2013 Pingente Amor em Banho de R\u00f3dio Negro","jetpack_publicize_feature_enabled":true,"jetpack_social_post_already_shared":true,"jetpack_social_options":{"image_generator_settings":{"template":"highway","default_image_id":0,"font":"","enabled":false},"version":2}},"product_brand":[],"product_cat":[227,222,223,224,221],"product_tag":[242,231,232,233,234,235,243,236,237,238,239,240,241,229,228],"class_list":{"0":"post-820","1":"product","2":"type-product","3":"status-publish","4":"has-post-thumbnail","6":"product_cat-bracelete-feminino-amor-quartzo-rosa","7":"product_cat-barakath","8":"product_cat-braceletes","9":"product_cat-braceletes-femininos","10":"product_cat-joias","11":"product_tag-amor-quartzo-rosa","12":"product_tag-amor-incondicional","13":"product_tag-amuleto","14":"product_tag-atrair-amor","15":"product_tag-autoperdao","16":"product_tag-bracelete-feminino","17":"product_tag-braceletes-femininos-tags-amor","18":"product_tag-pedra-de-touro","19":"product_tag-pedra-do-amor","20":"product_tag-pedra-do-signo-de-gemeos","21":"product_tag-pedra-do-signo-de-libra","22":"product_tag-presente-para-a-namorada","23":"product_tag-pulseira-feminina","24":"product_tag-pulseirismo","25":"product_tag-relacionamentos","26":"post","28":"first","29":"instock","30":"taxable","31":"shipping-taxable","32":"purchasable","33":"product-type-simple"},"composite_virtual":false,"composite_layout":"","composite_add_to_cart_form_location":"","composite_editable_in_cart":false,"composite_sold_individually_context":"","composite_shop_price_calc":"","composite_components":[],"composite_scenarios":[],"yoast_head":"<!-- This site is optimized with the Yoast SEO Premium plugin v22.9 (Yoast SEO v27.3) - https:\/\/yoast.com\/product\/yoast-seo-premium-wordpress\/ -->\n<title>Bracelete Amor \u2013 Quartzo Rosa \u2013 Pingente Amor em Banho de R\u00f3dio Negro - Escola de Astrologia DMAstro<\/title>\n<meta name=\"robots\" content=\"index, follow, max-snippet:-1, max-image-preview:large, max-video-preview:-1\" \/>\n<link rel=\"canonical\" href=\"https:\/\/www.dmastro.com.br\/dmastroblog\/produto\/bracelete-amor-quartzo-rosa-pingente-amor-em-banho-de-rodio-negro\/\" \/>\n<meta property=\"og:locale\" content=\"pt_BR\" \/>\n<meta property=\"og:type\" content=\"article\" \/>\n<meta property=\"og:title\" content=\"Bracelete Amor \u2013 Quartzo Rosa \u2013 Pingente Amor em Banho de R\u00f3dio Negro\" \/>\n<meta property=\"og:description\" content=\"QUARTZO ROSA  Inten\u00e7\u00f5es:\u00a0Amor Rom\u00e2ntico, Amor pr\u00f3prio, Amor Incondicional, Cura Interior, Empatia, Sensibilidade, Reconcilia\u00e7\u00e3o. Amizade, Felicidade, Calma, Confian\u00e7a, Bem-Estar.  Signos afins:\u00a0Touro, G\u00eameos, Libra.*Indicada para quem sinta necessidade de seus benef\u00edcios, independente do signo.  Cura Hol\u00edstica:\u00a0Cora\u00e7\u00e3o f\u00edsico, Sistema Circulat\u00f3rio, Pulm\u00f5es, Rins, Fertilidade.  A\u00a0pedra universal do romance e do amor incondicional. Pode ser usada para a reconcilia\u00e7\u00e3o e harmoniza\u00e7\u00e3o dos relacionamentos conjugais, familiares e das amizades.\u00a0 \u00c9 recomend\u00e1vel usar os QUARTZO ROSA para trabalhar o perd\u00e3o, auto-perd\u00e3o, auto-estima, auto aceita\u00e7\u00e3o e amor pelo pr\u00f3ximo. Tem o poder de abrir o cora\u00e7\u00e3o, promovendo a eleva\u00e7\u00e3o dos sentimentos, sensibilidade e a empatia. Esse cristal ajuda a vermos a beleza que existe em n\u00f3s mesmos e nas outras pessoas. Para momentos de crise e angustia o QUARTZO ROSA \u00e9 a pedra indicada para harmoniza o campo energ\u00e9tico nos trazendo calma e confian\u00e7a. Ajuda na capacidade de desenvolver sonhos e desejos e a regular o sono. \u00c9 uma excelente pedra para medita\u00e7\u00e3o.  Bracelete em QUARTZO ROSA com Pingente AMOR em BANHO DE R\u00d3DIO NEGRO  Esse bracelete feminino em cristal de QUARTZO ROSA tem as contas em formato liso que est\u00e3o super em alta. O pingente transmite o significado da pedra: De um lado a palavra \u201cAmor\u201d e do outro lado do pingente o desenho de dois cora\u00e7\u00f5es.  Pedra: QUARTZO ROSA 8mm  Acabamento: Contas lisas  Material Pingente: LIGA MET\u00c1LICA com BANHO DE\u00a0R\u00d3DIO NEGRO.  Medida Pingente: 1,3 cm  Material do Cord\u00e3o: El\u00e1stico  Fecho: Sem Fecho  Peso: 18 g  *Indique a MEDIDA DO PULSO seu ou da pessoa que voc\u00ea ir\u00e1 presentear. Escreva essa informa\u00e7\u00e3o para gente em NOTAS DO MEU PEDIDO no CARRINHO DE COMPRAS. Isso garante que o bracelete fique certinho (nem justo, nem folgado demais)\u00a0Caso a medida n\u00e3o seja indicada a pe\u00e7a ser\u00e1 enviada no tamanho padr\u00e3o de 17,5 cm.  *Essa pe\u00e7a utiliza pedras e cristais naturais e o acabamento \u00e9 feito \u00e0 m\u00e3o de forma artesanal podendo haver varia\u00e7\u00f5es nas cores e tamanhos das contas. Tamb\u00e9m podem haver substitui\u00e7\u00f5es em rela\u00e7\u00e3o aos entremeios dependendo da disponibilidade em estoque.\" \/>\n<meta property=\"og:url\" content=\"https:\/\/www.dmastro.com.br\/dmastroblog\/produto\/bracelete-amor-quartzo-rosa-pingente-amor-em-banho-de-rodio-negro\/\" \/>\n<meta property=\"og:site_name\" content=\"Escola de Astrologia DMAstro\" \/>\n<meta property=\"article:publisher\" content=\"https:\/\/www.facebook.com\/dmastrobr\" \/>\n<meta property=\"article:modified_time\" content=\"2018-10-25T09:19:46+00:00\" \/>\n<meta property=\"og:image\" content=\"https:\/\/www.dmastro.com.br\/dmastroblog\/wp-content\/uploads\/2018\/10\/bracelete-feminino-quartzo-rosa-lisa-amor-coracao-inicio.jpg\" \/>\n\t<meta property=\"og:image:width\" content=\"1000\" \/>\n\t<meta property=\"og:image:height\" content=\"1000\" \/>\n\t<meta property=\"og:image:type\" content=\"image\/jpeg\" \/>\n<meta name=\"twitter:card\" content=\"summary_large_image\" \/>\n<meta name=\"twitter:site\" content=\"@dmastrobrasil\" \/>\n<meta name=\"twitter:label1\" content=\"Pre\u00e7o\" \/>\n\t<meta name=\"twitter:data1\" content=\"&#082;&#036;112,00\" \/>\n\t<meta name=\"twitter:label2\" content=\"Disponibilidade\" \/>\n\t<meta name=\"twitter:data2\" content=\"Em Estoque\" \/>\n<script type=\"application\/ld+json\" class=\"yoast-schema-graph\">{\"@context\":\"https:\\\/\\\/schema.org\",\"@graph\":[{\"@type\":\"WebPage\",\"@id\":\"https:\\\/\\\/www.dmastro.com.br\\\/dmastroblog\\\/produto\\\/bracelete-amor-quartzo-rosa-pingente-amor-em-banho-de-rodio-negro\\\/\",\"url\":\"https:\\\/\\\/www.dmastro.com.br\\\/dmastroblog\\\/produto\\\/bracelete-amor-quartzo-rosa-pingente-amor-em-banho-de-rodio-negro\\\/\",\"name\":\"Bracelete Amor \u2013 Quartzo Rosa \u2013 Pingente Amor em Banho de R\u00f3dio Negro - Escola de Astrologia DMAstro\",\"isPartOf\":{\"@id\":\"https:\\\/\\\/www.dmastro.com.br\\\/dmastroblog\\\/#website\"},\"primaryImageOfPage\":{\"@id\":\"https:\\\/\\\/www.dmastro.com.br\\\/dmastroblog\\\/produto\\\/bracelete-amor-quartzo-rosa-pingente-amor-em-banho-de-rodio-negro\\\/#primaryimage\"},\"image\":{\"@id\":\"https:\\\/\\\/www.dmastro.com.br\\\/dmastroblog\\\/produto\\\/bracelete-amor-quartzo-rosa-pingente-amor-em-banho-de-rodio-negro\\\/#primaryimage\"},\"thumbnailUrl\":\"https:\\\/\\\/i0.wp.com\\\/www.dmastro.com.br\\\/dmastroblog\\\/wp-content\\\/uploads\\\/2018\\\/10\\\/bracelete-feminino-quartzo-rosa-lisa-amor-coracao-inicio.jpg?fit=1000%2C1000&ssl=1\",\"datePublished\":\"2018-10-25T08:44:02+00:00\",\"dateModified\":\"2018-10-25T09:19:46+00:00\",\"breadcrumb\":{\"@id\":\"https:\\\/\\\/www.dmastro.com.br\\\/dmastroblog\\\/produto\\\/bracelete-amor-quartzo-rosa-pingente-amor-em-banho-de-rodio-negro\\\/#breadcrumb\"},\"inLanguage\":\"pt-BR\",\"potentialAction\":[{\"@type\":\"ReadAction\",\"target\":[\"https:\\\/\\\/www.dmastro.com.br\\\/dmastroblog\\\/produto\\\/bracelete-amor-quartzo-rosa-pingente-amor-em-banho-de-rodio-negro\\\/\"]}]},{\"@type\":\"ImageObject\",\"inLanguage\":\"pt-BR\",\"@id\":\"https:\\\/\\\/www.dmastro.com.br\\\/dmastroblog\\\/produto\\\/bracelete-amor-quartzo-rosa-pingente-amor-em-banho-de-rodio-negro\\\/#primaryimage\",\"url\":\"https:\\\/\\\/i0.wp.com\\\/www.dmastro.com.br\\\/dmastroblog\\\/wp-content\\\/uploads\\\/2018\\\/10\\\/bracelete-feminino-quartzo-rosa-lisa-amor-coracao-inicio.jpg?fit=1000%2C1000&ssl=1\",\"contentUrl\":\"https:\\\/\\\/i0.wp.com\\\/www.dmastro.com.br\\\/dmastroblog\\\/wp-content\\\/uploads\\\/2018\\\/10\\\/bracelete-feminino-quartzo-rosa-lisa-amor-coracao-inicio.jpg?fit=1000%2C1000&ssl=1\",\"width\":1000,\"height\":1000},{\"@type\":\"BreadcrumbList\",\"@id\":\"https:\\\/\\\/www.dmastro.com.br\\\/dmastroblog\\\/produto\\\/bracelete-amor-quartzo-rosa-pingente-amor-em-banho-de-rodio-negro\\\/#breadcrumb\",\"itemListElement\":[{\"@type\":\"ListItem\",\"position\":1,\"name\":\"In\u00edcio\",\"item\":\"https:\\\/\\\/www.dmastro.com.br\\\/dmastroblog\\\/\"},{\"@type\":\"ListItem\",\"position\":2,\"name\":\"Loja\",\"item\":\"https:\\\/\\\/www.dmastro.com.br\\\/dmastroblog\\\/loja\\\/\"},{\"@type\":\"ListItem\",\"position\":3,\"name\":\"Bracelete Amor \u2013 Quartzo Rosa \u2013 Pingente Amor em Banho de R\u00f3dio Negro\"}]},{\"@type\":\"WebSite\",\"@id\":\"https:\\\/\\\/www.dmastro.com.br\\\/dmastroblog\\\/#website\",\"url\":\"https:\\\/\\\/www.dmastro.com.br\\\/dmastroblog\\\/\",\"name\":\"DMAstro Brasil\",\"description\":\"Curso Completo de Forma\u00e7\u00e3o\",\"publisher\":{\"@id\":\"https:\\\/\\\/www.dmastro.com.br\\\/dmastroblog\\\/#organization\"},\"potentialAction\":[{\"@type\":\"SearchAction\",\"target\":{\"@type\":\"EntryPoint\",\"urlTemplate\":\"https:\\\/\\\/www.dmastro.com.br\\\/dmastroblog\\\/?s={search_term_string}\"},\"query-input\":{\"@type\":\"PropertyValueSpecification\",\"valueRequired\":true,\"valueName\":\"search_term_string\"}}],\"inLanguage\":\"pt-BR\"},{\"@type\":\"Organization\",\"@id\":\"https:\\\/\\\/www.dmastro.com.br\\\/dmastroblog\\\/#organization\",\"name\":\"DMAstro Brasil\",\"url\":\"https:\\\/\\\/www.dmastro.com.br\\\/dmastroblog\\\/\",\"logo\":{\"@type\":\"ImageObject\",\"inLanguage\":\"pt-BR\",\"@id\":\"https:\\\/\\\/www.dmastro.com.br\\\/dmastroblog\\\/#\\\/schema\\\/logo\\\/image\\\/\",\"url\":\"https:\\\/\\\/www.dmastro.com.br\\\/dmastroblog\\\/wp-content\\\/uploads\\\/2018\\\/12\\\/logotipo-dmastro-brasil.png\",\"contentUrl\":\"https:\\\/\\\/www.dmastro.com.br\\\/dmastroblog\\\/wp-content\\\/uploads\\\/2018\\\/12\\\/logotipo-dmastro-brasil.png\",\"width\":180,\"height\":180,\"caption\":\"DMAstro Brasil\"},\"image\":{\"@id\":\"https:\\\/\\\/www.dmastro.com.br\\\/dmastroblog\\\/#\\\/schema\\\/logo\\\/image\\\/\"},\"sameAs\":[\"https:\\\/\\\/www.facebook.com\\\/dmastrobr\",\"https:\\\/\\\/x.com\\\/dmastrobrasil\",\"https:\\\/\\\/www.instagram.com\\\/dmastrobrasil\\\/\"]}]}<\/script>\n<meta property=\"product:price:amount\" content=\"112.00\" \/>\n<meta property=\"product:price:currency\" content=\"BRL\" \/>\n<meta property=\"og:availability\" content=\"instock\" \/>\n<meta property=\"product:availability\" content=\"instock\" \/>\n<meta property=\"product:condition\" content=\"new\" \/>\n<!-- \/ Yoast SEO Premium plugin. -->","yoast_head_json":{"title":"Bracelete Amor \u2013 Quartzo Rosa \u2013 Pingente Amor em Banho de R\u00f3dio Negro - Escola de Astrologia DMAstro","robots":{"index":"index","follow":"follow","max-snippet":"max-snippet:-1","max-image-preview":"max-image-preview:large","max-video-preview":"max-video-preview:-1"},"canonical":"https:\/\/www.dmastro.com.br\/dmastroblog\/produto\/bracelete-amor-quartzo-rosa-pingente-amor-em-banho-de-rodio-negro\/","og_locale":"pt_BR","og_type":"article","og_title":"Bracelete Amor \u2013 Quartzo Rosa \u2013 Pingente Amor em Banho de R\u00f3dio Negro","og_description":"QUARTZO ROSA  Inten\u00e7\u00f5es:\u00a0Amor Rom\u00e2ntico, Amor pr\u00f3prio, Amor Incondicional, Cura Interior, Empatia, Sensibilidade, Reconcilia\u00e7\u00e3o. Amizade, Felicidade, Calma, Confian\u00e7a, Bem-Estar.  Signos afins:\u00a0Touro, G\u00eameos, Libra.*Indicada para quem sinta necessidade de seus benef\u00edcios, independente do signo.  Cura Hol\u00edstica:\u00a0Cora\u00e7\u00e3o f\u00edsico, Sistema Circulat\u00f3rio, Pulm\u00f5es, Rins, Fertilidade.  A\u00a0pedra universal do romance e do amor incondicional. Pode ser usada para a reconcilia\u00e7\u00e3o e harmoniza\u00e7\u00e3o dos relacionamentos conjugais, familiares e das amizades.\u00a0 \u00c9 recomend\u00e1vel usar os QUARTZO ROSA para trabalhar o perd\u00e3o, auto-perd\u00e3o, auto-estima, auto aceita\u00e7\u00e3o e amor pelo pr\u00f3ximo. Tem o poder de abrir o cora\u00e7\u00e3o, promovendo a eleva\u00e7\u00e3o dos sentimentos, sensibilidade e a empatia. Esse cristal ajuda a vermos a beleza que existe em n\u00f3s mesmos e nas outras pessoas. Para momentos de crise e angustia o QUARTZO ROSA \u00e9 a pedra indicada para harmoniza o campo energ\u00e9tico nos trazendo calma e confian\u00e7a. Ajuda na capacidade de desenvolver sonhos e desejos e a regular o sono. \u00c9 uma excelente pedra para medita\u00e7\u00e3o.  Bracelete em QUARTZO ROSA com Pingente AMOR em BANHO DE R\u00d3DIO NEGRO  Esse bracelete feminino em cristal de QUARTZO ROSA tem as contas em formato liso que est\u00e3o super em alta. O pingente transmite o significado da pedra: De um lado a palavra \u201cAmor\u201d e do outro lado do pingente o desenho de dois cora\u00e7\u00f5es.  Pedra: QUARTZO ROSA 8mm  Acabamento: Contas lisas  Material Pingente: LIGA MET\u00c1LICA com BANHO DE\u00a0R\u00d3DIO NEGRO.  Medida Pingente: 1,3 cm  Material do Cord\u00e3o: El\u00e1stico  Fecho: Sem Fecho  Peso: 18 g  *Indique a MEDIDA DO PULSO seu ou da pessoa que voc\u00ea ir\u00e1 presentear. Escreva essa informa\u00e7\u00e3o para gente em NOTAS DO MEU PEDIDO no CARRINHO DE COMPRAS. Isso garante que o bracelete fique certinho (nem justo, nem folgado demais)\u00a0Caso a medida n\u00e3o seja indicada a pe\u00e7a ser\u00e1 enviada no tamanho padr\u00e3o de 17,5 cm.  *Essa pe\u00e7a utiliza pedras e cristais naturais e o acabamento \u00e9 feito \u00e0 m\u00e3o de forma artesanal podendo haver varia\u00e7\u00f5es nas cores e tamanhos das contas. Tamb\u00e9m podem haver substitui\u00e7\u00f5es em rela\u00e7\u00e3o aos entremeios dependendo da disponibilidade em estoque.","og_url":"https:\/\/www.dmastro.com.br\/dmastroblog\/produto\/bracelete-amor-quartzo-rosa-pingente-amor-em-banho-de-rodio-negro\/","og_site_name":"Escola de Astrologia DMAstro","article_publisher":"https:\/\/www.facebook.com\/dmastrobr","article_modified_time":"2018-10-25T09:19:46+00:00","og_image":[{"width":1000,"height":1000,"url":"https:\/\/www.dmastro.com.br\/dmastroblog\/wp-content\/uploads\/2018\/10\/bracelete-feminino-quartzo-rosa-lisa-amor-coracao-inicio.jpg","type":"image\/jpeg"}],"twitter_card":"summary_large_image","twitter_site":"@dmastrobrasil","twitter_misc":{"Pre\u00e7o":"&#82;&#36;112,00","Disponibilidade":"Em Estoque"},"schema":{"@context":"https:\/\/schema.org","@graph":[{"@type":"WebPage","@id":"https:\/\/www.dmastro.com.br\/dmastroblog\/produto\/bracelete-amor-quartzo-rosa-pingente-amor-em-banho-de-rodio-negro\/","url":"https:\/\/www.dmastro.com.br\/dmastroblog\/produto\/bracelete-amor-quartzo-rosa-pingente-amor-em-banho-de-rodio-negro\/","name":"Bracelete Amor \u2013 Quartzo Rosa \u2013 Pingente Amor em Banho de R\u00f3dio Negro - Escola de Astrologia DMAstro","isPartOf":{"@id":"https:\/\/www.dmastro.com.br\/dmastroblog\/#website"},"primaryImageOfPage":{"@id":"https:\/\/www.dmastro.com.br\/dmastroblog\/produto\/bracelete-amor-quartzo-rosa-pingente-amor-em-banho-de-rodio-negro\/#primaryimage"},"image":{"@id":"https:\/\/www.dmastro.com.br\/dmastroblog\/produto\/bracelete-amor-quartzo-rosa-pingente-amor-em-banho-de-rodio-negro\/#primaryimage"},"thumbnailUrl":"https:\/\/i0.wp.com\/www.dmastro.com.br\/dmastroblog\/wp-content\/uploads\/2018\/10\/bracelete-feminino-quartzo-rosa-lisa-amor-coracao-inicio.jpg?fit=1000%2C1000&ssl=1","datePublished":"2018-10-25T08:44:02+00:00","dateModified":"2018-10-25T09:19:46+00:00","breadcrumb":{"@id":"https:\/\/www.dmastro.com.br\/dmastroblog\/produto\/bracelete-amor-quartzo-rosa-pingente-amor-em-banho-de-rodio-negro\/#breadcrumb"},"inLanguage":"pt-BR","potentialAction":[{"@type":"ReadAction","target":["https:\/\/www.dmastro.com.br\/dmastroblog\/produto\/bracelete-amor-quartzo-rosa-pingente-amor-em-banho-de-rodio-negro\/"]}]},{"@type":"ImageObject","inLanguage":"pt-BR","@id":"https:\/\/www.dmastro.com.br\/dmastroblog\/produto\/bracelete-amor-quartzo-rosa-pingente-amor-em-banho-de-rodio-negro\/#primaryimage","url":"https:\/\/i0.wp.com\/www.dmastro.com.br\/dmastroblog\/wp-content\/uploads\/2018\/10\/bracelete-feminino-quartzo-rosa-lisa-amor-coracao-inicio.jpg?fit=1000%2C1000&ssl=1","contentUrl":"https:\/\/i0.wp.com\/www.dmastro.com.br\/dmastroblog\/wp-content\/uploads\/2018\/10\/bracelete-feminino-quartzo-rosa-lisa-amor-coracao-inicio.jpg?fit=1000%2C1000&ssl=1","width":1000,"height":1000},{"@type":"BreadcrumbList","@id":"https:\/\/www.dmastro.com.br\/dmastroblog\/produto\/bracelete-amor-quartzo-rosa-pingente-amor-em-banho-de-rodio-negro\/#breadcrumb","itemListElement":[{"@type":"ListItem","position":1,"name":"In\u00edcio","item":"https:\/\/www.dmastro.com.br\/dmastroblog\/"},{"@type":"ListItem","position":2,"name":"Loja","item":"https:\/\/www.dmastro.com.br\/dmastroblog\/loja\/"},{"@type":"ListItem","position":3,"name":"Bracelete Amor \u2013 Quartzo Rosa \u2013 Pingente Amor em Banho de R\u00f3dio Negro"}]},{"@type":"WebSite","@id":"https:\/\/www.dmastro.com.br\/dmastroblog\/#website","url":"https:\/\/www.dmastro.com.br\/dmastroblog\/","name":"DMAstro Brasil","description":"Curso Completo de Forma\u00e7\u00e3o","publisher":{"@id":"https:\/\/www.dmastro.com.br\/dmastroblog\/#organization"},"potentialAction":[{"@type":"SearchAction","target":{"@type":"EntryPoint","urlTemplate":"https:\/\/www.dmastro.com.br\/dmastroblog\/?s={search_term_string}"},"query-input":{"@type":"PropertyValueSpecification","valueRequired":true,"valueName":"search_term_string"}}],"inLanguage":"pt-BR"},{"@type":"Organization","@id":"https:\/\/www.dmastro.com.br\/dmastroblog\/#organization","name":"DMAstro Brasil","url":"https:\/\/www.dmastro.com.br\/dmastroblog\/","logo":{"@type":"ImageObject","inLanguage":"pt-BR","@id":"https:\/\/www.dmastro.com.br\/dmastroblog\/#\/schema\/logo\/image\/","url":"https:\/\/www.dmastro.com.br\/dmastroblog\/wp-content\/uploads\/2018\/12\/logotipo-dmastro-brasil.png","contentUrl":"https:\/\/www.dmastro.com.br\/dmastroblog\/wp-content\/uploads\/2018\/12\/logotipo-dmastro-brasil.png","width":180,"height":180,"caption":"DMAstro Brasil"},"image":{"@id":"https:\/\/www.dmastro.com.br\/dmastroblog\/#\/schema\/logo\/image\/"},"sameAs":["https:\/\/www.facebook.com\/dmastrobr","https:\/\/x.com\/dmastrobrasil","https:\/\/www.instagram.com\/dmastrobrasil\/"]}]},"product_price_amount":"112.00","product_price_currency":"BRL","og_availability":"instock","product_availability":"instock","product_condition":"new"},"jetpack_publicize_connections":[],"jetpack_sharing_enabled":true,"jetpack_likes_enabled":true,"publishpress_future_workflow_manual_trigger":{"enabledWorkflows":[]},"_links":{"self":[{"href":"https:\/\/www.dmastro.com.br\/dmastroblog\/wp-json\/wp\/v2\/product\/820","targetHints":{"allow":["GET"]}}],"collection":[{"href":"https:\/\/www.dmastro.com.br\/dmastroblog\/wp-json\/wp\/v2\/product"}],"about":[{"href":"https:\/\/www.dmastro.com.br\/dmastroblog\/wp-json\/wp\/v2\/types\/product"}],"replies":[{"embeddable":true,"href":"https:\/\/www.dmastro.com.br\/dmastroblog\/wp-json\/wp\/v2\/comments?post=820"}],"wp:featuredmedia":[{"embeddable":true,"href":"https:\/\/www.dmastro.com.br\/dmastroblog\/wp-json\/wp\/v2\/media\/822"}],"wp:attachment":[{"href":"https:\/\/www.dmastro.com.br\/dmastroblog\/wp-json\/wp\/v2\/media?parent=820"}],"wp:term":[{"taxonomy":"product_brand","embeddable":true,"href":"https:\/\/www.dmastro.com.br\/dmastroblog\/wp-json\/wp\/v2\/product_brand?post=820"},{"taxonomy":"product_cat","embeddable":true,"href":"https:\/\/www.dmastro.com.br\/dmastroblog\/wp-json\/wp\/v2\/product_cat?post=820"},{"taxonomy":"product_tag","embeddable":true,"href":"https:\/\/www.dmastro.com.br\/dmastroblog\/wp-json\/wp\/v2\/product_tag?post=820"}],"curies":[{"name":"wp","href":"https:\/\/api.w.org\/{rel}","templated":true}]}}