{"id":781,"date":"2018-10-24T08:55:11","date_gmt":"2018-10-24T10:55:11","guid":{"rendered":"http:\/\/www.dmastro.com.br\/dmastroblog\/?post_type=product&#038;p=781"},"modified":"2018-10-24T08:55:18","modified_gmt":"2018-10-24T10:55:18","slug":"quadro-emoldurado-taro-de-marseille-arcano-maior-18-a-lua-de-wilfried-houdouin-assinado-exclusivo-dmastro-brasil","status":"publish","type":"product","link":"https:\/\/www.dmastro.com.br\/dmastroblog\/produto\/quadro-emoldurado-taro-de-marseille-arcano-maior-18-a-lua-de-wilfried-houdouin-assinado-exclusivo-dmastro-brasil\/","title":{"rendered":"Quadro Emoldurado Taro de Marseille Arcano Maior 18 A Lua de Wilfried Houdouin Assinado &#8211; Exclusivo DMAstro Brasil"},"content":{"rendered":"<p>Quadro Emoldurado com imagem Arcano Maior 18 A Lua do Tar\u00f4 de Marseille Edition Millenium do designer Wilfried Houdouin.<br \/>\nO quadro tem moldura preta, paspatur preto e vidro. #Tarot #Lua #DMAstroBrasil #Decora\u00e7\u00e3o #Quadro &#8211; Medida 100 cm X 55 cm<\/p>\n","protected":false},"excerpt":{"rendered":"<p>Quadro Emoldurado com imagem Arcano Maior 18 A Lua de Marseille Edition Millenium do designer Wilfried Houdouin.<br \/>\nO quadro tem moldura preta, paspatur preto e vidro.<\/p>\n<p>Medida 100 cm X 55 cm<\/p>\n<p>Deixe os ambientes de sua casa lindos com a decora\u00e7\u00e3o exclusiva\u00a0do Tar\u00f4 de Marseille.<\/p>\n<p>Criado com base na geometria sagrada do Cubo de Metraton, matriz cosmol\u00f3gica arqu\u00e9tipa do Universo, o Tar\u00f4 de Marselha constitui um modelo intelig\u00edvel do mundo. Ele divulga, h\u00e1 s\u00e9culos, a ci\u00eancia dos antigos construtores e comunica a sabedoria de uma imemorial e alegre filosofia de vida a todos aqueles que abrem as portas para seus Arcanos e seus mist\u00e9rios.<\/p>\n<p>XVIII &#8211; LA LVNE (A LUA)<\/p>\n<p>Eclipse do Sol, est\u00e1gio cr\u00edtico e passagem na qual tudo pode se alterar, catalisa\u00e7\u00e3o das aspira\u00e7\u00f5es misturadas aos medos, d\u00favidas e incertezas,\u00a0XVIII &#8211; LA LVNE (A LUA) \u00e9 o arqu\u00e9tipo da culmina\u00e7\u00e3o da busca da sublima\u00e7\u00e3o, da mobiliza\u00e7\u00e3o das for\u00e7as ocultas para transcender a dualidade. Esta l\u00e2mina expressa o momento em que as oposi\u00e7\u00f5es se resolvem e tendem a se unificar, a necessidade de transmutar tudo o que \u00e9 obscuro e primitivo no cora\u00e7\u00e3o do ser.<\/p>\n","protected":false},"featured_media":752,"comment_status":"closed","ping_status":"closed","template":"","meta":{"_themeisle_gutenberg_block_has_review":false,"jetpack_post_was_ever_published":false,"jetpack_publicize_message":"Quadro Emoldurado Taro de Marseille Arcano Maior 18 A Lua de Wilfried Houdouin Assinado - Exclusivo DMAstro Brasil","jetpack_publicize_feature_enabled":true,"jetpack_social_post_already_shared":true,"jetpack_social_options":{"image_generator_settings":{"template":"highway","default_image_id":0,"font":"","enabled":false},"version":2}},"product_brand":[],"product_cat":[130,150,44,157,151],"product_tag":[154,207,206,152,153],"class_list":{"0":"post-781","1":"product","2":"type-product","3":"status-publish","4":"has-post-thumbnail","6":"product_cat-decoracao","7":"product_cat-quadros","8":"product_cat-taro","9":"product_cat-taro-de-marselha","10":"product_cat-wilfried-houduoin","11":"product_tag-arcano-maior","12":"product_tag-la-lvne","13":"product_tag-lua","14":"product_tag-taro-de-marseille","15":"product_tag-wilfried-houdouin","16":"post","18":"first","19":"instock","20":"taxable","21":"shipping-taxable","22":"purchasable","23":"product-type-simple"},"composite_virtual":false,"composite_layout":"","composite_add_to_cart_form_location":"","composite_editable_in_cart":false,"composite_sold_individually_context":"","composite_shop_price_calc":"","composite_components":[],"composite_scenarios":[],"yoast_head":"<!-- This site is optimized with the Yoast SEO Premium plugin v22.9 (Yoast SEO v27.3) - https:\/\/yoast.com\/product\/yoast-seo-premium-wordpress\/ -->\n<title>Quadro Emoldurado Taro de Marseille Arcano Maior 18 A Lua de Wilfried Houdouin Assinado - Exclusivo DMAstro Brasil - Escola de Astrologia DMAstro<\/title>\n<meta name=\"robots\" content=\"index, follow, max-snippet:-1, max-image-preview:large, max-video-preview:-1\" \/>\n<link rel=\"canonical\" href=\"https:\/\/www.dmastro.com.br\/dmastroblog\/produto\/quadro-emoldurado-taro-de-marseille-arcano-maior-18-a-lua-de-wilfried-houdouin-assinado-exclusivo-dmastro-brasil\/\" \/>\n<meta property=\"og:locale\" content=\"pt_BR\" \/>\n<meta property=\"og:type\" content=\"article\" \/>\n<meta property=\"og:title\" content=\"Quadro Emoldurado Taro de Marseille Arcano Maior 18 A Lua de Wilfried Houdouin Assinado - Exclusivo DMAstro Brasil\" \/>\n<meta property=\"og:description\" content=\"Quadro Emoldurado com imagem Arcano Maior 18 A Lua de Marseille Edition Millenium do designer Wilfried Houdouin. O quadro tem moldura preta, paspatur preto e vidro.  Medida 100 cm X 55 cm  Deixe os ambientes de sua casa lindos com a decora\u00e7\u00e3o exclusiva\u00a0do Tar\u00f4 de Marseille.  Criado com base na geometria sagrada do Cubo de Metraton, matriz cosmol\u00f3gica arqu\u00e9tipa do Universo, o Tar\u00f4 de Marselha constitui um modelo intelig\u00edvel do mundo. Ele divulga, h\u00e1 s\u00e9culos, a ci\u00eancia dos antigos construtores e comunica a sabedoria de uma imemorial e alegre filosofia de vida a todos aqueles que abrem as portas para seus Arcanos e seus mist\u00e9rios.  XVIII - LA LVNE (A LUA)  Eclipse do Sol, est\u00e1gio cr\u00edtico e passagem na qual tudo pode se alterar, catalisa\u00e7\u00e3o das aspira\u00e7\u00f5es misturadas aos medos, d\u00favidas e incertezas,\u00a0XVIII - LA LVNE (A LUA) \u00e9 o arqu\u00e9tipo da culmina\u00e7\u00e3o da busca da sublima\u00e7\u00e3o, da mobiliza\u00e7\u00e3o das for\u00e7as ocultas para transcender a dualidade. Esta l\u00e2mina expressa o momento em que as oposi\u00e7\u00f5es se resolvem e tendem a se unificar, a necessidade de transmutar tudo o que \u00e9 obscuro e primitivo no cora\u00e7\u00e3o do ser.\" \/>\n<meta property=\"og:url\" content=\"https:\/\/www.dmastro.com.br\/dmastroblog\/produto\/quadro-emoldurado-taro-de-marseille-arcano-maior-18-a-lua-de-wilfried-houdouin-assinado-exclusivo-dmastro-brasil\/\" \/>\n<meta property=\"og:site_name\" content=\"Escola de Astrologia DMAstro\" \/>\n<meta property=\"article:publisher\" content=\"https:\/\/www.facebook.com\/dmastrobr\" \/>\n<meta property=\"article:modified_time\" content=\"2018-10-24T10:55:18+00:00\" \/>\n<meta property=\"og:image\" content=\"https:\/\/www.dmastro.com.br\/dmastroblog\/wp-content\/uploads\/2018\/10\/Quadro-Emoldurado-Taro-de-Marseille-Arcano-Maior-18-A-Lua-Edition-Millenium-Wilfried-Houdouin-Base.jpg\" \/>\n\t<meta property=\"og:image:width\" content=\"1000\" \/>\n\t<meta property=\"og:image:height\" content=\"1000\" \/>\n\t<meta property=\"og:image:type\" content=\"image\/jpeg\" \/>\n<meta name=\"twitter:card\" content=\"summary_large_image\" \/>\n<meta name=\"twitter:site\" content=\"@dmastrobrasil\" \/>\n<meta name=\"twitter:label1\" content=\"Pre\u00e7o\" \/>\n\t<meta name=\"twitter:data1\" content=\"&#082;&#036;325,00\" \/>\n\t<meta name=\"twitter:label2\" content=\"Disponibilidade\" \/>\n\t<meta name=\"twitter:data2\" content=\"Em Estoque\" \/>\n<script type=\"application\/ld+json\" class=\"yoast-schema-graph\">{\"@context\":\"https:\\\/\\\/schema.org\",\"@graph\":[{\"@type\":\"WebPage\",\"@id\":\"https:\\\/\\\/www.dmastro.com.br\\\/dmastroblog\\\/produto\\\/quadro-emoldurado-taro-de-marseille-arcano-maior-18-a-lua-de-wilfried-houdouin-assinado-exclusivo-dmastro-brasil\\\/\",\"url\":\"https:\\\/\\\/www.dmastro.com.br\\\/dmastroblog\\\/produto\\\/quadro-emoldurado-taro-de-marseille-arcano-maior-18-a-lua-de-wilfried-houdouin-assinado-exclusivo-dmastro-brasil\\\/\",\"name\":\"Quadro Emoldurado Taro de Marseille Arcano Maior 18 A Lua de Wilfried Houdouin Assinado - Exclusivo DMAstro Brasil - Escola de Astrologia DMAstro\",\"isPartOf\":{\"@id\":\"https:\\\/\\\/www.dmastro.com.br\\\/dmastroblog\\\/#website\"},\"primaryImageOfPage\":{\"@id\":\"https:\\\/\\\/www.dmastro.com.br\\\/dmastroblog\\\/produto\\\/quadro-emoldurado-taro-de-marseille-arcano-maior-18-a-lua-de-wilfried-houdouin-assinado-exclusivo-dmastro-brasil\\\/#primaryimage\"},\"image\":{\"@id\":\"https:\\\/\\\/www.dmastro.com.br\\\/dmastroblog\\\/produto\\\/quadro-emoldurado-taro-de-marseille-arcano-maior-18-a-lua-de-wilfried-houdouin-assinado-exclusivo-dmastro-brasil\\\/#primaryimage\"},\"thumbnailUrl\":\"https:\\\/\\\/i0.wp.com\\\/www.dmastro.com.br\\\/dmastroblog\\\/wp-content\\\/uploads\\\/2018\\\/10\\\/Quadro-Emoldurado-Taro-de-Marseille-Arcano-Maior-18-A-Lua-Edition-Millenium-Wilfried-Houdouin-Base.jpg?fit=1000%2C1000&ssl=1\",\"datePublished\":\"2018-10-24T10:55:11+00:00\",\"dateModified\":\"2018-10-24T10:55:18+00:00\",\"breadcrumb\":{\"@id\":\"https:\\\/\\\/www.dmastro.com.br\\\/dmastroblog\\\/produto\\\/quadro-emoldurado-taro-de-marseille-arcano-maior-18-a-lua-de-wilfried-houdouin-assinado-exclusivo-dmastro-brasil\\\/#breadcrumb\"},\"inLanguage\":\"pt-BR\",\"potentialAction\":[{\"@type\":\"ReadAction\",\"target\":[\"https:\\\/\\\/www.dmastro.com.br\\\/dmastroblog\\\/produto\\\/quadro-emoldurado-taro-de-marseille-arcano-maior-18-a-lua-de-wilfried-houdouin-assinado-exclusivo-dmastro-brasil\\\/\"]}]},{\"@type\":\"ImageObject\",\"inLanguage\":\"pt-BR\",\"@id\":\"https:\\\/\\\/www.dmastro.com.br\\\/dmastroblog\\\/produto\\\/quadro-emoldurado-taro-de-marseille-arcano-maior-18-a-lua-de-wilfried-houdouin-assinado-exclusivo-dmastro-brasil\\\/#primaryimage\",\"url\":\"https:\\\/\\\/i0.wp.com\\\/www.dmastro.com.br\\\/dmastroblog\\\/wp-content\\\/uploads\\\/2018\\\/10\\\/Quadro-Emoldurado-Taro-de-Marseille-Arcano-Maior-18-A-Lua-Edition-Millenium-Wilfried-Houdouin-Base.jpg?fit=1000%2C1000&ssl=1\",\"contentUrl\":\"https:\\\/\\\/i0.wp.com\\\/www.dmastro.com.br\\\/dmastroblog\\\/wp-content\\\/uploads\\\/2018\\\/10\\\/Quadro-Emoldurado-Taro-de-Marseille-Arcano-Maior-18-A-Lua-Edition-Millenium-Wilfried-Houdouin-Base.jpg?fit=1000%2C1000&ssl=1\",\"width\":1000,\"height\":1000},{\"@type\":\"BreadcrumbList\",\"@id\":\"https:\\\/\\\/www.dmastro.com.br\\\/dmastroblog\\\/produto\\\/quadro-emoldurado-taro-de-marseille-arcano-maior-18-a-lua-de-wilfried-houdouin-assinado-exclusivo-dmastro-brasil\\\/#breadcrumb\",\"itemListElement\":[{\"@type\":\"ListItem\",\"position\":1,\"name\":\"In\u00edcio\",\"item\":\"https:\\\/\\\/www.dmastro.com.br\\\/dmastroblog\\\/\"},{\"@type\":\"ListItem\",\"position\":2,\"name\":\"Loja\",\"item\":\"https:\\\/\\\/www.dmastro.com.br\\\/dmastroblog\\\/loja\\\/\"},{\"@type\":\"ListItem\",\"position\":3,\"name\":\"Quadro Emoldurado Taro de Marseille Arcano Maior 18 A Lua de Wilfried Houdouin Assinado &#8211; Exclusivo DMAstro Brasil\"}]},{\"@type\":\"WebSite\",\"@id\":\"https:\\\/\\\/www.dmastro.com.br\\\/dmastroblog\\\/#website\",\"url\":\"https:\\\/\\\/www.dmastro.com.br\\\/dmastroblog\\\/\",\"name\":\"DMAstro Brasil\",\"description\":\"Curso Completo de Forma\u00e7\u00e3o\",\"publisher\":{\"@id\":\"https:\\\/\\\/www.dmastro.com.br\\\/dmastroblog\\\/#organization\"},\"potentialAction\":[{\"@type\":\"SearchAction\",\"target\":{\"@type\":\"EntryPoint\",\"urlTemplate\":\"https:\\\/\\\/www.dmastro.com.br\\\/dmastroblog\\\/?s={search_term_string}\"},\"query-input\":{\"@type\":\"PropertyValueSpecification\",\"valueRequired\":true,\"valueName\":\"search_term_string\"}}],\"inLanguage\":\"pt-BR\"},{\"@type\":\"Organization\",\"@id\":\"https:\\\/\\\/www.dmastro.com.br\\\/dmastroblog\\\/#organization\",\"name\":\"DMAstro Brasil\",\"url\":\"https:\\\/\\\/www.dmastro.com.br\\\/dmastroblog\\\/\",\"logo\":{\"@type\":\"ImageObject\",\"inLanguage\":\"pt-BR\",\"@id\":\"https:\\\/\\\/www.dmastro.com.br\\\/dmastroblog\\\/#\\\/schema\\\/logo\\\/image\\\/\",\"url\":\"https:\\\/\\\/www.dmastro.com.br\\\/dmastroblog\\\/wp-content\\\/uploads\\\/2018\\\/12\\\/logotipo-dmastro-brasil.png\",\"contentUrl\":\"https:\\\/\\\/www.dmastro.com.br\\\/dmastroblog\\\/wp-content\\\/uploads\\\/2018\\\/12\\\/logotipo-dmastro-brasil.png\",\"width\":180,\"height\":180,\"caption\":\"DMAstro Brasil\"},\"image\":{\"@id\":\"https:\\\/\\\/www.dmastro.com.br\\\/dmastroblog\\\/#\\\/schema\\\/logo\\\/image\\\/\"},\"sameAs\":[\"https:\\\/\\\/www.facebook.com\\\/dmastrobr\",\"https:\\\/\\\/x.com\\\/dmastrobrasil\",\"https:\\\/\\\/www.instagram.com\\\/dmastrobrasil\\\/\"]}]}<\/script>\n<meta property=\"product:price:amount\" content=\"325.00\" \/>\n<meta property=\"product:price:currency\" content=\"BRL\" \/>\n<meta property=\"og:availability\" content=\"instock\" \/>\n<meta property=\"product:availability\" content=\"instock\" \/>\n<meta property=\"product:condition\" content=\"new\" \/>\n<!-- \/ Yoast SEO Premium plugin. -->","yoast_head_json":{"title":"Quadro Emoldurado Taro de Marseille Arcano Maior 18 A Lua de Wilfried Houdouin Assinado - Exclusivo DMAstro Brasil - Escola de Astrologia DMAstro","robots":{"index":"index","follow":"follow","max-snippet":"max-snippet:-1","max-image-preview":"max-image-preview:large","max-video-preview":"max-video-preview:-1"},"canonical":"https:\/\/www.dmastro.com.br\/dmastroblog\/produto\/quadro-emoldurado-taro-de-marseille-arcano-maior-18-a-lua-de-wilfried-houdouin-assinado-exclusivo-dmastro-brasil\/","og_locale":"pt_BR","og_type":"article","og_title":"Quadro Emoldurado Taro de Marseille Arcano Maior 18 A Lua de Wilfried Houdouin Assinado - Exclusivo DMAstro Brasil","og_description":"Quadro Emoldurado com imagem Arcano Maior 18 A Lua de Marseille Edition Millenium do designer Wilfried Houdouin. O quadro tem moldura preta, paspatur preto e vidro.  Medida 100 cm X 55 cm  Deixe os ambientes de sua casa lindos com a decora\u00e7\u00e3o exclusiva\u00a0do Tar\u00f4 de Marseille.  Criado com base na geometria sagrada do Cubo de Metraton, matriz cosmol\u00f3gica arqu\u00e9tipa do Universo, o Tar\u00f4 de Marselha constitui um modelo intelig\u00edvel do mundo. Ele divulga, h\u00e1 s\u00e9culos, a ci\u00eancia dos antigos construtores e comunica a sabedoria de uma imemorial e alegre filosofia de vida a todos aqueles que abrem as portas para seus Arcanos e seus mist\u00e9rios.  XVIII - LA LVNE (A LUA)  Eclipse do Sol, est\u00e1gio cr\u00edtico e passagem na qual tudo pode se alterar, catalisa\u00e7\u00e3o das aspira\u00e7\u00f5es misturadas aos medos, d\u00favidas e incertezas,\u00a0XVIII - LA LVNE (A LUA) \u00e9 o arqu\u00e9tipo da culmina\u00e7\u00e3o da busca da sublima\u00e7\u00e3o, da mobiliza\u00e7\u00e3o das for\u00e7as ocultas para transcender a dualidade. Esta l\u00e2mina expressa o momento em que as oposi\u00e7\u00f5es se resolvem e tendem a se unificar, a necessidade de transmutar tudo o que \u00e9 obscuro e primitivo no cora\u00e7\u00e3o do ser.","og_url":"https:\/\/www.dmastro.com.br\/dmastroblog\/produto\/quadro-emoldurado-taro-de-marseille-arcano-maior-18-a-lua-de-wilfried-houdouin-assinado-exclusivo-dmastro-brasil\/","og_site_name":"Escola de Astrologia DMAstro","article_publisher":"https:\/\/www.facebook.com\/dmastrobr","article_modified_time":"2018-10-24T10:55:18+00:00","og_image":[{"width":1000,"height":1000,"url":"https:\/\/www.dmastro.com.br\/dmastroblog\/wp-content\/uploads\/2018\/10\/Quadro-Emoldurado-Taro-de-Marseille-Arcano-Maior-18-A-Lua-Edition-Millenium-Wilfried-Houdouin-Base.jpg","type":"image\/jpeg"}],"twitter_card":"summary_large_image","twitter_site":"@dmastrobrasil","twitter_misc":{"Pre\u00e7o":"&#82;&#36;325,00","Disponibilidade":"Em Estoque"},"schema":{"@context":"https:\/\/schema.org","@graph":[{"@type":"WebPage","@id":"https:\/\/www.dmastro.com.br\/dmastroblog\/produto\/quadro-emoldurado-taro-de-marseille-arcano-maior-18-a-lua-de-wilfried-houdouin-assinado-exclusivo-dmastro-brasil\/","url":"https:\/\/www.dmastro.com.br\/dmastroblog\/produto\/quadro-emoldurado-taro-de-marseille-arcano-maior-18-a-lua-de-wilfried-houdouin-assinado-exclusivo-dmastro-brasil\/","name":"Quadro Emoldurado Taro de Marseille Arcano Maior 18 A Lua de Wilfried Houdouin Assinado - Exclusivo DMAstro Brasil - Escola de Astrologia DMAstro","isPartOf":{"@id":"https:\/\/www.dmastro.com.br\/dmastroblog\/#website"},"primaryImageOfPage":{"@id":"https:\/\/www.dmastro.com.br\/dmastroblog\/produto\/quadro-emoldurado-taro-de-marseille-arcano-maior-18-a-lua-de-wilfried-houdouin-assinado-exclusivo-dmastro-brasil\/#primaryimage"},"image":{"@id":"https:\/\/www.dmastro.com.br\/dmastroblog\/produto\/quadro-emoldurado-taro-de-marseille-arcano-maior-18-a-lua-de-wilfried-houdouin-assinado-exclusivo-dmastro-brasil\/#primaryimage"},"thumbnailUrl":"https:\/\/i0.wp.com\/www.dmastro.com.br\/dmastroblog\/wp-content\/uploads\/2018\/10\/Quadro-Emoldurado-Taro-de-Marseille-Arcano-Maior-18-A-Lua-Edition-Millenium-Wilfried-Houdouin-Base.jpg?fit=1000%2C1000&ssl=1","datePublished":"2018-10-24T10:55:11+00:00","dateModified":"2018-10-24T10:55:18+00:00","breadcrumb":{"@id":"https:\/\/www.dmastro.com.br\/dmastroblog\/produto\/quadro-emoldurado-taro-de-marseille-arcano-maior-18-a-lua-de-wilfried-houdouin-assinado-exclusivo-dmastro-brasil\/#breadcrumb"},"inLanguage":"pt-BR","potentialAction":[{"@type":"ReadAction","target":["https:\/\/www.dmastro.com.br\/dmastroblog\/produto\/quadro-emoldurado-taro-de-marseille-arcano-maior-18-a-lua-de-wilfried-houdouin-assinado-exclusivo-dmastro-brasil\/"]}]},{"@type":"ImageObject","inLanguage":"pt-BR","@id":"https:\/\/www.dmastro.com.br\/dmastroblog\/produto\/quadro-emoldurado-taro-de-marseille-arcano-maior-18-a-lua-de-wilfried-houdouin-assinado-exclusivo-dmastro-brasil\/#primaryimage","url":"https:\/\/i0.wp.com\/www.dmastro.com.br\/dmastroblog\/wp-content\/uploads\/2018\/10\/Quadro-Emoldurado-Taro-de-Marseille-Arcano-Maior-18-A-Lua-Edition-Millenium-Wilfried-Houdouin-Base.jpg?fit=1000%2C1000&ssl=1","contentUrl":"https:\/\/i0.wp.com\/www.dmastro.com.br\/dmastroblog\/wp-content\/uploads\/2018\/10\/Quadro-Emoldurado-Taro-de-Marseille-Arcano-Maior-18-A-Lua-Edition-Millenium-Wilfried-Houdouin-Base.jpg?fit=1000%2C1000&ssl=1","width":1000,"height":1000},{"@type":"BreadcrumbList","@id":"https:\/\/www.dmastro.com.br\/dmastroblog\/produto\/quadro-emoldurado-taro-de-marseille-arcano-maior-18-a-lua-de-wilfried-houdouin-assinado-exclusivo-dmastro-brasil\/#breadcrumb","itemListElement":[{"@type":"ListItem","position":1,"name":"In\u00edcio","item":"https:\/\/www.dmastro.com.br\/dmastroblog\/"},{"@type":"ListItem","position":2,"name":"Loja","item":"https:\/\/www.dmastro.com.br\/dmastroblog\/loja\/"},{"@type":"ListItem","position":3,"name":"Quadro Emoldurado Taro de Marseille Arcano Maior 18 A Lua de Wilfried Houdouin Assinado &#8211; Exclusivo DMAstro Brasil"}]},{"@type":"WebSite","@id":"https:\/\/www.dmastro.com.br\/dmastroblog\/#website","url":"https:\/\/www.dmastro.com.br\/dmastroblog\/","name":"DMAstro Brasil","description":"Curso Completo de Forma\u00e7\u00e3o","publisher":{"@id":"https:\/\/www.dmastro.com.br\/dmastroblog\/#organization"},"potentialAction":[{"@type":"SearchAction","target":{"@type":"EntryPoint","urlTemplate":"https:\/\/www.dmastro.com.br\/dmastroblog\/?s={search_term_string}"},"query-input":{"@type":"PropertyValueSpecification","valueRequired":true,"valueName":"search_term_string"}}],"inLanguage":"pt-BR"},{"@type":"Organization","@id":"https:\/\/www.dmastro.com.br\/dmastroblog\/#organization","name":"DMAstro Brasil","url":"https:\/\/www.dmastro.com.br\/dmastroblog\/","logo":{"@type":"ImageObject","inLanguage":"pt-BR","@id":"https:\/\/www.dmastro.com.br\/dmastroblog\/#\/schema\/logo\/image\/","url":"https:\/\/www.dmastro.com.br\/dmastroblog\/wp-content\/uploads\/2018\/12\/logotipo-dmastro-brasil.png","contentUrl":"https:\/\/www.dmastro.com.br\/dmastroblog\/wp-content\/uploads\/2018\/12\/logotipo-dmastro-brasil.png","width":180,"height":180,"caption":"DMAstro Brasil"},"image":{"@id":"https:\/\/www.dmastro.com.br\/dmastroblog\/#\/schema\/logo\/image\/"},"sameAs":["https:\/\/www.facebook.com\/dmastrobr","https:\/\/x.com\/dmastrobrasil","https:\/\/www.instagram.com\/dmastrobrasil\/"]}]},"product_price_amount":"325.00","product_price_currency":"BRL","og_availability":"instock","product_availability":"instock","product_condition":"new"},"jetpack_publicize_connections":[],"jetpack_sharing_enabled":true,"jetpack_likes_enabled":true,"publishpress_future_workflow_manual_trigger":{"enabledWorkflows":[]},"_links":{"self":[{"href":"https:\/\/www.dmastro.com.br\/dmastroblog\/wp-json\/wp\/v2\/product\/781","targetHints":{"allow":["GET"]}}],"collection":[{"href":"https:\/\/www.dmastro.com.br\/dmastroblog\/wp-json\/wp\/v2\/product"}],"about":[{"href":"https:\/\/www.dmastro.com.br\/dmastroblog\/wp-json\/wp\/v2\/types\/product"}],"replies":[{"embeddable":true,"href":"https:\/\/www.dmastro.com.br\/dmastroblog\/wp-json\/wp\/v2\/comments?post=781"}],"wp:featuredmedia":[{"embeddable":true,"href":"https:\/\/www.dmastro.com.br\/dmastroblog\/wp-json\/wp\/v2\/media\/752"}],"wp:attachment":[{"href":"https:\/\/www.dmastro.com.br\/dmastroblog\/wp-json\/wp\/v2\/media?parent=781"}],"wp:term":[{"taxonomy":"product_brand","embeddable":true,"href":"https:\/\/www.dmastro.com.br\/dmastroblog\/wp-json\/wp\/v2\/product_brand?post=781"},{"taxonomy":"product_cat","embeddable":true,"href":"https:\/\/www.dmastro.com.br\/dmastroblog\/wp-json\/wp\/v2\/product_cat?post=781"},{"taxonomy":"product_tag","embeddable":true,"href":"https:\/\/www.dmastro.com.br\/dmastroblog\/wp-json\/wp\/v2\/product_tag?post=781"}],"curies":[{"name":"wp","href":"https:\/\/api.w.org\/{rel}","templated":true}]}}