{"id":489,"date":"2018-04-02T22:14:06","date_gmt":"2018-04-03T01:14:06","guid":{"rendered":"http:\/\/www.dmastro.com.br\/dmastroblog\/?post_type=product&#038;p=489"},"modified":"2018-04-03T01:53:03","modified_gmt":"2018-04-03T04:53:03","slug":"estatua-thor-com-martelo-em-resina","status":"publish","type":"product","link":"https:\/\/www.dmastro.com.br\/dmastroblog\/produto\/estatua-thor-com-martelo-em-resina\/","title":{"rendered":"Thor com Martelo"},"content":{"rendered":"<div>Conte\u00fado da Embalagem:\u00a0Uma\u00a0est\u00e1tua em Resina<\/div>\n<div><\/div>\n<div>Dimens\u00f5es Aproximadas do Produto:<\/div>\n<div>Altura Total: 29 cm<br \/>\nLargura:\u00a017 cm<\/div>\n<div>Profundidade: 8 cm<\/div>\n<div>Peso Aproximado: 761 gramas.<\/div>\n<div><\/div>\n<div>Produto Artesanal. Pode ocorrer pequenas varia\u00e7\u00f5es de cores, devido a pintura ser artesanal. Cor Rajada.<\/div>\n","protected":false},"excerpt":{"rendered":"<p>Thor (n\u00f3rdico antigo: \u00de\u00f3rr) \u00e9 o deus pag\u00e3o n\u00f3rdico, dos trov\u00f5es e das batalhas. Pertence ao cl\u00e3 dos deuses \u00c6sir, e \u00e9 filho do deus Odin. Thor usa como arma o martelo Mjolnir, e tem o cinto Megingjord, que lhe confere enormes for\u00e7as. Est\u00e1 associado aos trov\u00f5es, rel\u00e2mpagos, tempestades, \u00e1rvores de carvalho, for\u00e7a, prote\u00e7\u00e3o da humanidade e tamb\u00e9m a santifica\u00e7\u00e3o, cura e fertilidade.<\/p>\n<p>A divindade era conhecida pela mitologia germ\u00e2nica e paganismo como \u00deunor (em ingl\u00eas antigo) ou Donar (em alto-alem\u00e3o antigo), decorrente da l\u00edngua protogerm\u00e2nica \u00deunraz (que significa &#8220;trov\u00e3o&#8221;). Thor tamb\u00e9m \u00e9 chamado de \u00c1sa\u00fe\u00f3rr, \u00d6ku\u00fe\u00f3rr, Hl\u00f3rri\u00f0i e V\u00e9urr.<\/p>\n<p>Em \u00faltima an\u00e1lise decorrente da religi\u00e3o protoindo-europeia, Thor \u00e9 um deus devidamente destacado em toda a hist\u00f3ria registrada dos povos germ\u00e2nicos, a partir da ocupa\u00e7\u00e3o romana de regi\u00f5es da Germ\u00e2nia, para as expans\u00f5es tribais do per\u00edodo de migra\u00e7\u00e3o, a sua alta popularidade durante a era viking. Dentro do per\u00edodo moderno, Thor continuou a ser reconhecido no folclore rural de todas as regi\u00f5es germ\u00e2nicas, \u00e9 frequentemente referido em nomes de lugares e o dia da semana Thursday \/ Donnerstag (Quinta-feira) ou Dia de Thor, \u00e9 utilizado desde o per\u00edodo pag\u00e3o at\u00e9 os dias de hoje.<\/p>\n<p>\u00c9 filho de Odin (o deus supremo de Asgard) e Jord (a deusa de Midgard), foi casado com Sif. Durante o Ragnar\u00f6k. Thor matar\u00e1 e ser\u00e1 morto por J\u00f6rmungandr.<\/p>\n","protected":false},"featured_media":490,"comment_status":"closed","ping_status":"closed","template":"","meta":{"_themeisle_gutenberg_block_has_review":false,"jetpack_post_was_ever_published":false,"jetpack_publicize_message":"","jetpack_publicize_feature_enabled":true,"jetpack_social_post_already_shared":true,"jetpack_social_options":{"image_generator_settings":{"template":"highway","default_image_id":0,"font":"","enabled":false},"version":2}},"product_brand":[],"product_cat":[130,129,39,106],"product_tag":[133,132,131],"class_list":{"0":"post-489","1":"product","2":"type-product","3":"status-publish","4":"has-post-thumbnail","6":"product_cat-decoracao","7":"product_cat-estatuas","8":"product_cat-mitologia","9":"product_cat-mitologia-nordica","10":"product_tag-estatua","11":"product_tag-mitologia-nordica","12":"product_tag-thor","13":"post","15":"first","16":"instock","17":"taxable","18":"shipping-taxable","19":"purchasable","20":"product-type-simple"},"composite_virtual":false,"composite_layout":"","composite_add_to_cart_form_location":"","composite_editable_in_cart":false,"composite_sold_individually_context":"","composite_shop_price_calc":"","composite_components":[],"composite_scenarios":[],"yoast_head":"<!-- This site is optimized with the Yoast SEO Premium plugin v22.9 (Yoast SEO v27.3) - https:\/\/yoast.com\/product\/yoast-seo-premium-wordpress\/ -->\n<title>Thor com Martelo - Escola de Astrologia DMAstro<\/title>\n<meta name=\"robots\" content=\"index, follow, max-snippet:-1, max-image-preview:large, max-video-preview:-1\" \/>\n<link rel=\"canonical\" href=\"https:\/\/www.dmastro.com.br\/dmastroblog\/produto\/estatua-thor-com-martelo-em-resina\/\" \/>\n<meta property=\"og:locale\" content=\"pt_BR\" \/>\n<meta property=\"og:type\" content=\"article\" \/>\n<meta property=\"og:title\" content=\"Thor com Martelo\" \/>\n<meta property=\"og:description\" content=\"Thor (n\u00f3rdico antigo: \u00de\u00f3rr) \u00e9 o deus pag\u00e3o n\u00f3rdico, dos trov\u00f5es e das batalhas. Pertence ao cl\u00e3 dos deuses \u00c6sir, e \u00e9 filho do deus Odin. Thor usa como arma o martelo Mjolnir, e tem o cinto Megingjord, que lhe confere enormes for\u00e7as. Est\u00e1 associado aos trov\u00f5es, rel\u00e2mpagos, tempestades, \u00e1rvores de carvalho, for\u00e7a, prote\u00e7\u00e3o da humanidade e tamb\u00e9m a santifica\u00e7\u00e3o, cura e fertilidade.  A divindade era conhecida pela mitologia germ\u00e2nica e paganismo como \u00deunor (em ingl\u00eas antigo) ou Donar (em alto-alem\u00e3o antigo), decorrente da l\u00edngua protogerm\u00e2nica \u00deunraz (que significa &quot;trov\u00e3o&quot;). Thor tamb\u00e9m \u00e9 chamado de \u00c1sa\u00fe\u00f3rr, \u00d6ku\u00fe\u00f3rr, Hl\u00f3rri\u00f0i e V\u00e9urr.  Em \u00faltima an\u00e1lise decorrente da religi\u00e3o protoindo-europeia, Thor \u00e9 um deus devidamente destacado em toda a hist\u00f3ria registrada dos povos germ\u00e2nicos, a partir da ocupa\u00e7\u00e3o romana de regi\u00f5es da Germ\u00e2nia, para as expans\u00f5es tribais do per\u00edodo de migra\u00e7\u00e3o, a sua alta popularidade durante a era viking. Dentro do per\u00edodo moderno, Thor continuou a ser reconhecido no folclore rural de todas as regi\u00f5es germ\u00e2nicas, \u00e9 frequentemente referido em nomes de lugares e o dia da semana Thursday \/ Donnerstag (Quinta-feira) ou Dia de Thor, \u00e9 utilizado desde o per\u00edodo pag\u00e3o at\u00e9 os dias de hoje.  \u00c9 filho de Odin (o deus supremo de Asgard) e Jord (a deusa de Midgard), foi casado com Sif. Durante o Ragnar\u00f6k. Thor matar\u00e1 e ser\u00e1 morto por J\u00f6rmungandr.\" \/>\n<meta property=\"og:url\" content=\"https:\/\/www.dmastro.com.br\/dmastroblog\/produto\/estatua-thor-com-martelo-em-resina\/\" \/>\n<meta property=\"og:site_name\" content=\"Escola de Astrologia DMAstro\" \/>\n<meta property=\"article:publisher\" content=\"https:\/\/www.facebook.com\/dmastrobr\" \/>\n<meta property=\"article:modified_time\" content=\"2018-04-03T04:53:03+00:00\" \/>\n<meta property=\"og:image\" content=\"https:\/\/www.dmastro.com.br\/dmastroblog\/wp-content\/uploads\/2018\/04\/Thor1.jpg\" \/>\n\t<meta property=\"og:image:width\" content=\"900\" \/>\n\t<meta property=\"og:image:height\" content=\"1200\" \/>\n\t<meta property=\"og:image:type\" content=\"image\/jpeg\" \/>\n<meta name=\"twitter:card\" content=\"summary_large_image\" \/>\n<meta name=\"twitter:site\" content=\"@dmastrobrasil\" \/>\n<meta name=\"twitter:label1\" content=\"Pre\u00e7o\" \/>\n\t<meta name=\"twitter:data1\" content=\"&#082;&#036;120,00\" \/>\n\t<meta name=\"twitter:label2\" content=\"Disponibilidade\" \/>\n\t<meta name=\"twitter:data2\" content=\"Em Estoque\" \/>\n<script type=\"application\/ld+json\" class=\"yoast-schema-graph\">{\"@context\":\"https:\\\/\\\/schema.org\",\"@graph\":[{\"@type\":\"WebPage\",\"@id\":\"https:\\\/\\\/www.dmastro.com.br\\\/dmastroblog\\\/produto\\\/estatua-thor-com-martelo-em-resina\\\/\",\"url\":\"https:\\\/\\\/www.dmastro.com.br\\\/dmastroblog\\\/produto\\\/estatua-thor-com-martelo-em-resina\\\/\",\"name\":\"Thor com Martelo - Escola de Astrologia DMAstro\",\"isPartOf\":{\"@id\":\"https:\\\/\\\/www.dmastro.com.br\\\/dmastroblog\\\/#website\"},\"primaryImageOfPage\":{\"@id\":\"https:\\\/\\\/www.dmastro.com.br\\\/dmastroblog\\\/produto\\\/estatua-thor-com-martelo-em-resina\\\/#primaryimage\"},\"image\":{\"@id\":\"https:\\\/\\\/www.dmastro.com.br\\\/dmastroblog\\\/produto\\\/estatua-thor-com-martelo-em-resina\\\/#primaryimage\"},\"thumbnailUrl\":\"https:\\\/\\\/i0.wp.com\\\/www.dmastro.com.br\\\/dmastroblog\\\/wp-content\\\/uploads\\\/2018\\\/04\\\/Thor1.jpg?fit=900%2C1200&ssl=1\",\"datePublished\":\"2018-04-03T01:14:06+00:00\",\"dateModified\":\"2018-04-03T04:53:03+00:00\",\"breadcrumb\":{\"@id\":\"https:\\\/\\\/www.dmastro.com.br\\\/dmastroblog\\\/produto\\\/estatua-thor-com-martelo-em-resina\\\/#breadcrumb\"},\"inLanguage\":\"pt-BR\",\"potentialAction\":[{\"@type\":\"ReadAction\",\"target\":[\"https:\\\/\\\/www.dmastro.com.br\\\/dmastroblog\\\/produto\\\/estatua-thor-com-martelo-em-resina\\\/\"]}]},{\"@type\":\"ImageObject\",\"inLanguage\":\"pt-BR\",\"@id\":\"https:\\\/\\\/www.dmastro.com.br\\\/dmastroblog\\\/produto\\\/estatua-thor-com-martelo-em-resina\\\/#primaryimage\",\"url\":\"https:\\\/\\\/i0.wp.com\\\/www.dmastro.com.br\\\/dmastroblog\\\/wp-content\\\/uploads\\\/2018\\\/04\\\/Thor1.jpg?fit=900%2C1200&ssl=1\",\"contentUrl\":\"https:\\\/\\\/i0.wp.com\\\/www.dmastro.com.br\\\/dmastroblog\\\/wp-content\\\/uploads\\\/2018\\\/04\\\/Thor1.jpg?fit=900%2C1200&ssl=1\",\"width\":900,\"height\":1200},{\"@type\":\"BreadcrumbList\",\"@id\":\"https:\\\/\\\/www.dmastro.com.br\\\/dmastroblog\\\/produto\\\/estatua-thor-com-martelo-em-resina\\\/#breadcrumb\",\"itemListElement\":[{\"@type\":\"ListItem\",\"position\":1,\"name\":\"In\u00edcio\",\"item\":\"https:\\\/\\\/www.dmastro.com.br\\\/dmastroblog\\\/\"},{\"@type\":\"ListItem\",\"position\":2,\"name\":\"Loja\",\"item\":\"https:\\\/\\\/www.dmastro.com.br\\\/dmastroblog\\\/loja\\\/\"},{\"@type\":\"ListItem\",\"position\":3,\"name\":\"Thor com Martelo\"}]},{\"@type\":\"WebSite\",\"@id\":\"https:\\\/\\\/www.dmastro.com.br\\\/dmastroblog\\\/#website\",\"url\":\"https:\\\/\\\/www.dmastro.com.br\\\/dmastroblog\\\/\",\"name\":\"DMAstro Brasil\",\"description\":\"Curso Completo de Forma\u00e7\u00e3o\",\"publisher\":{\"@id\":\"https:\\\/\\\/www.dmastro.com.br\\\/dmastroblog\\\/#organization\"},\"potentialAction\":[{\"@type\":\"SearchAction\",\"target\":{\"@type\":\"EntryPoint\",\"urlTemplate\":\"https:\\\/\\\/www.dmastro.com.br\\\/dmastroblog\\\/?s={search_term_string}\"},\"query-input\":{\"@type\":\"PropertyValueSpecification\",\"valueRequired\":true,\"valueName\":\"search_term_string\"}}],\"inLanguage\":\"pt-BR\"},{\"@type\":\"Organization\",\"@id\":\"https:\\\/\\\/www.dmastro.com.br\\\/dmastroblog\\\/#organization\",\"name\":\"DMAstro Brasil\",\"url\":\"https:\\\/\\\/www.dmastro.com.br\\\/dmastroblog\\\/\",\"logo\":{\"@type\":\"ImageObject\",\"inLanguage\":\"pt-BR\",\"@id\":\"https:\\\/\\\/www.dmastro.com.br\\\/dmastroblog\\\/#\\\/schema\\\/logo\\\/image\\\/\",\"url\":\"https:\\\/\\\/www.dmastro.com.br\\\/dmastroblog\\\/wp-content\\\/uploads\\\/2018\\\/12\\\/logotipo-dmastro-brasil.png\",\"contentUrl\":\"https:\\\/\\\/www.dmastro.com.br\\\/dmastroblog\\\/wp-content\\\/uploads\\\/2018\\\/12\\\/logotipo-dmastro-brasil.png\",\"width\":180,\"height\":180,\"caption\":\"DMAstro Brasil\"},\"image\":{\"@id\":\"https:\\\/\\\/www.dmastro.com.br\\\/dmastroblog\\\/#\\\/schema\\\/logo\\\/image\\\/\"},\"sameAs\":[\"https:\\\/\\\/www.facebook.com\\\/dmastrobr\",\"https:\\\/\\\/x.com\\\/dmastrobrasil\",\"https:\\\/\\\/www.instagram.com\\\/dmastrobrasil\\\/\"]}]}<\/script>\n<meta property=\"product:price:amount\" content=\"120.00\" \/>\n<meta property=\"product:price:currency\" content=\"BRL\" \/>\n<meta property=\"og:availability\" content=\"instock\" \/>\n<meta property=\"product:availability\" content=\"instock\" \/>\n<meta property=\"product:condition\" content=\"new\" \/>\n<!-- \/ Yoast SEO Premium plugin. -->","yoast_head_json":{"title":"Thor com Martelo - Escola de Astrologia DMAstro","robots":{"index":"index","follow":"follow","max-snippet":"max-snippet:-1","max-image-preview":"max-image-preview:large","max-video-preview":"max-video-preview:-1"},"canonical":"https:\/\/www.dmastro.com.br\/dmastroblog\/produto\/estatua-thor-com-martelo-em-resina\/","og_locale":"pt_BR","og_type":"article","og_title":"Thor com Martelo","og_description":"Thor (n\u00f3rdico antigo: \u00de\u00f3rr) \u00e9 o deus pag\u00e3o n\u00f3rdico, dos trov\u00f5es e das batalhas. Pertence ao cl\u00e3 dos deuses \u00c6sir, e \u00e9 filho do deus Odin. Thor usa como arma o martelo Mjolnir, e tem o cinto Megingjord, que lhe confere enormes for\u00e7as. Est\u00e1 associado aos trov\u00f5es, rel\u00e2mpagos, tempestades, \u00e1rvores de carvalho, for\u00e7a, prote\u00e7\u00e3o da humanidade e tamb\u00e9m a santifica\u00e7\u00e3o, cura e fertilidade.  A divindade era conhecida pela mitologia germ\u00e2nica e paganismo como \u00deunor (em ingl\u00eas antigo) ou Donar (em alto-alem\u00e3o antigo), decorrente da l\u00edngua protogerm\u00e2nica \u00deunraz (que significa \"trov\u00e3o\"). Thor tamb\u00e9m \u00e9 chamado de \u00c1sa\u00fe\u00f3rr, \u00d6ku\u00fe\u00f3rr, Hl\u00f3rri\u00f0i e V\u00e9urr.  Em \u00faltima an\u00e1lise decorrente da religi\u00e3o protoindo-europeia, Thor \u00e9 um deus devidamente destacado em toda a hist\u00f3ria registrada dos povos germ\u00e2nicos, a partir da ocupa\u00e7\u00e3o romana de regi\u00f5es da Germ\u00e2nia, para as expans\u00f5es tribais do per\u00edodo de migra\u00e7\u00e3o, a sua alta popularidade durante a era viking. Dentro do per\u00edodo moderno, Thor continuou a ser reconhecido no folclore rural de todas as regi\u00f5es germ\u00e2nicas, \u00e9 frequentemente referido em nomes de lugares e o dia da semana Thursday \/ Donnerstag (Quinta-feira) ou Dia de Thor, \u00e9 utilizado desde o per\u00edodo pag\u00e3o at\u00e9 os dias de hoje.  \u00c9 filho de Odin (o deus supremo de Asgard) e Jord (a deusa de Midgard), foi casado com Sif. Durante o Ragnar\u00f6k. Thor matar\u00e1 e ser\u00e1 morto por J\u00f6rmungandr.","og_url":"https:\/\/www.dmastro.com.br\/dmastroblog\/produto\/estatua-thor-com-martelo-em-resina\/","og_site_name":"Escola de Astrologia DMAstro","article_publisher":"https:\/\/www.facebook.com\/dmastrobr","article_modified_time":"2018-04-03T04:53:03+00:00","og_image":[{"width":900,"height":1200,"url":"https:\/\/www.dmastro.com.br\/dmastroblog\/wp-content\/uploads\/2018\/04\/Thor1.jpg","type":"image\/jpeg"}],"twitter_card":"summary_large_image","twitter_site":"@dmastrobrasil","twitter_misc":{"Pre\u00e7o":"&#82;&#36;120,00","Disponibilidade":"Em Estoque"},"schema":{"@context":"https:\/\/schema.org","@graph":[{"@type":"WebPage","@id":"https:\/\/www.dmastro.com.br\/dmastroblog\/produto\/estatua-thor-com-martelo-em-resina\/","url":"https:\/\/www.dmastro.com.br\/dmastroblog\/produto\/estatua-thor-com-martelo-em-resina\/","name":"Thor com Martelo - Escola de Astrologia DMAstro","isPartOf":{"@id":"https:\/\/www.dmastro.com.br\/dmastroblog\/#website"},"primaryImageOfPage":{"@id":"https:\/\/www.dmastro.com.br\/dmastroblog\/produto\/estatua-thor-com-martelo-em-resina\/#primaryimage"},"image":{"@id":"https:\/\/www.dmastro.com.br\/dmastroblog\/produto\/estatua-thor-com-martelo-em-resina\/#primaryimage"},"thumbnailUrl":"https:\/\/i0.wp.com\/www.dmastro.com.br\/dmastroblog\/wp-content\/uploads\/2018\/04\/Thor1.jpg?fit=900%2C1200&ssl=1","datePublished":"2018-04-03T01:14:06+00:00","dateModified":"2018-04-03T04:53:03+00:00","breadcrumb":{"@id":"https:\/\/www.dmastro.com.br\/dmastroblog\/produto\/estatua-thor-com-martelo-em-resina\/#breadcrumb"},"inLanguage":"pt-BR","potentialAction":[{"@type":"ReadAction","target":["https:\/\/www.dmastro.com.br\/dmastroblog\/produto\/estatua-thor-com-martelo-em-resina\/"]}]},{"@type":"ImageObject","inLanguage":"pt-BR","@id":"https:\/\/www.dmastro.com.br\/dmastroblog\/produto\/estatua-thor-com-martelo-em-resina\/#primaryimage","url":"https:\/\/i0.wp.com\/www.dmastro.com.br\/dmastroblog\/wp-content\/uploads\/2018\/04\/Thor1.jpg?fit=900%2C1200&ssl=1","contentUrl":"https:\/\/i0.wp.com\/www.dmastro.com.br\/dmastroblog\/wp-content\/uploads\/2018\/04\/Thor1.jpg?fit=900%2C1200&ssl=1","width":900,"height":1200},{"@type":"BreadcrumbList","@id":"https:\/\/www.dmastro.com.br\/dmastroblog\/produto\/estatua-thor-com-martelo-em-resina\/#breadcrumb","itemListElement":[{"@type":"ListItem","position":1,"name":"In\u00edcio","item":"https:\/\/www.dmastro.com.br\/dmastroblog\/"},{"@type":"ListItem","position":2,"name":"Loja","item":"https:\/\/www.dmastro.com.br\/dmastroblog\/loja\/"},{"@type":"ListItem","position":3,"name":"Thor com Martelo"}]},{"@type":"WebSite","@id":"https:\/\/www.dmastro.com.br\/dmastroblog\/#website","url":"https:\/\/www.dmastro.com.br\/dmastroblog\/","name":"DMAstro Brasil","description":"Curso Completo de Forma\u00e7\u00e3o","publisher":{"@id":"https:\/\/www.dmastro.com.br\/dmastroblog\/#organization"},"potentialAction":[{"@type":"SearchAction","target":{"@type":"EntryPoint","urlTemplate":"https:\/\/www.dmastro.com.br\/dmastroblog\/?s={search_term_string}"},"query-input":{"@type":"PropertyValueSpecification","valueRequired":true,"valueName":"search_term_string"}}],"inLanguage":"pt-BR"},{"@type":"Organization","@id":"https:\/\/www.dmastro.com.br\/dmastroblog\/#organization","name":"DMAstro Brasil","url":"https:\/\/www.dmastro.com.br\/dmastroblog\/","logo":{"@type":"ImageObject","inLanguage":"pt-BR","@id":"https:\/\/www.dmastro.com.br\/dmastroblog\/#\/schema\/logo\/image\/","url":"https:\/\/www.dmastro.com.br\/dmastroblog\/wp-content\/uploads\/2018\/12\/logotipo-dmastro-brasil.png","contentUrl":"https:\/\/www.dmastro.com.br\/dmastroblog\/wp-content\/uploads\/2018\/12\/logotipo-dmastro-brasil.png","width":180,"height":180,"caption":"DMAstro Brasil"},"image":{"@id":"https:\/\/www.dmastro.com.br\/dmastroblog\/#\/schema\/logo\/image\/"},"sameAs":["https:\/\/www.facebook.com\/dmastrobr","https:\/\/x.com\/dmastrobrasil","https:\/\/www.instagram.com\/dmastrobrasil\/"]}]},"product_price_amount":"120.00","product_price_currency":"BRL","og_availability":"instock","product_availability":"instock","product_condition":"new"},"jetpack_publicize_connections":[],"jetpack_sharing_enabled":true,"jetpack_likes_enabled":false,"publishpress_future_workflow_manual_trigger":{"enabledWorkflows":[]},"_links":{"self":[{"href":"https:\/\/www.dmastro.com.br\/dmastroblog\/wp-json\/wp\/v2\/product\/489","targetHints":{"allow":["GET"]}}],"collection":[{"href":"https:\/\/www.dmastro.com.br\/dmastroblog\/wp-json\/wp\/v2\/product"}],"about":[{"href":"https:\/\/www.dmastro.com.br\/dmastroblog\/wp-json\/wp\/v2\/types\/product"}],"replies":[{"embeddable":true,"href":"https:\/\/www.dmastro.com.br\/dmastroblog\/wp-json\/wp\/v2\/comments?post=489"}],"wp:featuredmedia":[{"embeddable":true,"href":"https:\/\/www.dmastro.com.br\/dmastroblog\/wp-json\/wp\/v2\/media\/490"}],"wp:attachment":[{"href":"https:\/\/www.dmastro.com.br\/dmastroblog\/wp-json\/wp\/v2\/media?parent=489"}],"wp:term":[{"taxonomy":"product_brand","embeddable":true,"href":"https:\/\/www.dmastro.com.br\/dmastroblog\/wp-json\/wp\/v2\/product_brand?post=489"},{"taxonomy":"product_cat","embeddable":true,"href":"https:\/\/www.dmastro.com.br\/dmastroblog\/wp-json\/wp\/v2\/product_cat?post=489"},{"taxonomy":"product_tag","embeddable":true,"href":"https:\/\/www.dmastro.com.br\/dmastroblog\/wp-json\/wp\/v2\/product_tag?post=489"}],"curies":[{"name":"wp","href":"https:\/\/api.w.org\/{rel}","templated":true}]}}