{"id":442,"date":"2018-03-07T20:48:33","date_gmt":"2018-03-07T23:48:33","guid":{"rendered":"http:\/\/www.dmastro.com.br\/dmastroblog\/?post_type=product&#038;p=442"},"modified":"2019-03-03T01:23:23","modified_gmt":"2019-03-03T04:23:23","slug":"camiseta-masculina-signo-de-leao","status":"publish","type":"product","link":"https:\/\/www.dmastro.com.br\/dmastroblog\/produto\/camiseta-masculina-signo-de-leao\/","title":{"rendered":"Camiseta Masculina Signo de Le\u00e3o"},"content":{"rendered":"<p>Camiseta masculina confeccionada em malha de fria, malha mista de poli\u00e9ster e viscose. Modelagem b\u00e1sica de mangas curtas e decote careca. \u00c9 leve, confort\u00e1vel e vers\u00e1til podendo transitar facilmente em diversas ocasi\u00f5es do dia a dia.<\/p>\n<p>Arte assinada pela designer Luciana Rosa \/ Venda exclusiva por DMAstro Brasil<\/p>\n<h2>CARACTER\u00cdSTICAS:<\/h2>\n<div id=\"specificationContent\">\n<p><strong>DIMENS\u00d5ES:<\/strong><\/p>\n<\/div>\n<div>\n<table style=\"height: 123px;\" width=\"642\">\n<tbody>\n<tr>\n<th>Tamanho<\/th>\n<th>Largura<\/th>\n<th>Altura<\/th>\n<\/tr>\n<tr>\n<td>P<\/td>\n<td>49 cm<\/td>\n<td>68 cm<\/td>\n<\/tr>\n<tr>\n<td>M<\/td>\n<td>52 cm<\/td>\n<td>69 cm<\/td>\n<\/tr>\n<tr>\n<td>G<\/td>\n<td>53 cm<\/td>\n<td>71 cm<\/td>\n<\/tr>\n<tr>\n<td>GG<\/td>\n<td>53 cm<\/td>\n<td>74 cm<\/td>\n<\/tr>\n<\/tbody>\n<\/table>\n<\/div>\n","protected":false},"excerpt":{"rendered":"<p>Camiseta masculina confeccionada em malha de fria, malha mista de poli\u00e9ster e viscose. Modelagem b\u00e1sica de mangas curtas e decote careca. \u00c9 leve, confort\u00e1vel e vers\u00e1til podendo transitar facilmente em diversas ocasi\u00f5es do dia a dia.<\/p>\n<p>Arte assinada pela designer Luciana Rosa \/ Venda exclusiva por DMAstro Brasil<\/p>\n<h2>CARACTER\u00cdSTICAS:<\/h2>\n<div id=\"specificationContent\">\n<p><strong>DIMENS\u00d5ES:<\/strong><\/p>\n<\/div>\n<div>\n<table style=\"height: 123px;\" width=\"642\">\n<tbody>\n<tr>\n<th>Tamanho<\/th>\n<th>Largura<\/th>\n<th>Altura<\/th>\n<\/tr>\n<tr>\n<td>P<\/td>\n<td>49 cm<\/td>\n<td>68 cm<\/td>\n<\/tr>\n<tr>\n<td>M<\/td>\n<td>52 cm<\/td>\n<td>69 cm<\/td>\n<\/tr>\n<tr>\n<td>G<\/td>\n<td>53 cm<\/td>\n<td>71 cm<\/td>\n<\/tr>\n<tr>\n<td>GG<\/td>\n<td>53 cm<\/td>\n<td>74 cm<\/td>\n<\/tr>\n<\/tbody>\n<\/table>\n<\/div>\n","protected":false},"featured_media":467,"comment_status":"closed","ping_status":"closed","template":"","meta":{"_themeisle_gutenberg_block_has_review":false,"jetpack_post_was_ever_published":false,"jetpack_publicize_message":"","jetpack_publicize_feature_enabled":true,"jetpack_social_post_already_shared":true,"jetpack_social_options":{"image_generator_settings":{"template":"highway","default_image_id":0,"font":"","enabled":false},"version":2}},"product_brand":[],"product_cat":[52,84,85,83,90],"product_tag":[353,354,296,350,256],"class_list":{"0":"post-442","1":"product","2":"type-product","3":"status-publish","4":"has-post-thumbnail","6":"product_cat-astrologia","7":"product_cat-luciana-rosa","8":"product_cat-moda","9":"product_cat-moda-masculina","10":"product_cat-signo-leao","11":"product_tag-camiseta","12":"product_tag-horoscopo","13":"product_tag-leao","14":"product_tag-masculino","15":"product_tag-signos","16":"post","18":"first","19":"instock","20":"taxable","21":"shipping-taxable","22":"purchasable","23":"product-type-variable"},"composite_virtual":false,"composite_layout":"","composite_add_to_cart_form_location":"","composite_editable_in_cart":false,"composite_sold_individually_context":"","composite_shop_price_calc":"","composite_components":[],"composite_scenarios":[],"yoast_head":"<!-- This site is optimized with the Yoast SEO Premium plugin v22.9 (Yoast SEO v27.3) - https:\/\/yoast.com\/product\/yoast-seo-premium-wordpress\/ -->\n<title>Camiseta Masculina Signo de Le\u00e3o - Escola de Astrologia DMAstro<\/title>\n<meta name=\"robots\" content=\"index, follow, max-snippet:-1, max-image-preview:large, max-video-preview:-1\" \/>\n<link rel=\"canonical\" href=\"https:\/\/www.dmastro.com.br\/dmastroblog\/produto\/camiseta-masculina-signo-de-leao\/\" \/>\n<meta property=\"og:locale\" content=\"pt_BR\" \/>\n<meta property=\"og:type\" content=\"article\" \/>\n<meta property=\"og:title\" content=\"Camiseta Masculina Signo de Le\u00e3o\" \/>\n<meta property=\"og:description\" content=\"Camiseta masculina confeccionada em malha de fria, malha mista de poli\u00e9ster e viscose. Modelagem b\u00e1sica de mangas curtas e decote careca. \u00c9 leve, confort\u00e1vel e vers\u00e1til podendo transitar facilmente em diversas ocasi\u00f5es do dia a dia.  Arte assinada pela designer Luciana Rosa \/ Venda exclusiva por DMAstro Brasil CARACTER\u00cdSTICAS:   DIMENS\u00d5ES:       Tamanho Largura Altura   P 49 cm 68 cm   M 52 cm 69 cm   G 53 cm 71 cm   GG 53 cm 74 cm\" \/>\n<meta property=\"og:url\" content=\"https:\/\/www.dmastro.com.br\/dmastroblog\/produto\/camiseta-masculina-signo-de-leao\/\" \/>\n<meta property=\"og:site_name\" content=\"Escola de Astrologia DMAstro\" \/>\n<meta property=\"article:publisher\" content=\"https:\/\/www.facebook.com\/dmastrobr\" \/>\n<meta property=\"article:modified_time\" content=\"2019-03-03T04:23:23+00:00\" \/>\n<meta property=\"og:image\" content=\"https:\/\/www.dmastro.com.br\/dmastroblog\/wp-content\/uploads\/2018\/03\/Camiseta-Masculina-Malha-Fria-leao.jpg\" \/>\n\t<meta property=\"og:image:width\" content=\"1100\" \/>\n\t<meta property=\"og:image:height\" content=\"1469\" \/>\n\t<meta property=\"og:image:type\" content=\"image\/jpeg\" \/>\n<meta name=\"twitter:card\" content=\"summary_large_image\" \/>\n<meta name=\"twitter:site\" content=\"@dmastrobrasil\" \/>\n<meta name=\"twitter:label1\" content=\"Disponibilidade\" \/>\n\t<meta name=\"twitter:data1\" content=\"Em Estoque\" \/>\n<script type=\"application\/ld+json\" class=\"yoast-schema-graph\">{\"@context\":\"https:\\\/\\\/schema.org\",\"@graph\":[{\"@type\":\"WebPage\",\"@id\":\"https:\\\/\\\/www.dmastro.com.br\\\/dmastroblog\\\/produto\\\/camiseta-masculina-signo-de-leao\\\/\",\"url\":\"https:\\\/\\\/www.dmastro.com.br\\\/dmastroblog\\\/produto\\\/camiseta-masculina-signo-de-leao\\\/\",\"name\":\"Camiseta Masculina Signo de Le\u00e3o - Escola de Astrologia DMAstro\",\"isPartOf\":{\"@id\":\"https:\\\/\\\/www.dmastro.com.br\\\/dmastroblog\\\/#website\"},\"primaryImageOfPage\":{\"@id\":\"https:\\\/\\\/www.dmastro.com.br\\\/dmastroblog\\\/produto\\\/camiseta-masculina-signo-de-leao\\\/#primaryimage\"},\"image\":{\"@id\":\"https:\\\/\\\/www.dmastro.com.br\\\/dmastroblog\\\/produto\\\/camiseta-masculina-signo-de-leao\\\/#primaryimage\"},\"thumbnailUrl\":\"https:\\\/\\\/i0.wp.com\\\/www.dmastro.com.br\\\/dmastroblog\\\/wp-content\\\/uploads\\\/2018\\\/03\\\/Camiseta-Masculina-Malha-Fria-leao.jpg?fit=1100%2C1469&ssl=1\",\"datePublished\":\"2018-03-07T23:48:33+00:00\",\"dateModified\":\"2019-03-03T04:23:23+00:00\",\"breadcrumb\":{\"@id\":\"https:\\\/\\\/www.dmastro.com.br\\\/dmastroblog\\\/produto\\\/camiseta-masculina-signo-de-leao\\\/#breadcrumb\"},\"inLanguage\":\"pt-BR\",\"potentialAction\":[{\"@type\":\"ReadAction\",\"target\":[\"https:\\\/\\\/www.dmastro.com.br\\\/dmastroblog\\\/produto\\\/camiseta-masculina-signo-de-leao\\\/\"]}]},{\"@type\":\"ImageObject\",\"inLanguage\":\"pt-BR\",\"@id\":\"https:\\\/\\\/www.dmastro.com.br\\\/dmastroblog\\\/produto\\\/camiseta-masculina-signo-de-leao\\\/#primaryimage\",\"url\":\"https:\\\/\\\/i0.wp.com\\\/www.dmastro.com.br\\\/dmastroblog\\\/wp-content\\\/uploads\\\/2018\\\/03\\\/Camiseta-Masculina-Malha-Fria-leao.jpg?fit=1100%2C1469&ssl=1\",\"contentUrl\":\"https:\\\/\\\/i0.wp.com\\\/www.dmastro.com.br\\\/dmastroblog\\\/wp-content\\\/uploads\\\/2018\\\/03\\\/Camiseta-Masculina-Malha-Fria-leao.jpg?fit=1100%2C1469&ssl=1\",\"width\":1100,\"height\":1469},{\"@type\":\"BreadcrumbList\",\"@id\":\"https:\\\/\\\/www.dmastro.com.br\\\/dmastroblog\\\/produto\\\/camiseta-masculina-signo-de-leao\\\/#breadcrumb\",\"itemListElement\":[{\"@type\":\"ListItem\",\"position\":1,\"name\":\"In\u00edcio\",\"item\":\"https:\\\/\\\/www.dmastro.com.br\\\/dmastroblog\\\/\"},{\"@type\":\"ListItem\",\"position\":2,\"name\":\"Loja\",\"item\":\"https:\\\/\\\/www.dmastro.com.br\\\/dmastroblog\\\/loja\\\/\"},{\"@type\":\"ListItem\",\"position\":3,\"name\":\"Camiseta Masculina Signo de Le\u00e3o\"}]},{\"@type\":\"WebSite\",\"@id\":\"https:\\\/\\\/www.dmastro.com.br\\\/dmastroblog\\\/#website\",\"url\":\"https:\\\/\\\/www.dmastro.com.br\\\/dmastroblog\\\/\",\"name\":\"DMAstro Brasil\",\"description\":\"Curso Completo de Forma\u00e7\u00e3o\",\"publisher\":{\"@id\":\"https:\\\/\\\/www.dmastro.com.br\\\/dmastroblog\\\/#organization\"},\"potentialAction\":[{\"@type\":\"SearchAction\",\"target\":{\"@type\":\"EntryPoint\",\"urlTemplate\":\"https:\\\/\\\/www.dmastro.com.br\\\/dmastroblog\\\/?s={search_term_string}\"},\"query-input\":{\"@type\":\"PropertyValueSpecification\",\"valueRequired\":true,\"valueName\":\"search_term_string\"}}],\"inLanguage\":\"pt-BR\"},{\"@type\":\"Organization\",\"@id\":\"https:\\\/\\\/www.dmastro.com.br\\\/dmastroblog\\\/#organization\",\"name\":\"DMAstro Brasil\",\"url\":\"https:\\\/\\\/www.dmastro.com.br\\\/dmastroblog\\\/\",\"logo\":{\"@type\":\"ImageObject\",\"inLanguage\":\"pt-BR\",\"@id\":\"https:\\\/\\\/www.dmastro.com.br\\\/dmastroblog\\\/#\\\/schema\\\/logo\\\/image\\\/\",\"url\":\"https:\\\/\\\/www.dmastro.com.br\\\/dmastroblog\\\/wp-content\\\/uploads\\\/2018\\\/12\\\/logotipo-dmastro-brasil.png\",\"contentUrl\":\"https:\\\/\\\/www.dmastro.com.br\\\/dmastroblog\\\/wp-content\\\/uploads\\\/2018\\\/12\\\/logotipo-dmastro-brasil.png\",\"width\":180,\"height\":180,\"caption\":\"DMAstro Brasil\"},\"image\":{\"@id\":\"https:\\\/\\\/www.dmastro.com.br\\\/dmastroblog\\\/#\\\/schema\\\/logo\\\/image\\\/\"},\"sameAs\":[\"https:\\\/\\\/www.facebook.com\\\/dmastrobr\",\"https:\\\/\\\/x.com\\\/dmastrobrasil\",\"https:\\\/\\\/www.instagram.com\\\/dmastrobrasil\\\/\"]}]}<\/script>\n<meta property=\"og:availability\" content=\"instock\" \/>\n<meta property=\"product:availability\" content=\"instock\" \/>\n<meta property=\"product:condition\" content=\"new\" \/>\n<!-- \/ Yoast SEO Premium plugin. -->","yoast_head_json":{"title":"Camiseta Masculina Signo de Le\u00e3o - Escola de Astrologia DMAstro","robots":{"index":"index","follow":"follow","max-snippet":"max-snippet:-1","max-image-preview":"max-image-preview:large","max-video-preview":"max-video-preview:-1"},"canonical":"https:\/\/www.dmastro.com.br\/dmastroblog\/produto\/camiseta-masculina-signo-de-leao\/","og_locale":"pt_BR","og_type":"article","og_title":"Camiseta Masculina Signo de Le\u00e3o","og_description":"Camiseta masculina confeccionada em malha de fria, malha mista de poli\u00e9ster e viscose. Modelagem b\u00e1sica de mangas curtas e decote careca. \u00c9 leve, confort\u00e1vel e vers\u00e1til podendo transitar facilmente em diversas ocasi\u00f5es do dia a dia.  Arte assinada pela designer Luciana Rosa \/ Venda exclusiva por DMAstro Brasil CARACTER\u00cdSTICAS:   DIMENS\u00d5ES:       Tamanho Largura Altura   P 49 cm 68 cm   M 52 cm 69 cm   G 53 cm 71 cm   GG 53 cm 74 cm","og_url":"https:\/\/www.dmastro.com.br\/dmastroblog\/produto\/camiseta-masculina-signo-de-leao\/","og_site_name":"Escola de Astrologia DMAstro","article_publisher":"https:\/\/www.facebook.com\/dmastrobr","article_modified_time":"2019-03-03T04:23:23+00:00","og_image":[{"width":1100,"height":1469,"url":"https:\/\/www.dmastro.com.br\/dmastroblog\/wp-content\/uploads\/2018\/03\/Camiseta-Masculina-Malha-Fria-leao.jpg","type":"image\/jpeg"}],"twitter_card":"summary_large_image","twitter_site":"@dmastrobrasil","twitter_misc":{"Disponibilidade":"Em Estoque"},"schema":{"@context":"https:\/\/schema.org","@graph":[{"@type":"WebPage","@id":"https:\/\/www.dmastro.com.br\/dmastroblog\/produto\/camiseta-masculina-signo-de-leao\/","url":"https:\/\/www.dmastro.com.br\/dmastroblog\/produto\/camiseta-masculina-signo-de-leao\/","name":"Camiseta Masculina Signo de Le\u00e3o - Escola de Astrologia DMAstro","isPartOf":{"@id":"https:\/\/www.dmastro.com.br\/dmastroblog\/#website"},"primaryImageOfPage":{"@id":"https:\/\/www.dmastro.com.br\/dmastroblog\/produto\/camiseta-masculina-signo-de-leao\/#primaryimage"},"image":{"@id":"https:\/\/www.dmastro.com.br\/dmastroblog\/produto\/camiseta-masculina-signo-de-leao\/#primaryimage"},"thumbnailUrl":"https:\/\/i0.wp.com\/www.dmastro.com.br\/dmastroblog\/wp-content\/uploads\/2018\/03\/Camiseta-Masculina-Malha-Fria-leao.jpg?fit=1100%2C1469&ssl=1","datePublished":"2018-03-07T23:48:33+00:00","dateModified":"2019-03-03T04:23:23+00:00","breadcrumb":{"@id":"https:\/\/www.dmastro.com.br\/dmastroblog\/produto\/camiseta-masculina-signo-de-leao\/#breadcrumb"},"inLanguage":"pt-BR","potentialAction":[{"@type":"ReadAction","target":["https:\/\/www.dmastro.com.br\/dmastroblog\/produto\/camiseta-masculina-signo-de-leao\/"]}]},{"@type":"ImageObject","inLanguage":"pt-BR","@id":"https:\/\/www.dmastro.com.br\/dmastroblog\/produto\/camiseta-masculina-signo-de-leao\/#primaryimage","url":"https:\/\/i0.wp.com\/www.dmastro.com.br\/dmastroblog\/wp-content\/uploads\/2018\/03\/Camiseta-Masculina-Malha-Fria-leao.jpg?fit=1100%2C1469&ssl=1","contentUrl":"https:\/\/i0.wp.com\/www.dmastro.com.br\/dmastroblog\/wp-content\/uploads\/2018\/03\/Camiseta-Masculina-Malha-Fria-leao.jpg?fit=1100%2C1469&ssl=1","width":1100,"height":1469},{"@type":"BreadcrumbList","@id":"https:\/\/www.dmastro.com.br\/dmastroblog\/produto\/camiseta-masculina-signo-de-leao\/#breadcrumb","itemListElement":[{"@type":"ListItem","position":1,"name":"In\u00edcio","item":"https:\/\/www.dmastro.com.br\/dmastroblog\/"},{"@type":"ListItem","position":2,"name":"Loja","item":"https:\/\/www.dmastro.com.br\/dmastroblog\/loja\/"},{"@type":"ListItem","position":3,"name":"Camiseta Masculina Signo de Le\u00e3o"}]},{"@type":"WebSite","@id":"https:\/\/www.dmastro.com.br\/dmastroblog\/#website","url":"https:\/\/www.dmastro.com.br\/dmastroblog\/","name":"DMAstro Brasil","description":"Curso Completo de Forma\u00e7\u00e3o","publisher":{"@id":"https:\/\/www.dmastro.com.br\/dmastroblog\/#organization"},"potentialAction":[{"@type":"SearchAction","target":{"@type":"EntryPoint","urlTemplate":"https:\/\/www.dmastro.com.br\/dmastroblog\/?s={search_term_string}"},"query-input":{"@type":"PropertyValueSpecification","valueRequired":true,"valueName":"search_term_string"}}],"inLanguage":"pt-BR"},{"@type":"Organization","@id":"https:\/\/www.dmastro.com.br\/dmastroblog\/#organization","name":"DMAstro Brasil","url":"https:\/\/www.dmastro.com.br\/dmastroblog\/","logo":{"@type":"ImageObject","inLanguage":"pt-BR","@id":"https:\/\/www.dmastro.com.br\/dmastroblog\/#\/schema\/logo\/image\/","url":"https:\/\/www.dmastro.com.br\/dmastroblog\/wp-content\/uploads\/2018\/12\/logotipo-dmastro-brasil.png","contentUrl":"https:\/\/www.dmastro.com.br\/dmastroblog\/wp-content\/uploads\/2018\/12\/logotipo-dmastro-brasil.png","width":180,"height":180,"caption":"DMAstro Brasil"},"image":{"@id":"https:\/\/www.dmastro.com.br\/dmastroblog\/#\/schema\/logo\/image\/"},"sameAs":["https:\/\/www.facebook.com\/dmastrobr","https:\/\/x.com\/dmastrobrasil","https:\/\/www.instagram.com\/dmastrobrasil\/"]}]},"og_availability":"instock","product_availability":"instock","product_condition":"new"},"jetpack_publicize_connections":[],"jetpack_sharing_enabled":true,"jetpack_likes_enabled":true,"publishpress_future_workflow_manual_trigger":{"enabledWorkflows":[]},"_links":{"self":[{"href":"https:\/\/www.dmastro.com.br\/dmastroblog\/wp-json\/wp\/v2\/product\/442","targetHints":{"allow":["GET"]}}],"collection":[{"href":"https:\/\/www.dmastro.com.br\/dmastroblog\/wp-json\/wp\/v2\/product"}],"about":[{"href":"https:\/\/www.dmastro.com.br\/dmastroblog\/wp-json\/wp\/v2\/types\/product"}],"replies":[{"embeddable":true,"href":"https:\/\/www.dmastro.com.br\/dmastroblog\/wp-json\/wp\/v2\/comments?post=442"}],"wp:featuredmedia":[{"embeddable":true,"href":"https:\/\/www.dmastro.com.br\/dmastroblog\/wp-json\/wp\/v2\/media\/467"}],"wp:attachment":[{"href":"https:\/\/www.dmastro.com.br\/dmastroblog\/wp-json\/wp\/v2\/media?parent=442"}],"wp:term":[{"taxonomy":"product_brand","embeddable":true,"href":"https:\/\/www.dmastro.com.br\/dmastroblog\/wp-json\/wp\/v2\/product_brand?post=442"},{"taxonomy":"product_cat","embeddable":true,"href":"https:\/\/www.dmastro.com.br\/dmastroblog\/wp-json\/wp\/v2\/product_cat?post=442"},{"taxonomy":"product_tag","embeddable":true,"href":"https:\/\/www.dmastro.com.br\/dmastroblog\/wp-json\/wp\/v2\/product_tag?post=442"}],"curies":[{"name":"wp","href":"https:\/\/api.w.org\/{rel}","templated":true}]}}