{"id":3926,"date":"2020-11-27T02:17:15","date_gmt":"2020-11-27T05:17:15","guid":{"rendered":"http:\/\/www.dmastro.com.br\/dmastroblog\/?post_type=product&#038;p=3926"},"modified":"2022-01-01T00:03:54","modified_gmt":"2022-01-01T03:03:54","slug":"ead-curso-astrologia-medica-e-psiquica-anna-maria-costa-ribeiro","status":"publish","type":"product","link":"https:\/\/www.dmastro.com.br\/dmastroblog\/produto\/ead-curso-astrologia-medica-e-psiquica-anna-maria-costa-ribeiro\/","title":{"rendered":"EAD Curso Astrologia M\u00e9dica e Ps\u00edquica &#8211; Anna Maria Costa Ribeiro"},"content":{"rendered":"<p>Assinatura EAD &#8211; Curso Astrologia M\u00e9dica e Ps\u00edquica &#8211; Anna Maria Costa Ribeiro &#8211; 23 horas de aulas.<\/p>\n<p>Prof.: ANNA MARIA COSTA RIBEIRO \u00e9 diretora da URANTIAM, autora de 48 livros, mais de 43 000 consultas, forma\u00e7\u00e3o de 160 turmas presenciais at\u00e9 dez 2018, cursos intensivos em SP desde 2015<\/p>\n<p>Aprender fazendo e se apaixonando. Compreender o mapa e a alma da pessoa. Decorar \u00e9 para computadores. Meta: ultrapassar os Robots<\/p>\n<p>Experi\u00eancia em quest\u00f5es de sa\u00fade durante 15 anos em institui\u00e7\u00f5es. No s\u00e9culo 21 a Astrologia ser\u00e1 de grande aux\u00edlio, inclusive nas quest\u00f5es de sa\u00fade.<\/p>\n<p><em><strong><br \/>\nCONTE\u00daDO DO CURSO<br \/>\n<\/strong><\/em><\/p>\n<ul>\n<li>Interpreta\u00e7\u00e3o \/Previs\u00f5es na Astrologia M\u00e9dica e Ps\u00edquica.<\/li>\n<li>Causas, o que est\u00e1 por tr\u00e1s.<\/li>\n<li>Efeitos, o que est\u00e1 na frente.<\/li>\n<li>Import\u00e2ncia da multidisciplinaridade na ajuda das quest\u00f5es de sa\u00fade.<\/li>\n<li>No\u00e7\u00f5es da Medicina Chinesa \/ Emo\u00e7\u00f5es, e dos Chakras.<\/li>\n<li>Quest\u00f5es heredit\u00e1rias, transgeracionais no mapa natal.<\/li>\n<li>O que ajuda.<\/li>\n<li>Que inten\u00e7\u00f5es \/ poderes dos signos e atributos\/ vozes dos planetas provocam desarmonia e, portanto doen\u00e7as.<\/li>\n<li>Que circunst\u00e2ncias \/ evidencias da vida\/ casas provocam doen\u00e7as e sua revers\u00e3o.<\/li>\n<li>Troca de informa\u00e7\u00f5es entre astr\u00f3logos e outros profissionais.<\/li>\n<li>Cirurgias, quando?<\/li>\n<li>Mortes, Quando? Pesquisa sobre a morte com 250 casos. Influ\u00eancias no mapa.<\/li>\n<li>Coment\u00e1rios sobre drogas, alcoolismo, depend\u00eancias (317 casos estudados e trabalhos numa cl\u00ednica).<\/li>\n<li>Astrologia e sa\u00fade no s\u00e9culo 21.<\/li>\n<li>Infertilidade, insemina\u00e7\u00e3o artificial: porque e quando?<\/li>\n<li>Impot\u00eancia sexual e suas quest\u00f5es.<\/li>\n<li>Sexualidade e suas quest\u00f5es.<\/li>\n<li>Suic\u00eddios.<\/li>\n<li>Quest\u00f5es ps\u00edquicas, autismo, etc ( pesquisa com mais de 100 casos).<\/li>\n<li>H\u00e1 cura ou revers\u00e3o com o uso da Astrologia? Transforma\u00e7\u00e3o.<\/li>\n<li>Qualquer caso \u00fatil ao grupo pode ser apresentado.<\/li>\n<li>Trazer Mapas de pessoas que passaram por doen\u00e7as e das que j\u00e1 morreram.<\/li>\n<li>Outras quest\u00f5es que se apresentem.<\/li>\n<\/ul>\n<p><strong>LIVROS<\/strong><br \/>\n<em>Recomendado que se tenha os livros ou e-book , embora n\u00e3o obrigat\u00f3rios:<\/em><\/p>\n<ul>\n<li>Conhecimento de Astrologia M\u00e9dica e Ps\u00edquica<\/li>\n<li>Sorria no Funeral (inclui pesquisa sobre a morte e de contatos com ET, ambas expostas em congressos nos USA e Brasil, al\u00e9m de publicadas)<\/li>\n<li>Astrologia , Alcoolismo e Drogas (inclui pesquisa sobre adi\u00e7\u00e3o, feita em cl\u00ednica no RJ)<\/li>\n<li>Conhecimento dos Aspectos 3 vols<\/li>\n<li>Cole\u00e7\u00e3o Tenho Pressa mas n\u00e3o Dispenso Qualidade, vols 5 e 6 ( Interpreta\u00e7\u00e3o e Previs\u00f5es)<\/li>\n<\/ul>\n","protected":false},"excerpt":{"rendered":"<p>Assinatura EAD &#8211; Curso Astrologia M\u00e9dica e Ps\u00edquica &#8211; Anna Maria Costa Ribeiro &#8211; 23 horas de aulas.<\/p>\n<p>Prof.: ANNA MARIA COSTA RIBEIRO \u00e9 diretora da URANTIAM, autora de 48 livros, mais de 43 000 consultas, forma\u00e7\u00e3o de 160 turmas presenciais at\u00e9 dez 2018, cursos intensivos em SP desde 2015<\/p>\n<p>Aprender fazendo e se apaixonando. Compreender o mapa e a alma da pessoa. Decorar \u00e9 para computadores. Meta: ultrapassar os Robots<\/p>\n<p>Experi\u00eancia em quest\u00f5es de sa\u00fade durante 15 anos em institui\u00e7\u00f5es. No s\u00e9culo 21 a Astrologia ser\u00e1 de grande aux\u00edlio, inclusive nas quest\u00f5es de sa\u00fade.<\/p>\n<p><em><strong><br \/>\nCONTE\u00daDO DO CURSO<br \/>\n<\/strong><\/em><\/p>\n<ul>\n<li>Interpreta\u00e7\u00e3o \/Previs\u00f5es na Astrologia M\u00e9dica e Ps\u00edquica.<\/li>\n<li>Causas, o que est\u00e1 por tr\u00e1s.<\/li>\n<li>Efeitos, o que est\u00e1 na frente.<\/li>\n<li>Import\u00e2ncia da multidisciplinaridade na ajuda das quest\u00f5es de sa\u00fade.<\/li>\n<li>No\u00e7\u00f5es da Medicina Chinesa \/ Emo\u00e7\u00f5es, e dos Chakras.<\/li>\n<li>Quest\u00f5es heredit\u00e1rias, transgeracionais no mapa natal.<\/li>\n<li>O que ajuda.<\/li>\n<li>Que inten\u00e7\u00f5es \/ poderes dos signos e atributos\/ vozes dos planetas provocam desarmonia e, portanto doen\u00e7as.<\/li>\n<li>Que circunst\u00e2ncias \/ evidencias da vida\/ casas provocam doen\u00e7as e sua revers\u00e3o.<\/li>\n<li>Troca de informa\u00e7\u00f5es entre astr\u00f3logos e outros profissionais.<\/li>\n<li>Cirurgias, quando?<\/li>\n<li>Mortes, Quando? Pesquisa sobre a morte com 250 casos. Influ\u00eancias no mapa.<\/li>\n<li>Coment\u00e1rios sobre drogas, alcoolismo, depend\u00eancias (317 casos estudados e trabalhos numa cl\u00ednica).<\/li>\n<li>Astrologia e sa\u00fade no s\u00e9culo 21.<\/li>\n<li>Infertilidade, insemina\u00e7\u00e3o artificial: porque e quando?<\/li>\n<li>Impot\u00eancia sexual e suas quest\u00f5es.<\/li>\n<li>Sexualidade e suas quest\u00f5es.<\/li>\n<li>Suic\u00eddios.<\/li>\n<li>Quest\u00f5es ps\u00edquicas, autismo, etc ( pesquisa com mais de 100 casos).<\/li>\n<li>H\u00e1 cura ou revers\u00e3o com o uso da Astrologia? Transforma\u00e7\u00e3o.<\/li>\n<li>Qualquer caso \u00fatil ao grupo pode ser apresentado.<\/li>\n<li>Trazer Mapas de pessoas que passaram por doen\u00e7as e das que j\u00e1 morreram.<\/li>\n<li>Outras quest\u00f5es que se apresentem.<\/li>\n<\/ul>\n<p><strong>LIVROS<\/strong><br \/>\n<em>Recomendado que se tenha os livros ou e-book , embora n\u00e3o obrigat\u00f3rios:<\/em><\/p>\n<ul>\n<li>Conhecimento de Astrologia M\u00e9dica e Ps\u00edquica<\/li>\n<li>Sorria no Funeral (inclui pesquisa sobre a morte e de contatos com ET, ambas expostas em congressos nos USA e Brasil, al\u00e9m de publicadas)<\/li>\n<li>Astrologia , Alcoolismo e Drogas (inclui pesquisa sobre adi\u00e7\u00e3o, feita em cl\u00ednica no RJ)<\/li>\n<li>Conhecimento dos Aspectos 3 vols<\/li>\n<li>Cole\u00e7\u00e3o Tenho Pressa mas n\u00e3o Dispenso Qualidade, vols 5 e 6 ( Interpreta\u00e7\u00e3o e Previs\u00f5es)<\/li>\n<\/ul>\n","protected":false},"featured_media":5065,"comment_status":"open","ping_status":"closed","template":"","meta":{"_themeisle_gutenberg_block_has_review":false,"jetpack_post_was_ever_published":false,"jetpack_publicize_message":"","jetpack_publicize_feature_enabled":true,"jetpack_social_post_already_shared":true,"jetpack_social_options":{"image_generator_settings":{"template":"highway","default_image_id":0,"font":"","enabled":false},"version":2}},"product_brand":[],"product_cat":[27,71,364,66,1232],"product_tag":[],"class_list":{"0":"post-3926","1":"product","2":"type-product","3":"status-publish","4":"has-post-thumbnail","6":"product_cat-anna-maria-costa-ribeiro","7":"product_cat-cursos-em-video-de-astrologia","8":"product_cat-curso-online","9":"product_cat-cursos-em-video","10":"product_cat-natal-2021","11":"post","13":"first","14":"instock","15":"virtual","16":"taxable","17":"purchasable","18":"product-type-simple"},"composite_virtual":false,"composite_layout":"","composite_add_to_cart_form_location":"","composite_editable_in_cart":false,"composite_sold_individually_context":"","composite_shop_price_calc":"","composite_components":[],"composite_scenarios":[],"yoast_head":"<!-- This site is optimized with the Yoast SEO Premium plugin v22.9 (Yoast SEO v27.3) - https:\/\/yoast.com\/product\/yoast-seo-premium-wordpress\/ -->\n<title>EAD Curso Astrologia M\u00e9dica e Ps\u00edquica - Anna Maria Costa Ribeiro - Escola de Astrologia DMAstro<\/title>\n<meta name=\"robots\" content=\"index, follow, max-snippet:-1, max-image-preview:large, max-video-preview:-1\" \/>\n<link rel=\"canonical\" href=\"https:\/\/www.dmastro.com.br\/dmastroblog\/produto\/ead-curso-astrologia-medica-e-psiquica-anna-maria-costa-ribeiro\/\" \/>\n<meta property=\"og:locale\" content=\"pt_BR\" \/>\n<meta property=\"og:type\" content=\"article\" \/>\n<meta property=\"og:title\" content=\"EAD Curso Astrologia M\u00e9dica e Ps\u00edquica - Anna Maria Costa Ribeiro\" \/>\n<meta property=\"og:description\" content=\"Assinatura EAD - Curso Astrologia M\u00e9dica e Ps\u00edquica - Anna Maria Costa Ribeiro - 23 horas de aulas.  Prof.: ANNA MARIA COSTA RIBEIRO \u00e9 diretora da URANTIAM, autora de 48 livros, mais de 43 000 consultas, forma\u00e7\u00e3o de 160 turmas presenciais at\u00e9 dez 2018, cursos intensivos em SP desde 2015  Aprender fazendo e se apaixonando. Compreender o mapa e a alma da pessoa. Decorar \u00e9 para computadores. Meta: ultrapassar os Robots  Experi\u00eancia em quest\u00f5es de sa\u00fade durante 15 anos em institui\u00e7\u00f5es. No s\u00e9culo 21 a Astrologia ser\u00e1 de grande aux\u00edlio, inclusive nas quest\u00f5es de sa\u00fade.   CONTE\u00daDO DO CURSO    Interpreta\u00e7\u00e3o \/Previs\u00f5es na Astrologia M\u00e9dica e Ps\u00edquica.  Causas, o que est\u00e1 por tr\u00e1s.  Efeitos, o que est\u00e1 na frente.  Import\u00e2ncia da multidisciplinaridade na ajuda das quest\u00f5es de sa\u00fade.  No\u00e7\u00f5es da Medicina Chinesa \/ Emo\u00e7\u00f5es, e dos Chakras.  Quest\u00f5es heredit\u00e1rias, transgeracionais no mapa natal.  O que ajuda.  Que inten\u00e7\u00f5es \/ poderes dos signos e atributos\/ vozes dos planetas provocam desarmonia e, portanto doen\u00e7as.  Que circunst\u00e2ncias \/ evidencias da vida\/ casas provocam doen\u00e7as e sua revers\u00e3o.  Troca de informa\u00e7\u00f5es entre astr\u00f3logos e outros profissionais.  Cirurgias, quando?  Mortes, Quando? Pesquisa sobre a morte com 250 casos. Influ\u00eancias no mapa.  Coment\u00e1rios sobre drogas, alcoolismo, depend\u00eancias (317 casos estudados e trabalhos numa cl\u00ednica).  Astrologia e sa\u00fade no s\u00e9culo 21.  Infertilidade, insemina\u00e7\u00e3o artificial: porque e quando?  Impot\u00eancia sexual e suas quest\u00f5es.  Sexualidade e suas quest\u00f5es.  Suic\u00eddios.  Quest\u00f5es ps\u00edquicas, autismo, etc ( pesquisa com mais de 100 casos).  H\u00e1 cura ou revers\u00e3o com o uso da Astrologia? Transforma\u00e7\u00e3o.  Qualquer caso \u00fatil ao grupo pode ser apresentado.  Trazer Mapas de pessoas que passaram por doen\u00e7as e das que j\u00e1 morreram.  Outras quest\u00f5es que se apresentem.  LIVROS Recomendado que se tenha os livros ou e-book , embora n\u00e3o obrigat\u00f3rios:   Conhecimento de Astrologia M\u00e9dica e Ps\u00edquica  Sorria no Funeral (inclui pesquisa sobre a morte e de contatos com ET, ambas expostas em congressos nos USA e Brasil, al\u00e9m de publicadas)  Astrologia , Alcoolismo e Drogas (inclui pesquisa sobre adi\u00e7\u00e3o, feita em cl\u00ednica no RJ)  Conhecimento dos Aspectos 3 vols  Cole\u00e7\u00e3o Tenho Pressa mas n\u00e3o Dispenso Qualidade, vols 5 e 6 ( Interpreta\u00e7\u00e3o e Previs\u00f5es)\" \/>\n<meta property=\"og:url\" content=\"https:\/\/www.dmastro.com.br\/dmastroblog\/produto\/ead-curso-astrologia-medica-e-psiquica-anna-maria-costa-ribeiro\/\" \/>\n<meta property=\"og:site_name\" content=\"Escola de Astrologia DMAstro\" \/>\n<meta property=\"article:publisher\" content=\"https:\/\/www.facebook.com\/dmastrobr\" \/>\n<meta property=\"article:modified_time\" content=\"2022-01-01T03:03:54+00:00\" \/>\n<meta property=\"og:image\" content=\"https:\/\/www.dmastro.com.br\/dmastroblog\/wp-content\/uploads\/2020\/11\/Curso-Online-EAD-Astrologia-Medica-e-Psiquica-Anna-Maria-Costa-Ribeiro-DMAstro-Brasil.jpg\" \/>\n\t<meta property=\"og:image:width\" content=\"1000\" \/>\n\t<meta property=\"og:image:height\" content=\"1000\" \/>\n\t<meta property=\"og:image:type\" content=\"image\/jpeg\" \/>\n<meta name=\"twitter:card\" content=\"summary_large_image\" \/>\n<meta name=\"twitter:site\" content=\"@dmastrobrasil\" \/>\n<meta name=\"twitter:label1\" content=\"Pre\u00e7o\" \/>\n\t<meta name=\"twitter:data1\" content=\"&#082;&#036;900,00\" \/>\n\t<meta name=\"twitter:label2\" content=\"Disponibilidade\" \/>\n\t<meta name=\"twitter:data2\" content=\"Em Estoque\" \/>\n<script type=\"application\/ld+json\" class=\"yoast-schema-graph\">{\"@context\":\"https:\\\/\\\/schema.org\",\"@graph\":[{\"@type\":\"WebPage\",\"@id\":\"https:\\\/\\\/www.dmastro.com.br\\\/dmastroblog\\\/produto\\\/ead-curso-astrologia-medica-e-psiquica-anna-maria-costa-ribeiro\\\/\",\"url\":\"https:\\\/\\\/www.dmastro.com.br\\\/dmastroblog\\\/produto\\\/ead-curso-astrologia-medica-e-psiquica-anna-maria-costa-ribeiro\\\/\",\"name\":\"EAD Curso Astrologia M\u00e9dica e Ps\u00edquica - Anna Maria Costa Ribeiro - Escola de Astrologia DMAstro\",\"isPartOf\":{\"@id\":\"https:\\\/\\\/www.dmastro.com.br\\\/dmastroblog\\\/#website\"},\"primaryImageOfPage\":{\"@id\":\"https:\\\/\\\/www.dmastro.com.br\\\/dmastroblog\\\/produto\\\/ead-curso-astrologia-medica-e-psiquica-anna-maria-costa-ribeiro\\\/#primaryimage\"},\"image\":{\"@id\":\"https:\\\/\\\/www.dmastro.com.br\\\/dmastroblog\\\/produto\\\/ead-curso-astrologia-medica-e-psiquica-anna-maria-costa-ribeiro\\\/#primaryimage\"},\"thumbnailUrl\":\"https:\\\/\\\/i0.wp.com\\\/www.dmastro.com.br\\\/dmastroblog\\\/wp-content\\\/uploads\\\/2020\\\/11\\\/Curso-Online-EAD-Astrologia-Medica-e-Psiquica-Anna-Maria-Costa-Ribeiro-DMAstro-Brasil.jpg?fit=1000%2C1000&ssl=1\",\"datePublished\":\"2020-11-27T05:17:15+00:00\",\"dateModified\":\"2022-01-01T03:03:54+00:00\",\"breadcrumb\":{\"@id\":\"https:\\\/\\\/www.dmastro.com.br\\\/dmastroblog\\\/produto\\\/ead-curso-astrologia-medica-e-psiquica-anna-maria-costa-ribeiro\\\/#breadcrumb\"},\"inLanguage\":\"pt-BR\",\"potentialAction\":[{\"@type\":\"ReadAction\",\"target\":[\"https:\\\/\\\/www.dmastro.com.br\\\/dmastroblog\\\/produto\\\/ead-curso-astrologia-medica-e-psiquica-anna-maria-costa-ribeiro\\\/\"]}]},{\"@type\":\"ImageObject\",\"inLanguage\":\"pt-BR\",\"@id\":\"https:\\\/\\\/www.dmastro.com.br\\\/dmastroblog\\\/produto\\\/ead-curso-astrologia-medica-e-psiquica-anna-maria-costa-ribeiro\\\/#primaryimage\",\"url\":\"https:\\\/\\\/i0.wp.com\\\/www.dmastro.com.br\\\/dmastroblog\\\/wp-content\\\/uploads\\\/2020\\\/11\\\/Curso-Online-EAD-Astrologia-Medica-e-Psiquica-Anna-Maria-Costa-Ribeiro-DMAstro-Brasil.jpg?fit=1000%2C1000&ssl=1\",\"contentUrl\":\"https:\\\/\\\/i0.wp.com\\\/www.dmastro.com.br\\\/dmastroblog\\\/wp-content\\\/uploads\\\/2020\\\/11\\\/Curso-Online-EAD-Astrologia-Medica-e-Psiquica-Anna-Maria-Costa-Ribeiro-DMAstro-Brasil.jpg?fit=1000%2C1000&ssl=1\",\"width\":1000,\"height\":1000},{\"@type\":\"BreadcrumbList\",\"@id\":\"https:\\\/\\\/www.dmastro.com.br\\\/dmastroblog\\\/produto\\\/ead-curso-astrologia-medica-e-psiquica-anna-maria-costa-ribeiro\\\/#breadcrumb\",\"itemListElement\":[{\"@type\":\"ListItem\",\"position\":1,\"name\":\"In\u00edcio\",\"item\":\"https:\\\/\\\/www.dmastro.com.br\\\/dmastroblog\\\/\"},{\"@type\":\"ListItem\",\"position\":2,\"name\":\"Loja\",\"item\":\"https:\\\/\\\/www.dmastro.com.br\\\/dmastroblog\\\/loja\\\/\"},{\"@type\":\"ListItem\",\"position\":3,\"name\":\"EAD Curso Astrologia M\u00e9dica e Ps\u00edquica &#8211; Anna Maria Costa Ribeiro\"}]},{\"@type\":\"WebSite\",\"@id\":\"https:\\\/\\\/www.dmastro.com.br\\\/dmastroblog\\\/#website\",\"url\":\"https:\\\/\\\/www.dmastro.com.br\\\/dmastroblog\\\/\",\"name\":\"DMAstro Brasil\",\"description\":\"Curso Completo de Forma\u00e7\u00e3o\",\"publisher\":{\"@id\":\"https:\\\/\\\/www.dmastro.com.br\\\/dmastroblog\\\/#organization\"},\"potentialAction\":[{\"@type\":\"SearchAction\",\"target\":{\"@type\":\"EntryPoint\",\"urlTemplate\":\"https:\\\/\\\/www.dmastro.com.br\\\/dmastroblog\\\/?s={search_term_string}\"},\"query-input\":{\"@type\":\"PropertyValueSpecification\",\"valueRequired\":true,\"valueName\":\"search_term_string\"}}],\"inLanguage\":\"pt-BR\"},{\"@type\":\"Organization\",\"@id\":\"https:\\\/\\\/www.dmastro.com.br\\\/dmastroblog\\\/#organization\",\"name\":\"DMAstro Brasil\",\"url\":\"https:\\\/\\\/www.dmastro.com.br\\\/dmastroblog\\\/\",\"logo\":{\"@type\":\"ImageObject\",\"inLanguage\":\"pt-BR\",\"@id\":\"https:\\\/\\\/www.dmastro.com.br\\\/dmastroblog\\\/#\\\/schema\\\/logo\\\/image\\\/\",\"url\":\"https:\\\/\\\/www.dmastro.com.br\\\/dmastroblog\\\/wp-content\\\/uploads\\\/2018\\\/12\\\/logotipo-dmastro-brasil.png\",\"contentUrl\":\"https:\\\/\\\/www.dmastro.com.br\\\/dmastroblog\\\/wp-content\\\/uploads\\\/2018\\\/12\\\/logotipo-dmastro-brasil.png\",\"width\":180,\"height\":180,\"caption\":\"DMAstro Brasil\"},\"image\":{\"@id\":\"https:\\\/\\\/www.dmastro.com.br\\\/dmastroblog\\\/#\\\/schema\\\/logo\\\/image\\\/\"},\"sameAs\":[\"https:\\\/\\\/www.facebook.com\\\/dmastrobr\",\"https:\\\/\\\/x.com\\\/dmastrobrasil\",\"https:\\\/\\\/www.instagram.com\\\/dmastrobrasil\\\/\"]}]}<\/script>\n<meta property=\"product:price:amount\" content=\"900.00\" \/>\n<meta property=\"product:price:currency\" content=\"BRL\" \/>\n<meta property=\"og:availability\" content=\"instock\" \/>\n<meta property=\"product:availability\" content=\"instock\" \/>\n<meta property=\"product:condition\" content=\"new\" \/>\n<!-- \/ Yoast SEO Premium plugin. -->","yoast_head_json":{"title":"EAD Curso Astrologia M\u00e9dica e Ps\u00edquica - Anna Maria Costa Ribeiro - Escola de Astrologia DMAstro","robots":{"index":"index","follow":"follow","max-snippet":"max-snippet:-1","max-image-preview":"max-image-preview:large","max-video-preview":"max-video-preview:-1"},"canonical":"https:\/\/www.dmastro.com.br\/dmastroblog\/produto\/ead-curso-astrologia-medica-e-psiquica-anna-maria-costa-ribeiro\/","og_locale":"pt_BR","og_type":"article","og_title":"EAD Curso Astrologia M\u00e9dica e Ps\u00edquica - Anna Maria Costa Ribeiro","og_description":"Assinatura EAD - Curso Astrologia M\u00e9dica e Ps\u00edquica - Anna Maria Costa Ribeiro - 23 horas de aulas.  Prof.: ANNA MARIA COSTA RIBEIRO \u00e9 diretora da URANTIAM, autora de 48 livros, mais de 43 000 consultas, forma\u00e7\u00e3o de 160 turmas presenciais at\u00e9 dez 2018, cursos intensivos em SP desde 2015  Aprender fazendo e se apaixonando. Compreender o mapa e a alma da pessoa. Decorar \u00e9 para computadores. Meta: ultrapassar os Robots  Experi\u00eancia em quest\u00f5es de sa\u00fade durante 15 anos em institui\u00e7\u00f5es. No s\u00e9culo 21 a Astrologia ser\u00e1 de grande aux\u00edlio, inclusive nas quest\u00f5es de sa\u00fade.   CONTE\u00daDO DO CURSO    Interpreta\u00e7\u00e3o \/Previs\u00f5es na Astrologia M\u00e9dica e Ps\u00edquica.  Causas, o que est\u00e1 por tr\u00e1s.  Efeitos, o que est\u00e1 na frente.  Import\u00e2ncia da multidisciplinaridade na ajuda das quest\u00f5es de sa\u00fade.  No\u00e7\u00f5es da Medicina Chinesa \/ Emo\u00e7\u00f5es, e dos Chakras.  Quest\u00f5es heredit\u00e1rias, transgeracionais no mapa natal.  O que ajuda.  Que inten\u00e7\u00f5es \/ poderes dos signos e atributos\/ vozes dos planetas provocam desarmonia e, portanto doen\u00e7as.  Que circunst\u00e2ncias \/ evidencias da vida\/ casas provocam doen\u00e7as e sua revers\u00e3o.  Troca de informa\u00e7\u00f5es entre astr\u00f3logos e outros profissionais.  Cirurgias, quando?  Mortes, Quando? Pesquisa sobre a morte com 250 casos. Influ\u00eancias no mapa.  Coment\u00e1rios sobre drogas, alcoolismo, depend\u00eancias (317 casos estudados e trabalhos numa cl\u00ednica).  Astrologia e sa\u00fade no s\u00e9culo 21.  Infertilidade, insemina\u00e7\u00e3o artificial: porque e quando?  Impot\u00eancia sexual e suas quest\u00f5es.  Sexualidade e suas quest\u00f5es.  Suic\u00eddios.  Quest\u00f5es ps\u00edquicas, autismo, etc ( pesquisa com mais de 100 casos).  H\u00e1 cura ou revers\u00e3o com o uso da Astrologia? Transforma\u00e7\u00e3o.  Qualquer caso \u00fatil ao grupo pode ser apresentado.  Trazer Mapas de pessoas que passaram por doen\u00e7as e das que j\u00e1 morreram.  Outras quest\u00f5es que se apresentem.  LIVROS Recomendado que se tenha os livros ou e-book , embora n\u00e3o obrigat\u00f3rios:   Conhecimento de Astrologia M\u00e9dica e Ps\u00edquica  Sorria no Funeral (inclui pesquisa sobre a morte e de contatos com ET, ambas expostas em congressos nos USA e Brasil, al\u00e9m de publicadas)  Astrologia , Alcoolismo e Drogas (inclui pesquisa sobre adi\u00e7\u00e3o, feita em cl\u00ednica no RJ)  Conhecimento dos Aspectos 3 vols  Cole\u00e7\u00e3o Tenho Pressa mas n\u00e3o Dispenso Qualidade, vols 5 e 6 ( Interpreta\u00e7\u00e3o e Previs\u00f5es)","og_url":"https:\/\/www.dmastro.com.br\/dmastroblog\/produto\/ead-curso-astrologia-medica-e-psiquica-anna-maria-costa-ribeiro\/","og_site_name":"Escola de Astrologia DMAstro","article_publisher":"https:\/\/www.facebook.com\/dmastrobr","article_modified_time":"2022-01-01T03:03:54+00:00","og_image":[{"width":1000,"height":1000,"url":"https:\/\/www.dmastro.com.br\/dmastroblog\/wp-content\/uploads\/2020\/11\/Curso-Online-EAD-Astrologia-Medica-e-Psiquica-Anna-Maria-Costa-Ribeiro-DMAstro-Brasil.jpg","type":"image\/jpeg"}],"twitter_card":"summary_large_image","twitter_site":"@dmastrobrasil","twitter_misc":{"Pre\u00e7o":"&#82;&#36;900,00","Disponibilidade":"Em Estoque"},"schema":{"@context":"https:\/\/schema.org","@graph":[{"@type":"WebPage","@id":"https:\/\/www.dmastro.com.br\/dmastroblog\/produto\/ead-curso-astrologia-medica-e-psiquica-anna-maria-costa-ribeiro\/","url":"https:\/\/www.dmastro.com.br\/dmastroblog\/produto\/ead-curso-astrologia-medica-e-psiquica-anna-maria-costa-ribeiro\/","name":"EAD Curso Astrologia M\u00e9dica e Ps\u00edquica - Anna Maria Costa Ribeiro - Escola de Astrologia DMAstro","isPartOf":{"@id":"https:\/\/www.dmastro.com.br\/dmastroblog\/#website"},"primaryImageOfPage":{"@id":"https:\/\/www.dmastro.com.br\/dmastroblog\/produto\/ead-curso-astrologia-medica-e-psiquica-anna-maria-costa-ribeiro\/#primaryimage"},"image":{"@id":"https:\/\/www.dmastro.com.br\/dmastroblog\/produto\/ead-curso-astrologia-medica-e-psiquica-anna-maria-costa-ribeiro\/#primaryimage"},"thumbnailUrl":"https:\/\/i0.wp.com\/www.dmastro.com.br\/dmastroblog\/wp-content\/uploads\/2020\/11\/Curso-Online-EAD-Astrologia-Medica-e-Psiquica-Anna-Maria-Costa-Ribeiro-DMAstro-Brasil.jpg?fit=1000%2C1000&ssl=1","datePublished":"2020-11-27T05:17:15+00:00","dateModified":"2022-01-01T03:03:54+00:00","breadcrumb":{"@id":"https:\/\/www.dmastro.com.br\/dmastroblog\/produto\/ead-curso-astrologia-medica-e-psiquica-anna-maria-costa-ribeiro\/#breadcrumb"},"inLanguage":"pt-BR","potentialAction":[{"@type":"ReadAction","target":["https:\/\/www.dmastro.com.br\/dmastroblog\/produto\/ead-curso-astrologia-medica-e-psiquica-anna-maria-costa-ribeiro\/"]}]},{"@type":"ImageObject","inLanguage":"pt-BR","@id":"https:\/\/www.dmastro.com.br\/dmastroblog\/produto\/ead-curso-astrologia-medica-e-psiquica-anna-maria-costa-ribeiro\/#primaryimage","url":"https:\/\/i0.wp.com\/www.dmastro.com.br\/dmastroblog\/wp-content\/uploads\/2020\/11\/Curso-Online-EAD-Astrologia-Medica-e-Psiquica-Anna-Maria-Costa-Ribeiro-DMAstro-Brasil.jpg?fit=1000%2C1000&ssl=1","contentUrl":"https:\/\/i0.wp.com\/www.dmastro.com.br\/dmastroblog\/wp-content\/uploads\/2020\/11\/Curso-Online-EAD-Astrologia-Medica-e-Psiquica-Anna-Maria-Costa-Ribeiro-DMAstro-Brasil.jpg?fit=1000%2C1000&ssl=1","width":1000,"height":1000},{"@type":"BreadcrumbList","@id":"https:\/\/www.dmastro.com.br\/dmastroblog\/produto\/ead-curso-astrologia-medica-e-psiquica-anna-maria-costa-ribeiro\/#breadcrumb","itemListElement":[{"@type":"ListItem","position":1,"name":"In\u00edcio","item":"https:\/\/www.dmastro.com.br\/dmastroblog\/"},{"@type":"ListItem","position":2,"name":"Loja","item":"https:\/\/www.dmastro.com.br\/dmastroblog\/loja\/"},{"@type":"ListItem","position":3,"name":"EAD Curso Astrologia M\u00e9dica e Ps\u00edquica &#8211; Anna Maria Costa Ribeiro"}]},{"@type":"WebSite","@id":"https:\/\/www.dmastro.com.br\/dmastroblog\/#website","url":"https:\/\/www.dmastro.com.br\/dmastroblog\/","name":"DMAstro Brasil","description":"Curso Completo de Forma\u00e7\u00e3o","publisher":{"@id":"https:\/\/www.dmastro.com.br\/dmastroblog\/#organization"},"potentialAction":[{"@type":"SearchAction","target":{"@type":"EntryPoint","urlTemplate":"https:\/\/www.dmastro.com.br\/dmastroblog\/?s={search_term_string}"},"query-input":{"@type":"PropertyValueSpecification","valueRequired":true,"valueName":"search_term_string"}}],"inLanguage":"pt-BR"},{"@type":"Organization","@id":"https:\/\/www.dmastro.com.br\/dmastroblog\/#organization","name":"DMAstro Brasil","url":"https:\/\/www.dmastro.com.br\/dmastroblog\/","logo":{"@type":"ImageObject","inLanguage":"pt-BR","@id":"https:\/\/www.dmastro.com.br\/dmastroblog\/#\/schema\/logo\/image\/","url":"https:\/\/www.dmastro.com.br\/dmastroblog\/wp-content\/uploads\/2018\/12\/logotipo-dmastro-brasil.png","contentUrl":"https:\/\/www.dmastro.com.br\/dmastroblog\/wp-content\/uploads\/2018\/12\/logotipo-dmastro-brasil.png","width":180,"height":180,"caption":"DMAstro Brasil"},"image":{"@id":"https:\/\/www.dmastro.com.br\/dmastroblog\/#\/schema\/logo\/image\/"},"sameAs":["https:\/\/www.facebook.com\/dmastrobr","https:\/\/x.com\/dmastrobrasil","https:\/\/www.instagram.com\/dmastrobrasil\/"]}]},"product_price_amount":"900.00","product_price_currency":"BRL","og_availability":"instock","product_availability":"instock","product_condition":"new"},"jetpack_publicize_connections":[],"jetpack_sharing_enabled":true,"jetpack_likes_enabled":false,"publishpress_future_workflow_manual_trigger":{"enabledWorkflows":[]},"_links":{"self":[{"href":"https:\/\/www.dmastro.com.br\/dmastroblog\/wp-json\/wp\/v2\/product\/3926","targetHints":{"allow":["GET"]}}],"collection":[{"href":"https:\/\/www.dmastro.com.br\/dmastroblog\/wp-json\/wp\/v2\/product"}],"about":[{"href":"https:\/\/www.dmastro.com.br\/dmastroblog\/wp-json\/wp\/v2\/types\/product"}],"replies":[{"embeddable":true,"href":"https:\/\/www.dmastro.com.br\/dmastroblog\/wp-json\/wp\/v2\/comments?post=3926"}],"wp:featuredmedia":[{"embeddable":true,"href":"https:\/\/www.dmastro.com.br\/dmastroblog\/wp-json\/wp\/v2\/media\/5065"}],"wp:attachment":[{"href":"https:\/\/www.dmastro.com.br\/dmastroblog\/wp-json\/wp\/v2\/media?parent=3926"}],"wp:term":[{"taxonomy":"product_brand","embeddable":true,"href":"https:\/\/www.dmastro.com.br\/dmastroblog\/wp-json\/wp\/v2\/product_brand?post=3926"},{"taxonomy":"product_cat","embeddable":true,"href":"https:\/\/www.dmastro.com.br\/dmastroblog\/wp-json\/wp\/v2\/product_cat?post=3926"},{"taxonomy":"product_tag","embeddable":true,"href":"https:\/\/www.dmastro.com.br\/dmastroblog\/wp-json\/wp\/v2\/product_tag?post=3926"}],"curies":[{"name":"wp","href":"https:\/\/api.w.org\/{rel}","templated":true}]}}