{"id":347,"date":"2017-12-11T03:40:44","date_gmt":"2017-12-11T05:40:44","guid":{"rendered":"http:\/\/www.dmastro.com.br\/dmastroblog\/?post_type=product&#038;p=347"},"modified":"2022-01-01T00:03:44","modified_gmt":"2022-01-01T03:03:44","slug":"dvd-constelacao-familiar-e-metagenealogia","status":"publish","type":"product","link":"https:\/\/www.dmastro.com.br\/dmastroblog\/produto\/dvd-constelacao-familiar-e-metagenealogia\/","title":{"rendered":"DVD Constela\u00e7\u00e3o Familiar e Metagenealogia"},"content":{"rendered":"<p>Este pacote cont\u00e9m 4 DVDs do curso intensivo realizado em S\u00e3o Paulo sobre Constela\u00e7\u00e3o Familiar e Metagenealogia feito pela astr\u00f3loga\u00a0Anna Maria Costa Ribeiro.<\/p>\n<p>PROGRAMA\u00c7\u00c3O DO CURSO<\/p>\n<p>.1. Regress\u00e3o de Memoria e Vidas Passadas (RMVP)<\/p>\n<p>&#8211; como fazer e em que isso pode ajudar para acessar historico pessoal e de antepassados, necess\u00e1rios ao crescimento atual<\/p>\n<p>. pr\u00e1tica desse acesso, treinamento<\/p>\n<p>. como esses dados se apresentam no MN (mapa natal), caso queira comparar<\/p>\n<p>2. Constela\u00e7\u00e3o Familiar( CF)<\/p>\n<p>. individual e grupal<br \/>\n. s\u00edntese da teoria<br \/>\n. aplica\u00e7\u00e3o pr\u00e1tica ( ser\u00e3o feitas 2 CF de casos de 2 alunos. Havendo tempo poder\u00e3o ser feitas 3)<br \/>\n. influ\u00eancias na vida profissional, afetiva, familiar,saude, paz<br \/>\n. tecnicas<br \/>\n. comportamento do facilitador e dos representantes<br \/>\n. compara\u00e7\u00e3o com MN, caso queira<br \/>\n. quando uma consulta de Astrologia pode indicar a complementa\u00e7\u00e3o com a CF &#8211; suas vantagens<br \/>\n. o que a alma decide \u00e9 o que importa<br \/>\n. diversas t\u00e9cnicas<\/p>\n<p>3. Metagenealogia<\/p>\n<p>. \u00c1rvore Geneal\u00f3gica ( AG ) paralela<br \/>\n. Ontem continua hoje<br \/>\n. Uso da t\u00e9cnica da AG<br \/>\n. Psicomagia : ato transformador<br \/>\n. Exerc\u00edcios pr\u00e1ticos<br \/>\n..AG no MN &#8211; antepassados est\u00e3o presentes<\/p>\n<p>OBS.<br \/>\nN\u00e3o \u00e9 necess\u00e1rio conhecer Astrologia, mas quem conhece pode complementar CF\/AG com as consultas do MN &#8211; o que ajuda duplamente.<\/p>\n<p>No sec.21, a Multidisciplinaridade far\u00e1 a diferen\u00e7a. \u00c9 expans\u00e3o: aumenta as possibilidaddes de ajuda.<\/p>\n<p>Como curso intensivo, \u00e9 necess\u00e1rio a complementa\u00e7\u00e3o com o livro ONTEM E HOJE, que contem t\u00e9cnicas, explica\u00e7\u00f5es, casos, aprofundamento, m\u00e9todos de atendimento em consultas grupais e individuais, intensifica\u00e7\u00e3o da AG, uso da Psicomagia, etc<\/p>\n<p>O curso ensina a pensar, e assim sendo, aumenta a capacidade profissional e de apoio dos alunos &#8211; mas \u00e9 fundamental o estudo no livro citado.<br \/>\nO curso tamb\u00e9m tira d\u00favidas, apara arestas, mostra o que ajuda e o que n\u00e3o ajuda, e quando fazer ou n\u00e3o a CF e a AG.<\/p>\n","protected":false},"excerpt":{"rendered":"<p>Este pacote cont\u00e9m 4 DVDs do curso intensivo realizado em S\u00e3o Paulo sobre Constela\u00e7\u00e3o Familiar e Metagenealogia feito pela astr\u00f3loga\u00a0Anna Maria Costa Ribeiro.<\/p>\n","protected":false},"featured_media":348,"comment_status":"open","ping_status":"closed","template":"","meta":{"_themeisle_gutenberg_block_has_review":false,"jetpack_post_was_ever_published":false,"jetpack_publicize_message":"","jetpack_publicize_feature_enabled":true,"jetpack_social_post_already_shared":true,"jetpack_social_options":{"image_generator_settings":{"template":"highway","default_image_id":0,"font":"","enabled":false},"version":2}},"product_brand":[],"product_cat":[27,166,98,66,31,1232],"product_tag":[33,99],"class_list":{"0":"post-347","1":"product","2":"type-product","3":"status-publish","4":"has-post-thumbnail","6":"product_cat-anna-maria-costa-ribeiro","7":"product_cat-constelacao-familiar-2","8":"product_cat-constelacao-familiar-e-metagenealogia","9":"product_cat-cursos-em-video","10":"product_cat-dvd","11":"product_cat-natal-2021","12":"product_tag-anna-maria-costa-ribeiro","13":"product_tag-constelacao-familiar-e-metagenealogia","14":"post","16":"first","17":"instock","18":"taxable","19":"shipping-taxable","20":"purchasable","21":"product-type-simple"},"composite_virtual":false,"composite_layout":"","composite_add_to_cart_form_location":"","composite_editable_in_cart":false,"composite_sold_individually_context":"","composite_shop_price_calc":"","composite_components":[],"composite_scenarios":[],"yoast_head":"<!-- This site is optimized with the Yoast SEO Premium plugin v22.9 (Yoast SEO v27.3) - https:\/\/yoast.com\/product\/yoast-seo-premium-wordpress\/ -->\n<title>DVD Constela\u00e7\u00e3o Familiar e Metagenealogia - Escola de Astrologia DMAstro<\/title>\n<meta name=\"robots\" content=\"index, follow, max-snippet:-1, max-image-preview:large, max-video-preview:-1\" \/>\n<link rel=\"canonical\" href=\"https:\/\/www.dmastro.com.br\/dmastroblog\/produto\/dvd-constelacao-familiar-e-metagenealogia\/\" \/>\n<meta property=\"og:locale\" content=\"pt_BR\" \/>\n<meta property=\"og:type\" content=\"article\" \/>\n<meta property=\"og:title\" content=\"DVD Constela\u00e7\u00e3o Familiar e Metagenealogia\" \/>\n<meta property=\"og:description\" content=\"Este pacote cont\u00e9m 4 DVDs do curso intensivo realizado em S\u00e3o Paulo sobre Constela\u00e7\u00e3o Familiar e Metagenealogia feito pela astr\u00f3loga\u00a0Anna Maria Costa Ribeiro.\" \/>\n<meta property=\"og:url\" content=\"https:\/\/www.dmastro.com.br\/dmastroblog\/produto\/dvd-constelacao-familiar-e-metagenealogia\/\" \/>\n<meta property=\"og:site_name\" content=\"Escola de Astrologia DMAstro\" \/>\n<meta property=\"article:publisher\" content=\"https:\/\/www.facebook.com\/dmastrobr\" \/>\n<meta property=\"article:modified_time\" content=\"2022-01-01T03:03:44+00:00\" \/>\n<meta property=\"og:image\" content=\"https:\/\/www.dmastro.com.br\/dmastroblog\/wp-content\/uploads\/2017\/12\/DVD-Anna-Maria-Costa-Ribeiro-Constela\u00e7\u00e3o-Familiar-e-Metagenealogia.jpg\" \/>\n\t<meta property=\"og:image:width\" content=\"1000\" \/>\n\t<meta property=\"og:image:height\" content=\"1000\" \/>\n\t<meta property=\"og:image:type\" content=\"image\/jpeg\" \/>\n<meta name=\"twitter:card\" content=\"summary_large_image\" \/>\n<meta name=\"twitter:site\" content=\"@dmastrobrasil\" \/>\n<meta name=\"twitter:label1\" content=\"Pre\u00e7o\" \/>\n\t<meta name=\"twitter:data1\" content=\"&#082;&#036;650,00\" \/>\n\t<meta name=\"twitter:label2\" content=\"Disponibilidade\" \/>\n\t<meta name=\"twitter:data2\" content=\"Em Estoque\" \/>\n<script type=\"application\/ld+json\" class=\"yoast-schema-graph\">{\"@context\":\"https:\\\/\\\/schema.org\",\"@graph\":[{\"@type\":\"WebPage\",\"@id\":\"https:\\\/\\\/www.dmastro.com.br\\\/dmastroblog\\\/produto\\\/dvd-constelacao-familiar-e-metagenealogia\\\/\",\"url\":\"https:\\\/\\\/www.dmastro.com.br\\\/dmastroblog\\\/produto\\\/dvd-constelacao-familiar-e-metagenealogia\\\/\",\"name\":\"DVD Constela\u00e7\u00e3o Familiar e Metagenealogia - Escola de Astrologia DMAstro\",\"isPartOf\":{\"@id\":\"https:\\\/\\\/www.dmastro.com.br\\\/dmastroblog\\\/#website\"},\"primaryImageOfPage\":{\"@id\":\"https:\\\/\\\/www.dmastro.com.br\\\/dmastroblog\\\/produto\\\/dvd-constelacao-familiar-e-metagenealogia\\\/#primaryimage\"},\"image\":{\"@id\":\"https:\\\/\\\/www.dmastro.com.br\\\/dmastroblog\\\/produto\\\/dvd-constelacao-familiar-e-metagenealogia\\\/#primaryimage\"},\"thumbnailUrl\":\"https:\\\/\\\/i0.wp.com\\\/www.dmastro.com.br\\\/dmastroblog\\\/wp-content\\\/uploads\\\/2017\\\/12\\\/DVD-Anna-Maria-Costa-Ribeiro-Constela%C3%A7%C3%A3o-Familiar-e-Metagenealogia.jpg?fit=1000%2C1000&ssl=1\",\"datePublished\":\"2017-12-11T05:40:44+00:00\",\"dateModified\":\"2022-01-01T03:03:44+00:00\",\"breadcrumb\":{\"@id\":\"https:\\\/\\\/www.dmastro.com.br\\\/dmastroblog\\\/produto\\\/dvd-constelacao-familiar-e-metagenealogia\\\/#breadcrumb\"},\"inLanguage\":\"pt-BR\",\"potentialAction\":[{\"@type\":\"ReadAction\",\"target\":[\"https:\\\/\\\/www.dmastro.com.br\\\/dmastroblog\\\/produto\\\/dvd-constelacao-familiar-e-metagenealogia\\\/\"]}]},{\"@type\":\"ImageObject\",\"inLanguage\":\"pt-BR\",\"@id\":\"https:\\\/\\\/www.dmastro.com.br\\\/dmastroblog\\\/produto\\\/dvd-constelacao-familiar-e-metagenealogia\\\/#primaryimage\",\"url\":\"https:\\\/\\\/i0.wp.com\\\/www.dmastro.com.br\\\/dmastroblog\\\/wp-content\\\/uploads\\\/2017\\\/12\\\/DVD-Anna-Maria-Costa-Ribeiro-Constela%C3%A7%C3%A3o-Familiar-e-Metagenealogia.jpg?fit=1000%2C1000&ssl=1\",\"contentUrl\":\"https:\\\/\\\/i0.wp.com\\\/www.dmastro.com.br\\\/dmastroblog\\\/wp-content\\\/uploads\\\/2017\\\/12\\\/DVD-Anna-Maria-Costa-Ribeiro-Constela%C3%A7%C3%A3o-Familiar-e-Metagenealogia.jpg?fit=1000%2C1000&ssl=1\",\"width\":1000,\"height\":1000},{\"@type\":\"BreadcrumbList\",\"@id\":\"https:\\\/\\\/www.dmastro.com.br\\\/dmastroblog\\\/produto\\\/dvd-constelacao-familiar-e-metagenealogia\\\/#breadcrumb\",\"itemListElement\":[{\"@type\":\"ListItem\",\"position\":1,\"name\":\"In\u00edcio\",\"item\":\"https:\\\/\\\/www.dmastro.com.br\\\/dmastroblog\\\/\"},{\"@type\":\"ListItem\",\"position\":2,\"name\":\"Loja\",\"item\":\"https:\\\/\\\/www.dmastro.com.br\\\/dmastroblog\\\/loja\\\/\"},{\"@type\":\"ListItem\",\"position\":3,\"name\":\"DVD Constela\u00e7\u00e3o Familiar e Metagenealogia\"}]},{\"@type\":\"WebSite\",\"@id\":\"https:\\\/\\\/www.dmastro.com.br\\\/dmastroblog\\\/#website\",\"url\":\"https:\\\/\\\/www.dmastro.com.br\\\/dmastroblog\\\/\",\"name\":\"DMAstro Brasil\",\"description\":\"Curso Completo de Forma\u00e7\u00e3o\",\"publisher\":{\"@id\":\"https:\\\/\\\/www.dmastro.com.br\\\/dmastroblog\\\/#organization\"},\"potentialAction\":[{\"@type\":\"SearchAction\",\"target\":{\"@type\":\"EntryPoint\",\"urlTemplate\":\"https:\\\/\\\/www.dmastro.com.br\\\/dmastroblog\\\/?s={search_term_string}\"},\"query-input\":{\"@type\":\"PropertyValueSpecification\",\"valueRequired\":true,\"valueName\":\"search_term_string\"}}],\"inLanguage\":\"pt-BR\"},{\"@type\":\"Organization\",\"@id\":\"https:\\\/\\\/www.dmastro.com.br\\\/dmastroblog\\\/#organization\",\"name\":\"DMAstro Brasil\",\"url\":\"https:\\\/\\\/www.dmastro.com.br\\\/dmastroblog\\\/\",\"logo\":{\"@type\":\"ImageObject\",\"inLanguage\":\"pt-BR\",\"@id\":\"https:\\\/\\\/www.dmastro.com.br\\\/dmastroblog\\\/#\\\/schema\\\/logo\\\/image\\\/\",\"url\":\"https:\\\/\\\/www.dmastro.com.br\\\/dmastroblog\\\/wp-content\\\/uploads\\\/2018\\\/12\\\/logotipo-dmastro-brasil.png\",\"contentUrl\":\"https:\\\/\\\/www.dmastro.com.br\\\/dmastroblog\\\/wp-content\\\/uploads\\\/2018\\\/12\\\/logotipo-dmastro-brasil.png\",\"width\":180,\"height\":180,\"caption\":\"DMAstro Brasil\"},\"image\":{\"@id\":\"https:\\\/\\\/www.dmastro.com.br\\\/dmastroblog\\\/#\\\/schema\\\/logo\\\/image\\\/\"},\"sameAs\":[\"https:\\\/\\\/www.facebook.com\\\/dmastrobr\",\"https:\\\/\\\/x.com\\\/dmastrobrasil\",\"https:\\\/\\\/www.instagram.com\\\/dmastrobrasil\\\/\"]}]}<\/script>\n<meta property=\"product:price:amount\" content=\"650.00\" \/>\n<meta property=\"product:price:currency\" content=\"BRL\" \/>\n<meta property=\"og:availability\" content=\"instock\" \/>\n<meta property=\"product:availability\" content=\"instock\" \/>\n<meta property=\"product:condition\" content=\"new\" \/>\n<!-- \/ Yoast SEO Premium plugin. -->","yoast_head_json":{"title":"DVD Constela\u00e7\u00e3o Familiar e Metagenealogia - Escola de Astrologia DMAstro","robots":{"index":"index","follow":"follow","max-snippet":"max-snippet:-1","max-image-preview":"max-image-preview:large","max-video-preview":"max-video-preview:-1"},"canonical":"https:\/\/www.dmastro.com.br\/dmastroblog\/produto\/dvd-constelacao-familiar-e-metagenealogia\/","og_locale":"pt_BR","og_type":"article","og_title":"DVD Constela\u00e7\u00e3o Familiar e Metagenealogia","og_description":"Este pacote cont\u00e9m 4 DVDs do curso intensivo realizado em S\u00e3o Paulo sobre Constela\u00e7\u00e3o Familiar e Metagenealogia feito pela astr\u00f3loga\u00a0Anna Maria Costa Ribeiro.","og_url":"https:\/\/www.dmastro.com.br\/dmastroblog\/produto\/dvd-constelacao-familiar-e-metagenealogia\/","og_site_name":"Escola de Astrologia DMAstro","article_publisher":"https:\/\/www.facebook.com\/dmastrobr","article_modified_time":"2022-01-01T03:03:44+00:00","og_image":[{"width":1000,"height":1000,"url":"https:\/\/www.dmastro.com.br\/dmastroblog\/wp-content\/uploads\/2017\/12\/DVD-Anna-Maria-Costa-Ribeiro-Constela\u00e7\u00e3o-Familiar-e-Metagenealogia.jpg","type":"image\/jpeg"}],"twitter_card":"summary_large_image","twitter_site":"@dmastrobrasil","twitter_misc":{"Pre\u00e7o":"&#82;&#36;650,00","Disponibilidade":"Em Estoque"},"schema":{"@context":"https:\/\/schema.org","@graph":[{"@type":"WebPage","@id":"https:\/\/www.dmastro.com.br\/dmastroblog\/produto\/dvd-constelacao-familiar-e-metagenealogia\/","url":"https:\/\/www.dmastro.com.br\/dmastroblog\/produto\/dvd-constelacao-familiar-e-metagenealogia\/","name":"DVD Constela\u00e7\u00e3o Familiar e Metagenealogia - Escola de Astrologia DMAstro","isPartOf":{"@id":"https:\/\/www.dmastro.com.br\/dmastroblog\/#website"},"primaryImageOfPage":{"@id":"https:\/\/www.dmastro.com.br\/dmastroblog\/produto\/dvd-constelacao-familiar-e-metagenealogia\/#primaryimage"},"image":{"@id":"https:\/\/www.dmastro.com.br\/dmastroblog\/produto\/dvd-constelacao-familiar-e-metagenealogia\/#primaryimage"},"thumbnailUrl":"https:\/\/i0.wp.com\/www.dmastro.com.br\/dmastroblog\/wp-content\/uploads\/2017\/12\/DVD-Anna-Maria-Costa-Ribeiro-Constela%C3%A7%C3%A3o-Familiar-e-Metagenealogia.jpg?fit=1000%2C1000&ssl=1","datePublished":"2017-12-11T05:40:44+00:00","dateModified":"2022-01-01T03:03:44+00:00","breadcrumb":{"@id":"https:\/\/www.dmastro.com.br\/dmastroblog\/produto\/dvd-constelacao-familiar-e-metagenealogia\/#breadcrumb"},"inLanguage":"pt-BR","potentialAction":[{"@type":"ReadAction","target":["https:\/\/www.dmastro.com.br\/dmastroblog\/produto\/dvd-constelacao-familiar-e-metagenealogia\/"]}]},{"@type":"ImageObject","inLanguage":"pt-BR","@id":"https:\/\/www.dmastro.com.br\/dmastroblog\/produto\/dvd-constelacao-familiar-e-metagenealogia\/#primaryimage","url":"https:\/\/i0.wp.com\/www.dmastro.com.br\/dmastroblog\/wp-content\/uploads\/2017\/12\/DVD-Anna-Maria-Costa-Ribeiro-Constela%C3%A7%C3%A3o-Familiar-e-Metagenealogia.jpg?fit=1000%2C1000&ssl=1","contentUrl":"https:\/\/i0.wp.com\/www.dmastro.com.br\/dmastroblog\/wp-content\/uploads\/2017\/12\/DVD-Anna-Maria-Costa-Ribeiro-Constela%C3%A7%C3%A3o-Familiar-e-Metagenealogia.jpg?fit=1000%2C1000&ssl=1","width":1000,"height":1000},{"@type":"BreadcrumbList","@id":"https:\/\/www.dmastro.com.br\/dmastroblog\/produto\/dvd-constelacao-familiar-e-metagenealogia\/#breadcrumb","itemListElement":[{"@type":"ListItem","position":1,"name":"In\u00edcio","item":"https:\/\/www.dmastro.com.br\/dmastroblog\/"},{"@type":"ListItem","position":2,"name":"Loja","item":"https:\/\/www.dmastro.com.br\/dmastroblog\/loja\/"},{"@type":"ListItem","position":3,"name":"DVD Constela\u00e7\u00e3o Familiar e Metagenealogia"}]},{"@type":"WebSite","@id":"https:\/\/www.dmastro.com.br\/dmastroblog\/#website","url":"https:\/\/www.dmastro.com.br\/dmastroblog\/","name":"DMAstro Brasil","description":"Curso Completo de Forma\u00e7\u00e3o","publisher":{"@id":"https:\/\/www.dmastro.com.br\/dmastroblog\/#organization"},"potentialAction":[{"@type":"SearchAction","target":{"@type":"EntryPoint","urlTemplate":"https:\/\/www.dmastro.com.br\/dmastroblog\/?s={search_term_string}"},"query-input":{"@type":"PropertyValueSpecification","valueRequired":true,"valueName":"search_term_string"}}],"inLanguage":"pt-BR"},{"@type":"Organization","@id":"https:\/\/www.dmastro.com.br\/dmastroblog\/#organization","name":"DMAstro Brasil","url":"https:\/\/www.dmastro.com.br\/dmastroblog\/","logo":{"@type":"ImageObject","inLanguage":"pt-BR","@id":"https:\/\/www.dmastro.com.br\/dmastroblog\/#\/schema\/logo\/image\/","url":"https:\/\/www.dmastro.com.br\/dmastroblog\/wp-content\/uploads\/2018\/12\/logotipo-dmastro-brasil.png","contentUrl":"https:\/\/www.dmastro.com.br\/dmastroblog\/wp-content\/uploads\/2018\/12\/logotipo-dmastro-brasil.png","width":180,"height":180,"caption":"DMAstro Brasil"},"image":{"@id":"https:\/\/www.dmastro.com.br\/dmastroblog\/#\/schema\/logo\/image\/"},"sameAs":["https:\/\/www.facebook.com\/dmastrobr","https:\/\/x.com\/dmastrobrasil","https:\/\/www.instagram.com\/dmastrobrasil\/"]}]},"product_price_amount":"650.00","product_price_currency":"BRL","og_availability":"instock","product_availability":"instock","product_condition":"new"},"jetpack_publicize_connections":[],"jetpack_sharing_enabled":true,"jetpack_likes_enabled":false,"publishpress_future_workflow_manual_trigger":{"enabledWorkflows":[]},"_links":{"self":[{"href":"https:\/\/www.dmastro.com.br\/dmastroblog\/wp-json\/wp\/v2\/product\/347","targetHints":{"allow":["GET"]}}],"collection":[{"href":"https:\/\/www.dmastro.com.br\/dmastroblog\/wp-json\/wp\/v2\/product"}],"about":[{"href":"https:\/\/www.dmastro.com.br\/dmastroblog\/wp-json\/wp\/v2\/types\/product"}],"replies":[{"embeddable":true,"href":"https:\/\/www.dmastro.com.br\/dmastroblog\/wp-json\/wp\/v2\/comments?post=347"}],"wp:featuredmedia":[{"embeddable":true,"href":"https:\/\/www.dmastro.com.br\/dmastroblog\/wp-json\/wp\/v2\/media\/348"}],"wp:attachment":[{"href":"https:\/\/www.dmastro.com.br\/dmastroblog\/wp-json\/wp\/v2\/media?parent=347"}],"wp:term":[{"taxonomy":"product_brand","embeddable":true,"href":"https:\/\/www.dmastro.com.br\/dmastroblog\/wp-json\/wp\/v2\/product_brand?post=347"},{"taxonomy":"product_cat","embeddable":true,"href":"https:\/\/www.dmastro.com.br\/dmastroblog\/wp-json\/wp\/v2\/product_cat?post=347"},{"taxonomy":"product_tag","embeddable":true,"href":"https:\/\/www.dmastro.com.br\/dmastroblog\/wp-json\/wp\/v2\/product_tag?post=347"}],"curies":[{"name":"wp","href":"https:\/\/api.w.org\/{rel}","templated":true}]}}