{"id":11400,"date":"2023-11-12T19:03:23","date_gmt":"2023-11-12T22:03:23","guid":{"rendered":"https:\/\/www.dmastro.com.br\/dmastroblog\/?post_type=product&#038;p=11400"},"modified":"2023-11-22T20:36:38","modified_gmt":"2023-11-22T23:36:38","slug":"workshop-asteroides-as-faces-da-deusa-ceres-pallas-juno-vesta-e-quiron-dmastro-com-regis-caanabarro","status":"publish","type":"product","link":"https:\/\/www.dmastro.com.br\/dmastroblog\/produto\/workshop-asteroides-as-faces-da-deusa-ceres-pallas-juno-vesta-e-quiron-dmastro-com-regis-caanabarro\/","title":{"rendered":"Workshop Aster\u00f3ides, As Faces da Deusa Ceres, Pallas, Juno, Vesta e Qu\u00edron DMAstro com R\u00e9gis Caanabarro"},"content":{"rendered":"<p style=\"text-align: center;\"><em><strong><span style=\"color: #ff0000; font-size: 18pt;\">Workshop Aster\u00f3ides, As Faces da Deusa Ceres, Pallas, Juno, Vesta e Qu\u00edron DMAstro com R\u00e9gis Caanabarro<\/span><\/strong><\/em><\/p>\n<p>O melhor e mais completo Workshop Aster\u00f3ides, As Faces da Deusa Ceres, Pallas, Juno e Vesta DMAstro com R\u00e9gis Caanabarro. Venha fazer parte da Elite do Conhecimento Astrol\u00f3gico no Brasil!<\/p>\n<p>Seu professor ser\u00e1 R\u00e9gis Caanabarro e abaixo o seu curr\u00edculo de astrologia.<\/p>\n<p><em>Curso B\u00e1sico de Astrologia \u2013- 1984<\/em><\/p>\n<p><em>O Zod\u00edaco e os 4 elementos \u2013 2003 <\/em><\/p>\n<p><em>Signos, Polaridades e Temperamento- 2004<\/em><\/p>\n<p><em>Modelos Planet\u00e1rios &#8211; 2006<\/em><\/p>\n<p><em>Astrologia Empresarial 1- 2003<\/em><\/p>\n<p><em>Astrologia Empresarial 2 &#8211; 2003 <\/em><\/p>\n<p><em>Astrologia e Recursos Humanos &#8211; 2004<\/em><\/p>\n<p><em>Interpreta\u00e7\u00e3o de Mapas sem Hor\u00e1rio \u2013 2004 <\/em><\/p>\n<p><em>Astrolocaliza\u00e7\u00e3o com Local Space e Mapas Geod\u00e9sicos &#8211; 2006<\/em><\/p>\n<p><em>Astrologia C\u00e1rmica \u2013 2006<\/em><\/p>\n<p><em>Astrologia Mundial E Os Grandes Ciclos 1 -2006<\/em><\/p>\n<p><em>Astrologia Mundial E Os Grandes Ciclos 2 -2006 <\/em><\/p>\n<p><em>Astrologia Cl\u00e1ssica -2007 \u00a0<\/em><\/p>\n<p><em>Mapa Infantil &#8211; 2015<\/em><\/p>\n<p><em>Aster\u00f3ides- Ceres, Palas, Juno, Vesta e Qu\u00edron- 2017<\/em><\/p>\n<p><em>Astrologia \u2013 O Evolutivo (t\u00e9cnica de previs\u00e3o) 2022 <\/em><\/p>\n<p><em>Astrologia \u2013 Astrocartografia \u2013 2020<\/em><\/p>\n<p><em>Ferramentas em Astrologia Mundial \u2013 2020<\/em><\/p>\n<p><em>Progress\u00f5es Secund\u00e1rias \u2013 2021<\/em><\/p>\n<p><em>Arco Solar e Dire\u00e7\u00f5es Prim\u00e1rias \u2013 2022<\/em><\/p>\n<p>O workshop tem 8 horas, ao vivo com os alunos usando o aplicativo Zoom. A aula fica gravada e pronta para o aluno poder ver quantas vezes quiser ou no caso dele faltar. Tamb\u00e9m existe um grupo de alunos no WhatsApp para apoio as aulas e suporte para d\u00favidas. Os alunos recebem um certificado ao fim do workshop. <strong><em>O workshop acompanha apostila e ser\u00e1feito com os dados dos alunos com um mapa astral fornecido com os dados dos aster\u00f3ides em seus mapas pessoais.<\/em><\/strong><\/p>\n<p>Para mais informa\u00e7\u00f5es e inscri\u00e7\u00f5es, ligue para: (11) 96624-8446 ou envie mensagem no WhatsApp. O workshop ser\u00e1 no fim de semana de 16\/12\/2023. S\u00e3o 4 horas no s\u00e1bado e 4 horas no domingo.<\/p>\n<p>Veja a live do R\u00e9gis com a Mazal sobre o assunto:<\/p>\n<p><iframe loading=\"lazy\" title=\"Como usar e abusar dos Aster\u00f3ides no Mapa Astral.\" width=\"980\" height=\"551\" src=\"https:\/\/www.youtube.com\/embed\/1Pxc7RNUaEc?feature=oembed&#038;enablejsapi=1&#038;origin=https:\/\/www.dmastro.com.br\/dmastroblog\" frameborder=\"0\" allow=\"accelerometer; autoplay; clipboard-write; encrypted-media; gyroscope; picture-in-picture; web-share\" allowfullscreen><\/iframe><\/p>\n<p>&nbsp;<\/p>\n<p style=\"text-align: center;\"><span style=\"font-size: 18pt;\"><em><strong><span style=\"color: #99ccff;\">O QUE VOC\u00ca VAI APRENDER COM ESTE CURSO ?<\/span><\/strong><\/em><\/span><\/p>\n<p>1 &#8211; CERES \u2013 A M\u00c3E<br \/>\nCeres na mitologia<br \/>\nCeres na astronomia<br \/>\nCeres no mapa astral<br \/>\nCeres nas casas<br \/>\nCeres nos signos<br \/>\nCeres e seus aspectos<br \/>\nCeres na sinastria<\/p>\n<p>2 &#8211; PALLAS \u2013 A FILHA<br \/>\nPallas na mitologia<br \/>\nPallas na astronomia<br \/>\nPallas no mapa astral<br \/>\nPallas nas casas<br \/>\nPallas nos signos<br \/>\nPallas e seus aspectos<br \/>\nPallas na sinastria<\/p>\n<p>3 &#8211; JUNO \u2013 A ESPOSA<br \/>\nJuno na mitologia<br \/>\nJuno na astronomia<br \/>\nJuno no mapa astral<br \/>\nJuno nas casas<br \/>\nJuno nos signos<br \/>\nJuno e seus aspectos<br \/>\nJuno na sinastria<\/p>\n<p>4 &#8211; VESTA \u2013 A IRM\u00c3<br \/>\nVesta na mitologia<br \/>\nVesta na astronomia<br \/>\nVesta no mapa astral<br \/>\nVesta nas casas<br \/>\nVesta nos signos<br \/>\nVesta e seus aspectos<br \/>\nVesta na sinastria<\/p>\n<p>5 &#8211; QU\u00cdRON O CURADOR FERIDO &#8211; RESILI\u00caNCIA E TRANSFORMA\u00c7\u00c3O<\/p>\n<p>Qu\u00edron e nossa ferida interior<br \/>\nQu\u00edron na mitologia<br \/>\nQu\u00edron na astronomia<br \/>\nQu\u00edron no mapa astral<br \/>\nQu\u00edron nas casas<br \/>\nQu\u00edron nos signos<br \/>\nQu\u00edron e seus aspectos<\/p>\n<p style=\"text-align: center;\"><em><strong><span style=\"color: #99ccff; font-size: 18pt;\">O CURSO QUE VAI TRANSFORMAR TODA A SUA REALIDADE!<\/span><\/strong><\/em><\/p>\n<p style=\"text-align: left;\"><em><strong>Certifica\u00e7\u00e3o:<\/strong><\/em><br \/>\nSer\u00e1 emitido certificado de conclus\u00e3o no final do workshop.<\/p>\n<p><em><strong>Dura\u00e7\u00e3o do acesso:<\/strong><\/em><br \/>\nAcesso a todo o conte\u00fado virtual na plataforma de estudos por at\u00e9 1 ano ap\u00f3s o t\u00e9rmino do curso<\/p>\n<p>O aluno vai participar do grupo de estudos da Astrologia para esclarecer suas d\u00favidas. O participante que n\u00e3o puder estar presente no workshop, deve elaborar suas d\u00favidas e perguntas e enviar no grupo do WhatsApp antecipadamente. Tais questionamentos ser\u00e3o respondidos durante o workshop. As aulas ficar\u00e3o dispon\u00edveis na plataforma de ensino. Voc\u00ea poder\u00e1 acessar os v\u00eddeos integralmente de qualquer lugar!<\/p>\n<p style=\"text-align: center;\"><em><strong><span style=\"color: #ff0000; font-size: 18pt;\">Workshop Aster\u00f3ides, As Faces da Deusa Ceres, Pallas, Juno, Vesta e Qu\u00edron DMAstro com R\u00e9gis Caanabarro<\/span><\/strong><\/em><\/p>\n","protected":false},"excerpt":{"rendered":"<p style=\"text-align: center;\"><em><strong><span style=\"color: #ff0000; font-size: 18pt;\">Workshop Aster\u00f3ides, As Faces da Deusa Ceres, Pallas, Juno, Vesta e Qu\u00edron DMAstro com R\u00e9gis Caanabarro<\/span><\/strong><\/em><\/p>\n<p>O melhor e mais completo Workshop Aster\u00f3ides, As Faces da Deusa Ceres, Pallas, Juno e Vesta DMAstro com R\u00e9gis Caanabarro. Venha fazer parte da Elite do Conhecimento Astrol\u00f3gico no Brasil!<\/p>\n<p>Seu professor ser\u00e1 R\u00e9gis Caanabarro e abaixo o seu curr\u00edculo de astrologia.<\/p>\n","protected":false},"featured_media":11401,"comment_status":"open","ping_status":"closed","template":"","meta":{"_themeisle_gutenberg_block_has_review":false,"jetpack_post_was_ever_published":false,"jetpack_publicize_message":"","jetpack_publicize_feature_enabled":true,"jetpack_social_post_already_shared":true,"jetpack_social_options":{"image_generator_settings":{"template":"highway","default_image_id":0,"font":"","enabled":false},"version":2}},"product_brand":[],"product_cat":[71,364,66],"product_tag":[1623,76,1325,1327],"class_list":{"0":"post-11400","1":"product","2":"type-product","3":"status-publish","4":"has-post-thumbnail","6":"product_cat-cursos-em-video-de-astrologia","7":"product_cat-curso-online","8":"product_cat-cursos-em-video","9":"product_tag-asteroides","10":"product_tag-astrologia","11":"product_tag-astrologia-moderna","12":"product_tag-astrologos","13":"post","15":"first","16":"instock","17":"virtual","18":"taxable","19":"purchasable","20":"product-type-simple"},"composite_virtual":false,"composite_layout":"","composite_add_to_cart_form_location":"","composite_editable_in_cart":false,"composite_sold_individually_context":"","composite_shop_price_calc":"","composite_components":[],"composite_scenarios":[],"yoast_head":"<!-- This site is optimized with the Yoast SEO Premium plugin v22.9 (Yoast SEO v27.3) - https:\/\/yoast.com\/product\/yoast-seo-premium-wordpress\/ -->\n<title>Workshop Aster\u00f3ides, As Faces da Deusa Ceres, Pallas, Juno, Vesta e Qu\u00edron DMAstro com R\u00e9gis Caanabarro<\/title>\n<meta name=\"description\" content=\"Workshop Asterr\u00f3ides, As Faces da Deusa Ceres, Pallas, Juno, Vesta e Qu\u00edron DMAstro com R\u00e9gis Caanabarro\" \/>\n<meta name=\"robots\" content=\"index, follow, max-snippet:-1, max-image-preview:large, max-video-preview:-1\" \/>\n<link rel=\"canonical\" href=\"https:\/\/www.dmastro.com.br\/dmastroblog\/produto\/workshop-asteroides-as-faces-da-deusa-ceres-pallas-juno-vesta-e-quiron-dmastro-com-regis-caanabarro\/\" \/>\n<meta property=\"og:locale\" content=\"pt_BR\" \/>\n<meta property=\"og:type\" content=\"article\" \/>\n<meta property=\"og:title\" content=\"Workshop Aster\u00f3ides, As Faces da Deusa Ceres, Pallas, Juno, Vesta e Qu\u00edron DMAstro com R\u00e9gis Caanabarro\" \/>\n<meta property=\"og:description\" content=\"Workshop Asterr\u00f3ides, As Faces da Deusa Ceres, Pallas, Juno, Vesta e Qu\u00edron DMAstro com R\u00e9gis Caanabarro\" \/>\n<meta property=\"og:url\" content=\"https:\/\/www.dmastro.com.br\/dmastroblog\/produto\/workshop-asteroides-as-faces-da-deusa-ceres-pallas-juno-vesta-e-quiron-dmastro-com-regis-caanabarro\/\" \/>\n<meta property=\"og:site_name\" content=\"Escola de Astrologia DMAstro\" \/>\n<meta property=\"article:publisher\" content=\"https:\/\/www.facebook.com\/dmastrobr\" \/>\n<meta property=\"article:modified_time\" content=\"2023-11-22T23:36:38+00:00\" \/>\n<meta property=\"og:image\" content=\"https:\/\/i0.wp.com\/www.dmastro.com.br\/dmastroblog\/wp-content\/uploads\/2023\/11\/horoscopo-1.jpg?fit=1402%2C2000&ssl=1\" \/>\n\t<meta property=\"og:image:width\" content=\"1402\" \/>\n\t<meta property=\"og:image:height\" content=\"2000\" \/>\n\t<meta property=\"og:image:type\" content=\"image\/jpeg\" \/>\n<meta name=\"twitter:card\" content=\"summary_large_image\" \/>\n<meta name=\"twitter:site\" content=\"@dmastrobrasil\" \/>\n<meta name=\"twitter:label1\" content=\"Pre\u00e7o\" \/>\n\t<meta name=\"twitter:data1\" content=\"&#082;&#036;399,00\" \/>\n\t<meta name=\"twitter:label2\" content=\"Disponibilidade\" \/>\n\t<meta name=\"twitter:data2\" content=\"Em Estoque\" \/>\n<script type=\"application\/ld+json\" class=\"yoast-schema-graph\">{\"@context\":\"https:\\\/\\\/schema.org\",\"@graph\":[{\"@type\":\"WebPage\",\"@id\":\"https:\\\/\\\/www.dmastro.com.br\\\/dmastroblog\\\/produto\\\/workshop-asteroides-as-faces-da-deusa-ceres-pallas-juno-vesta-e-quiron-dmastro-com-regis-caanabarro\\\/\",\"url\":\"https:\\\/\\\/www.dmastro.com.br\\\/dmastroblog\\\/produto\\\/workshop-asteroides-as-faces-da-deusa-ceres-pallas-juno-vesta-e-quiron-dmastro-com-regis-caanabarro\\\/\",\"name\":\"Workshop Aster\u00f3ides, As Faces da Deusa Ceres, Pallas, Juno, Vesta e Qu\u00edron DMAstro com R\u00e9gis Caanabarro\",\"isPartOf\":{\"@id\":\"https:\\\/\\\/www.dmastro.com.br\\\/dmastroblog\\\/#website\"},\"primaryImageOfPage\":{\"@id\":\"https:\\\/\\\/www.dmastro.com.br\\\/dmastroblog\\\/produto\\\/workshop-asteroides-as-faces-da-deusa-ceres-pallas-juno-vesta-e-quiron-dmastro-com-regis-caanabarro\\\/#primaryimage\"},\"image\":{\"@id\":\"https:\\\/\\\/www.dmastro.com.br\\\/dmastroblog\\\/produto\\\/workshop-asteroides-as-faces-da-deusa-ceres-pallas-juno-vesta-e-quiron-dmastro-com-regis-caanabarro\\\/#primaryimage\"},\"thumbnailUrl\":\"https:\\\/\\\/i0.wp.com\\\/www.dmastro.com.br\\\/dmastroblog\\\/wp-content\\\/uploads\\\/2023\\\/11\\\/horoscopo-1.jpg?fit=1402%2C2000&ssl=1\",\"datePublished\":\"2023-11-12T22:03:23+00:00\",\"dateModified\":\"2023-11-22T23:36:38+00:00\",\"description\":\"Workshop Asterr\u00f3ides, As Faces da Deusa Ceres, Pallas, Juno, Vesta e Qu\u00edron DMAstro com R\u00e9gis Caanabarro\",\"breadcrumb\":{\"@id\":\"https:\\\/\\\/www.dmastro.com.br\\\/dmastroblog\\\/produto\\\/workshop-asteroides-as-faces-da-deusa-ceres-pallas-juno-vesta-e-quiron-dmastro-com-regis-caanabarro\\\/#breadcrumb\"},\"inLanguage\":\"pt-BR\",\"potentialAction\":[{\"@type\":\"ReadAction\",\"target\":[\"https:\\\/\\\/www.dmastro.com.br\\\/dmastroblog\\\/produto\\\/workshop-asteroides-as-faces-da-deusa-ceres-pallas-juno-vesta-e-quiron-dmastro-com-regis-caanabarro\\\/\"]}]},{\"@type\":\"ImageObject\",\"inLanguage\":\"pt-BR\",\"@id\":\"https:\\\/\\\/www.dmastro.com.br\\\/dmastroblog\\\/produto\\\/workshop-asteroides-as-faces-da-deusa-ceres-pallas-juno-vesta-e-quiron-dmastro-com-regis-caanabarro\\\/#primaryimage\",\"url\":\"https:\\\/\\\/i0.wp.com\\\/www.dmastro.com.br\\\/dmastroblog\\\/wp-content\\\/uploads\\\/2023\\\/11\\\/horoscopo-1.jpg?fit=1402%2C2000&ssl=1\",\"contentUrl\":\"https:\\\/\\\/i0.wp.com\\\/www.dmastro.com.br\\\/dmastroblog\\\/wp-content\\\/uploads\\\/2023\\\/11\\\/horoscopo-1.jpg?fit=1402%2C2000&ssl=1\",\"width\":1402,\"height\":2000},{\"@type\":\"BreadcrumbList\",\"@id\":\"https:\\\/\\\/www.dmastro.com.br\\\/dmastroblog\\\/produto\\\/workshop-asteroides-as-faces-da-deusa-ceres-pallas-juno-vesta-e-quiron-dmastro-com-regis-caanabarro\\\/#breadcrumb\",\"itemListElement\":[{\"@type\":\"ListItem\",\"position\":1,\"name\":\"In\u00edcio\",\"item\":\"https:\\\/\\\/www.dmastro.com.br\\\/dmastroblog\\\/\"},{\"@type\":\"ListItem\",\"position\":2,\"name\":\"Loja\",\"item\":\"https:\\\/\\\/www.dmastro.com.br\\\/dmastroblog\\\/loja\\\/\"},{\"@type\":\"ListItem\",\"position\":3,\"name\":\"Workshop Aster\u00f3ides, As Faces da Deusa Ceres, Pallas, Juno, Vesta e Qu\u00edron DMAstro com R\u00e9gis Caanabarro\"}]},{\"@type\":\"WebSite\",\"@id\":\"https:\\\/\\\/www.dmastro.com.br\\\/dmastroblog\\\/#website\",\"url\":\"https:\\\/\\\/www.dmastro.com.br\\\/dmastroblog\\\/\",\"name\":\"DMAstro Brasil\",\"description\":\"Curso Completo de Forma\u00e7\u00e3o\",\"publisher\":{\"@id\":\"https:\\\/\\\/www.dmastro.com.br\\\/dmastroblog\\\/#organization\"},\"potentialAction\":[{\"@type\":\"SearchAction\",\"target\":{\"@type\":\"EntryPoint\",\"urlTemplate\":\"https:\\\/\\\/www.dmastro.com.br\\\/dmastroblog\\\/?s={search_term_string}\"},\"query-input\":{\"@type\":\"PropertyValueSpecification\",\"valueRequired\":true,\"valueName\":\"search_term_string\"}}],\"inLanguage\":\"pt-BR\"},{\"@type\":\"Organization\",\"@id\":\"https:\\\/\\\/www.dmastro.com.br\\\/dmastroblog\\\/#organization\",\"name\":\"DMAstro Brasil\",\"url\":\"https:\\\/\\\/www.dmastro.com.br\\\/dmastroblog\\\/\",\"logo\":{\"@type\":\"ImageObject\",\"inLanguage\":\"pt-BR\",\"@id\":\"https:\\\/\\\/www.dmastro.com.br\\\/dmastroblog\\\/#\\\/schema\\\/logo\\\/image\\\/\",\"url\":\"https:\\\/\\\/www.dmastro.com.br\\\/dmastroblog\\\/wp-content\\\/uploads\\\/2018\\\/12\\\/logotipo-dmastro-brasil.png\",\"contentUrl\":\"https:\\\/\\\/www.dmastro.com.br\\\/dmastroblog\\\/wp-content\\\/uploads\\\/2018\\\/12\\\/logotipo-dmastro-brasil.png\",\"width\":180,\"height\":180,\"caption\":\"DMAstro Brasil\"},\"image\":{\"@id\":\"https:\\\/\\\/www.dmastro.com.br\\\/dmastroblog\\\/#\\\/schema\\\/logo\\\/image\\\/\"},\"sameAs\":[\"https:\\\/\\\/www.facebook.com\\\/dmastrobr\",\"https:\\\/\\\/x.com\\\/dmastrobrasil\",\"https:\\\/\\\/www.instagram.com\\\/dmastrobrasil\\\/\"]}]}<\/script>\n<meta property=\"og:video\" content=\"https:\/\/www.youtube.com\/embed\/1Pxc7RNUaEc\" \/>\n<meta property=\"og:video:type\" content=\"text\/html\" \/>\n<meta property=\"og:video:duration\" content=\"3169\" \/>\n<meta property=\"og:video:width\" content=\"480\" \/>\n<meta property=\"og:video:height\" content=\"270\" \/>\n<meta property=\"ya:ovs:adult\" content=\"false\" \/>\n<meta property=\"ya:ovs:upload_date\" content=\"2023-11-12T22:03:23+00:00\" \/>\n<meta property=\"ya:ovs:allow_embed\" content=\"true\" \/>\n<meta property=\"product:price:amount\" content=\"399.00\" \/>\n<meta property=\"product:price:currency\" content=\"BRL\" \/>\n<meta property=\"og:availability\" content=\"instock\" \/>\n<meta property=\"product:availability\" content=\"instock\" \/>\n<meta property=\"product:condition\" content=\"new\" \/>\n<!-- \/ Yoast SEO Premium plugin. -->","yoast_head_json":{"title":"Workshop Aster\u00f3ides, As Faces da Deusa Ceres, Pallas, Juno, Vesta e Qu\u00edron DMAstro com R\u00e9gis Caanabarro","description":"Workshop Asterr\u00f3ides, As Faces da Deusa Ceres, Pallas, Juno, Vesta e Qu\u00edron DMAstro com R\u00e9gis Caanabarro","robots":{"index":"index","follow":"follow","max-snippet":"max-snippet:-1","max-image-preview":"max-image-preview:large","max-video-preview":"max-video-preview:-1"},"canonical":"https:\/\/www.dmastro.com.br\/dmastroblog\/produto\/workshop-asteroides-as-faces-da-deusa-ceres-pallas-juno-vesta-e-quiron-dmastro-com-regis-caanabarro\/","og_locale":"pt_BR","og_type":"article","og_title":"Workshop Aster\u00f3ides, As Faces da Deusa Ceres, Pallas, Juno, Vesta e Qu\u00edron DMAstro com R\u00e9gis Caanabarro","og_description":"Workshop Asterr\u00f3ides, As Faces da Deusa Ceres, Pallas, Juno, Vesta e Qu\u00edron DMAstro com R\u00e9gis Caanabarro","og_url":"https:\/\/www.dmastro.com.br\/dmastroblog\/produto\/workshop-asteroides-as-faces-da-deusa-ceres-pallas-juno-vesta-e-quiron-dmastro-com-regis-caanabarro\/","og_site_name":"Escola de Astrologia DMAstro","article_publisher":"https:\/\/www.facebook.com\/dmastrobr","article_modified_time":"2023-11-22T23:36:38+00:00","og_image":[{"width":1402,"height":2000,"url":"https:\/\/i0.wp.com\/www.dmastro.com.br\/dmastroblog\/wp-content\/uploads\/2023\/11\/horoscopo-1.jpg?fit=1402%2C2000&ssl=1","type":"image\/jpeg"}],"twitter_card":"summary_large_image","twitter_site":"@dmastrobrasil","twitter_misc":{"Pre\u00e7o":"&#82;&#36;399,00","Disponibilidade":"Em Estoque"},"schema":{"@context":"https:\/\/schema.org","@graph":[{"@type":"WebPage","@id":"https:\/\/www.dmastro.com.br\/dmastroblog\/produto\/workshop-asteroides-as-faces-da-deusa-ceres-pallas-juno-vesta-e-quiron-dmastro-com-regis-caanabarro\/","url":"https:\/\/www.dmastro.com.br\/dmastroblog\/produto\/workshop-asteroides-as-faces-da-deusa-ceres-pallas-juno-vesta-e-quiron-dmastro-com-regis-caanabarro\/","name":"Workshop Aster\u00f3ides, As Faces da Deusa Ceres, Pallas, Juno, Vesta e Qu\u00edron DMAstro com R\u00e9gis Caanabarro","isPartOf":{"@id":"https:\/\/www.dmastro.com.br\/dmastroblog\/#website"},"primaryImageOfPage":{"@id":"https:\/\/www.dmastro.com.br\/dmastroblog\/produto\/workshop-asteroides-as-faces-da-deusa-ceres-pallas-juno-vesta-e-quiron-dmastro-com-regis-caanabarro\/#primaryimage"},"image":{"@id":"https:\/\/www.dmastro.com.br\/dmastroblog\/produto\/workshop-asteroides-as-faces-da-deusa-ceres-pallas-juno-vesta-e-quiron-dmastro-com-regis-caanabarro\/#primaryimage"},"thumbnailUrl":"https:\/\/i0.wp.com\/www.dmastro.com.br\/dmastroblog\/wp-content\/uploads\/2023\/11\/horoscopo-1.jpg?fit=1402%2C2000&ssl=1","datePublished":"2023-11-12T22:03:23+00:00","dateModified":"2023-11-22T23:36:38+00:00","description":"Workshop Asterr\u00f3ides, As Faces da Deusa Ceres, Pallas, Juno, Vesta e Qu\u00edron DMAstro com R\u00e9gis Caanabarro","breadcrumb":{"@id":"https:\/\/www.dmastro.com.br\/dmastroblog\/produto\/workshop-asteroides-as-faces-da-deusa-ceres-pallas-juno-vesta-e-quiron-dmastro-com-regis-caanabarro\/#breadcrumb"},"inLanguage":"pt-BR","potentialAction":[{"@type":"ReadAction","target":["https:\/\/www.dmastro.com.br\/dmastroblog\/produto\/workshop-asteroides-as-faces-da-deusa-ceres-pallas-juno-vesta-e-quiron-dmastro-com-regis-caanabarro\/"]}]},{"@type":"ImageObject","inLanguage":"pt-BR","@id":"https:\/\/www.dmastro.com.br\/dmastroblog\/produto\/workshop-asteroides-as-faces-da-deusa-ceres-pallas-juno-vesta-e-quiron-dmastro-com-regis-caanabarro\/#primaryimage","url":"https:\/\/i0.wp.com\/www.dmastro.com.br\/dmastroblog\/wp-content\/uploads\/2023\/11\/horoscopo-1.jpg?fit=1402%2C2000&ssl=1","contentUrl":"https:\/\/i0.wp.com\/www.dmastro.com.br\/dmastroblog\/wp-content\/uploads\/2023\/11\/horoscopo-1.jpg?fit=1402%2C2000&ssl=1","width":1402,"height":2000},{"@type":"BreadcrumbList","@id":"https:\/\/www.dmastro.com.br\/dmastroblog\/produto\/workshop-asteroides-as-faces-da-deusa-ceres-pallas-juno-vesta-e-quiron-dmastro-com-regis-caanabarro\/#breadcrumb","itemListElement":[{"@type":"ListItem","position":1,"name":"In\u00edcio","item":"https:\/\/www.dmastro.com.br\/dmastroblog\/"},{"@type":"ListItem","position":2,"name":"Loja","item":"https:\/\/www.dmastro.com.br\/dmastroblog\/loja\/"},{"@type":"ListItem","position":3,"name":"Workshop Aster\u00f3ides, As Faces da Deusa Ceres, Pallas, Juno, Vesta e Qu\u00edron DMAstro com R\u00e9gis Caanabarro"}]},{"@type":"WebSite","@id":"https:\/\/www.dmastro.com.br\/dmastroblog\/#website","url":"https:\/\/www.dmastro.com.br\/dmastroblog\/","name":"DMAstro Brasil","description":"Curso Completo de Forma\u00e7\u00e3o","publisher":{"@id":"https:\/\/www.dmastro.com.br\/dmastroblog\/#organization"},"potentialAction":[{"@type":"SearchAction","target":{"@type":"EntryPoint","urlTemplate":"https:\/\/www.dmastro.com.br\/dmastroblog\/?s={search_term_string}"},"query-input":{"@type":"PropertyValueSpecification","valueRequired":true,"valueName":"search_term_string"}}],"inLanguage":"pt-BR"},{"@type":"Organization","@id":"https:\/\/www.dmastro.com.br\/dmastroblog\/#organization","name":"DMAstro Brasil","url":"https:\/\/www.dmastro.com.br\/dmastroblog\/","logo":{"@type":"ImageObject","inLanguage":"pt-BR","@id":"https:\/\/www.dmastro.com.br\/dmastroblog\/#\/schema\/logo\/image\/","url":"https:\/\/www.dmastro.com.br\/dmastroblog\/wp-content\/uploads\/2018\/12\/logotipo-dmastro-brasil.png","contentUrl":"https:\/\/www.dmastro.com.br\/dmastroblog\/wp-content\/uploads\/2018\/12\/logotipo-dmastro-brasil.png","width":180,"height":180,"caption":"DMAstro Brasil"},"image":{"@id":"https:\/\/www.dmastro.com.br\/dmastroblog\/#\/schema\/logo\/image\/"},"sameAs":["https:\/\/www.facebook.com\/dmastrobr","https:\/\/x.com\/dmastrobrasil","https:\/\/www.instagram.com\/dmastrobrasil\/"]}]},"og_video":"https:\/\/www.youtube.com\/embed\/1Pxc7RNUaEc","og_video_type":"text\/html","og_video_duration":"3169","og_video_width":"480","og_video_height":"270","ya_ovs_adult":"false","ya_ovs_upload_date":"2023-11-12T22:03:23+00:00","ya_ovs_allow_embed":"true","product_price_amount":"399.00","product_price_currency":"BRL","og_availability":"instock","product_availability":"instock","product_condition":"new"},"jetpack_publicize_connections":[],"jetpack_sharing_enabled":true,"jetpack_likes_enabled":false,"publishpress_future_workflow_manual_trigger":{"enabledWorkflows":[]},"_links":{"self":[{"href":"https:\/\/www.dmastro.com.br\/dmastroblog\/wp-json\/wp\/v2\/product\/11400","targetHints":{"allow":["GET"]}}],"collection":[{"href":"https:\/\/www.dmastro.com.br\/dmastroblog\/wp-json\/wp\/v2\/product"}],"about":[{"href":"https:\/\/www.dmastro.com.br\/dmastroblog\/wp-json\/wp\/v2\/types\/product"}],"replies":[{"embeddable":true,"href":"https:\/\/www.dmastro.com.br\/dmastroblog\/wp-json\/wp\/v2\/comments?post=11400"}],"wp:featuredmedia":[{"embeddable":true,"href":"https:\/\/www.dmastro.com.br\/dmastroblog\/wp-json\/wp\/v2\/media\/11401"}],"wp:attachment":[{"href":"https:\/\/www.dmastro.com.br\/dmastroblog\/wp-json\/wp\/v2\/media?parent=11400"}],"wp:term":[{"taxonomy":"product_brand","embeddable":true,"href":"https:\/\/www.dmastro.com.br\/dmastroblog\/wp-json\/wp\/v2\/product_brand?post=11400"},{"taxonomy":"product_cat","embeddable":true,"href":"https:\/\/www.dmastro.com.br\/dmastroblog\/wp-json\/wp\/v2\/product_cat?post=11400"},{"taxonomy":"product_tag","embeddable":true,"href":"https:\/\/www.dmastro.com.br\/dmastroblog\/wp-json\/wp\/v2\/product_tag?post=11400"}],"curies":[{"name":"wp","href":"https:\/\/api.w.org\/{rel}","templated":true}]}}