{"id":1088,"date":"2018-12-07T22:57:18","date_gmt":"2018-12-08T00:57:18","guid":{"rendered":"http:\/\/www.dmastro.com.br\/dmastroblog\/?post_type=product&#038;p=1088"},"modified":"2018-12-07T22:57:19","modified_gmt":"2018-12-08T00:57:19","slug":"quadro-emoldurado-taro-visconti-sforza-arcano-maior-20-o-julgamento-de-a-a-atanassov","status":"publish","type":"product","link":"https:\/\/www.dmastro.com.br\/dmastroblog\/produto\/quadro-emoldurado-taro-visconti-sforza-arcano-maior-20-o-julgamento-de-a-a-atanassov\/","title":{"rendered":"Quadro Emoldurado Tar\u00f4 Visconti Sforza Arcano Maior 20 O Julgamento de A. A. Atanassov"},"content":{"rendered":"<p>Quadro Emoldurado Tar\u00f4 Visconti Sforza Arcano Maior 20 O Julgamento de A. A. Atanassov.<br \/>\nO quadro tem moldura preta, paspatur preto e vidro.<\/p>\n<p>Medida 103 cm X 63 cm.<\/p>\n<p>Deixe os ambientes de sua casa lindos e sofisticados com a decora\u00e7\u00e3o exclusiva\u00a0do Tar\u00f4 Visconti Sforza.<\/p>\n<p>A casa Visconti Sforza, que governava Mil\u00e3o no s\u00e9culo 15, encomendou alguns jogos de tar\u00f4 a artistas da \u00e9poca. Como testemunho disso sobreviveram cartas de 16 baralhos diferentes, que est\u00e3o entre os mais antigos j\u00e1 encontrados. O mais completo deles, com 74 cartas das 78 originais, \u00e9 chamado Pierpont-Morgan porque 35 de suas cartas est\u00e3o hoje na biblioteca-museu Pierpont Morgan, em Nova York. (As demais cartas est\u00e3o em duas institui\u00e7\u00f5es na It\u00e1lia). A vers\u00e3o do quadro \u00e9 o Tar\u00f4 Visconti Sforza (restaurado por A. A. Atanassov).<\/p>\n<p>Trata-se de uma bela e fiel restaura\u00e7\u00e3o do baralho original, que tenta apresentar as cartas como elas devem ter sido quando novas.\u00a0 #Tarot #Tar\u00f4 #Julgamento #DMAstroBrasil #Decora\u00e7\u00e3o #Casa #Quadro #Presente #Baralho #ViscontiSforza #arte<\/p>\n","protected":false},"excerpt":{"rendered":"<p>Quadro Emoldurado Tar\u00f4 Visconti Sforza Arcano Maior 20 O Julgamento de A. A. Atanassov.<br \/>\nO quadro tem moldura preta, paspatur preto e vidro.<\/p>\n<p>Medida 103 cm X 63 cm.<\/p>\n<p>Deixe os ambientes de sua casa lindos e sofisticados com a decora\u00e7\u00e3o exclusiva\u00a0do Tar\u00f4 Visconti Sforza.<\/p>\n<p>A casa Visconti Sforza, que governava Mil\u00e3o no s\u00e9culo 15, encomendou alguns jogos de tar\u00f4 a artistas da \u00e9poca. Como testemunho disso sobreviveram cartas de 16 baralhos diferentes, que est\u00e3o entre os mais antigos j\u00e1 encontrados. O mais completo deles, com 74 cartas das 78 originais, \u00e9 chamado Pierpont-Morgan porque 35 de suas cartas est\u00e3o hoje na biblioteca-museu Pierpont Morgan, em Nova York. (As demais cartas est\u00e3o em duas institui\u00e7\u00f5es na It\u00e1lia). A vers\u00e3o do quadro \u00e9 o Tar\u00f4 Visconti Sforza (restaurado por A. A. Atanassov).<\/p>\n<p>Trata-se de uma bela e fiel restaura\u00e7\u00e3o do baralho original, que tenta apresentar as cartas como elas devem ter sido quando novas.\u00a0 #Tarot #Tar\u00f4 #Julgamento #DMAstroBrasil #Decora\u00e7\u00e3o #Casa #Quadro #Presente #Baralho #ViscontiSforza #arte<\/p>\n<p>XX \u2013 LE IVGEMENT (O JULGAMENTO)<\/p>\n<p>Momento de prova\u00e7\u00e3o, de verdade e de delibera\u00e7\u00e3o, prova de humildade e de desapego, de obedi\u00eancia e de desinteresse,\u00a0XX \u2013 LE IVGEMENT (O JULGAMENTO) \u00e9 o arqu\u00e9tipo da estabilidade das consci\u00eancia em comunica\u00e7\u00e3o com o divino, da cria\u00e7\u00e3o do ser transcendente pela prece e da devo\u00e7\u00e3o \u00e0 Obra. Esta l\u00e2mina representa a etapa da revela\u00e7\u00e3o e da liberta\u00e7\u00e3o, do renascimento, o prel\u00fadio do advento da encarna\u00e7\u00e3o do Verbo universal.<\/p>\n","protected":false},"featured_media":1022,"comment_status":"closed","ping_status":"closed","template":"","meta":{"_themeisle_gutenberg_block_has_review":false,"jetpack_post_was_ever_published":false,"jetpack_publicize_message":"Quadro Emoldurado Tar\u00f4 Visconti Sforza Arcano Maior 20 O Julgamento de A. A. Atanassov","jetpack_publicize_feature_enabled":true,"jetpack_social_post_already_shared":true,"jetpack_social_options":{"image_generator_settings":{"template":"highway","default_image_id":0,"font":"","enabled":false},"version":2}},"product_brand":[],"product_cat":[283,130,150,44,282],"product_tag":[287,154,211,280,285],"class_list":{"0":"post-1088","1":"product","2":"type-product","3":"status-publish","4":"has-post-thumbnail","6":"product_cat-a-a-atanassov","7":"product_cat-decoracao","8":"product_cat-quadros","9":"product_cat-taro","10":"product_cat-taro-visconti-sforza","11":"product_tag-a-a-atanassov","12":"product_tag-arcano-maior","13":"product_tag-le-ivgement","14":"product_tag-o-julgamento","15":"product_tag-tarot-visconti-sforza","16":"post","18":"first","19":"instock","20":"taxable","21":"shipping-taxable","22":"purchasable","23":"product-type-simple"},"composite_virtual":false,"composite_layout":"","composite_add_to_cart_form_location":"","composite_editable_in_cart":false,"composite_sold_individually_context":"","composite_shop_price_calc":"","composite_components":[],"composite_scenarios":[],"yoast_head":"<!-- This site is optimized with the Yoast SEO Premium plugin v22.9 (Yoast SEO v27.3) - https:\/\/yoast.com\/product\/yoast-seo-premium-wordpress\/ -->\n<title>Quadro Emoldurado Tar\u00f4 Visconti Sforza Arcano Maior 20 O Julgamento de A. A. Atanassov - Escola de Astrologia DMAstro<\/title>\n<meta name=\"robots\" content=\"index, follow, max-snippet:-1, max-image-preview:large, max-video-preview:-1\" \/>\n<link rel=\"canonical\" href=\"https:\/\/www.dmastro.com.br\/dmastroblog\/produto\/quadro-emoldurado-taro-visconti-sforza-arcano-maior-20-o-julgamento-de-a-a-atanassov\/\" \/>\n<meta property=\"og:locale\" content=\"pt_BR\" \/>\n<meta property=\"og:type\" content=\"article\" \/>\n<meta property=\"og:title\" content=\"Quadro Emoldurado Tar\u00f4 Visconti Sforza Arcano Maior 20 O Julgamento de A. A. Atanassov\" \/>\n<meta property=\"og:description\" content=\"Quadro Emoldurado Tar\u00f4 Visconti Sforza Arcano Maior 20 O Julgamento de A. A. Atanassov. O quadro tem moldura preta, paspatur preto e vidro.  Medida 103 cm X 63 cm.  Deixe os ambientes de sua casa lindos e sofisticados com a decora\u00e7\u00e3o exclusiva\u00a0do Tar\u00f4 Visconti Sforza.  A casa Visconti Sforza, que governava Mil\u00e3o no s\u00e9culo 15, encomendou alguns jogos de tar\u00f4 a artistas da \u00e9poca. Como testemunho disso sobreviveram cartas de 16 baralhos diferentes, que est\u00e3o entre os mais antigos j\u00e1 encontrados. O mais completo deles, com 74 cartas das 78 originais, \u00e9 chamado Pierpont-Morgan porque 35 de suas cartas est\u00e3o hoje na biblioteca-museu Pierpont Morgan, em Nova York. (As demais cartas est\u00e3o em duas institui\u00e7\u00f5es na It\u00e1lia). A vers\u00e3o do quadro \u00e9 o Tar\u00f4 Visconti Sforza (restaurado por A. A. Atanassov).  Trata-se de uma bela e fiel restaura\u00e7\u00e3o do baralho original, que tenta apresentar as cartas como elas devem ter sido quando novas.\u00a0 #Tarot #Tar\u00f4 #Julgamento #DMAstroBrasil #Decora\u00e7\u00e3o #Casa #Quadro #Presente #Baralho #ViscontiSforza #arte  XX \u2013 LE IVGEMENT (O JULGAMENTO)  Momento de prova\u00e7\u00e3o, de verdade e de delibera\u00e7\u00e3o, prova de humildade e de desapego, de obedi\u00eancia e de desinteresse,\u00a0XX \u2013 LE IVGEMENT (O JULGAMENTO) \u00e9 o arqu\u00e9tipo da estabilidade das consci\u00eancia em comunica\u00e7\u00e3o com o divino, da cria\u00e7\u00e3o do ser transcendente pela prece e da devo\u00e7\u00e3o \u00e0 Obra. Esta l\u00e2mina representa a etapa da revela\u00e7\u00e3o e da liberta\u00e7\u00e3o, do renascimento, o prel\u00fadio do advento da encarna\u00e7\u00e3o do Verbo universal.\" \/>\n<meta property=\"og:url\" content=\"https:\/\/www.dmastro.com.br\/dmastroblog\/produto\/quadro-emoldurado-taro-visconti-sforza-arcano-maior-20-o-julgamento-de-a-a-atanassov\/\" \/>\n<meta property=\"og:site_name\" content=\"Escola de Astrologia DMAstro\" \/>\n<meta property=\"article:publisher\" content=\"https:\/\/www.facebook.com\/dmastrobr\" \/>\n<meta property=\"article:modified_time\" content=\"2018-12-08T00:57:19+00:00\" \/>\n<meta property=\"og:image\" content=\"https:\/\/www.dmastro.com.br\/dmastroblog\/wp-content\/uploads\/2018\/12\/Quadro-Emoldurado-Taro-Visconti-Sforza-Arcano-Maior-20-O-Julgamento-DMAstro-Brasil-Loja-Holistica-Base.png\" \/>\n\t<meta property=\"og:image:width\" content=\"1000\" \/>\n\t<meta property=\"og:image:height\" content=\"1000\" \/>\n\t<meta property=\"og:image:type\" content=\"image\/png\" \/>\n<meta name=\"twitter:card\" content=\"summary_large_image\" \/>\n<meta name=\"twitter:site\" content=\"@dmastrobrasil\" \/>\n<meta name=\"twitter:label1\" content=\"Pre\u00e7o\" \/>\n\t<meta name=\"twitter:data1\" content=\"&#082;&#036;325,00\" \/>\n\t<meta name=\"twitter:label2\" content=\"Disponibilidade\" \/>\n\t<meta name=\"twitter:data2\" content=\"Em Estoque\" \/>\n<script type=\"application\/ld+json\" class=\"yoast-schema-graph\">{\"@context\":\"https:\\\/\\\/schema.org\",\"@graph\":[{\"@type\":\"WebPage\",\"@id\":\"https:\\\/\\\/www.dmastro.com.br\\\/dmastroblog\\\/produto\\\/quadro-emoldurado-taro-visconti-sforza-arcano-maior-20-o-julgamento-de-a-a-atanassov\\\/\",\"url\":\"https:\\\/\\\/www.dmastro.com.br\\\/dmastroblog\\\/produto\\\/quadro-emoldurado-taro-visconti-sforza-arcano-maior-20-o-julgamento-de-a-a-atanassov\\\/\",\"name\":\"Quadro Emoldurado Tar\u00f4 Visconti Sforza Arcano Maior 20 O Julgamento de A. A. Atanassov - Escola de Astrologia DMAstro\",\"isPartOf\":{\"@id\":\"https:\\\/\\\/www.dmastro.com.br\\\/dmastroblog\\\/#website\"},\"primaryImageOfPage\":{\"@id\":\"https:\\\/\\\/www.dmastro.com.br\\\/dmastroblog\\\/produto\\\/quadro-emoldurado-taro-visconti-sforza-arcano-maior-20-o-julgamento-de-a-a-atanassov\\\/#primaryimage\"},\"image\":{\"@id\":\"https:\\\/\\\/www.dmastro.com.br\\\/dmastroblog\\\/produto\\\/quadro-emoldurado-taro-visconti-sforza-arcano-maior-20-o-julgamento-de-a-a-atanassov\\\/#primaryimage\"},\"thumbnailUrl\":\"https:\\\/\\\/i0.wp.com\\\/www.dmastro.com.br\\\/dmastroblog\\\/wp-content\\\/uploads\\\/2018\\\/12\\\/Quadro-Emoldurado-Taro-Visconti-Sforza-Arcano-Maior-20-O-Julgamento-DMAstro-Brasil-Loja-Holistica-Base.png?fit=1000%2C1000&ssl=1\",\"datePublished\":\"2018-12-08T00:57:18+00:00\",\"dateModified\":\"2018-12-08T00:57:19+00:00\",\"breadcrumb\":{\"@id\":\"https:\\\/\\\/www.dmastro.com.br\\\/dmastroblog\\\/produto\\\/quadro-emoldurado-taro-visconti-sforza-arcano-maior-20-o-julgamento-de-a-a-atanassov\\\/#breadcrumb\"},\"inLanguage\":\"pt-BR\",\"potentialAction\":[{\"@type\":\"ReadAction\",\"target\":[\"https:\\\/\\\/www.dmastro.com.br\\\/dmastroblog\\\/produto\\\/quadro-emoldurado-taro-visconti-sforza-arcano-maior-20-o-julgamento-de-a-a-atanassov\\\/\"]}]},{\"@type\":\"ImageObject\",\"inLanguage\":\"pt-BR\",\"@id\":\"https:\\\/\\\/www.dmastro.com.br\\\/dmastroblog\\\/produto\\\/quadro-emoldurado-taro-visconti-sforza-arcano-maior-20-o-julgamento-de-a-a-atanassov\\\/#primaryimage\",\"url\":\"https:\\\/\\\/i0.wp.com\\\/www.dmastro.com.br\\\/dmastroblog\\\/wp-content\\\/uploads\\\/2018\\\/12\\\/Quadro-Emoldurado-Taro-Visconti-Sforza-Arcano-Maior-20-O-Julgamento-DMAstro-Brasil-Loja-Holistica-Base.png?fit=1000%2C1000&ssl=1\",\"contentUrl\":\"https:\\\/\\\/i0.wp.com\\\/www.dmastro.com.br\\\/dmastroblog\\\/wp-content\\\/uploads\\\/2018\\\/12\\\/Quadro-Emoldurado-Taro-Visconti-Sforza-Arcano-Maior-20-O-Julgamento-DMAstro-Brasil-Loja-Holistica-Base.png?fit=1000%2C1000&ssl=1\",\"width\":1000,\"height\":1000},{\"@type\":\"BreadcrumbList\",\"@id\":\"https:\\\/\\\/www.dmastro.com.br\\\/dmastroblog\\\/produto\\\/quadro-emoldurado-taro-visconti-sforza-arcano-maior-20-o-julgamento-de-a-a-atanassov\\\/#breadcrumb\",\"itemListElement\":[{\"@type\":\"ListItem\",\"position\":1,\"name\":\"In\u00edcio\",\"item\":\"https:\\\/\\\/www.dmastro.com.br\\\/dmastroblog\\\/\"},{\"@type\":\"ListItem\",\"position\":2,\"name\":\"Loja\",\"item\":\"https:\\\/\\\/www.dmastro.com.br\\\/dmastroblog\\\/loja\\\/\"},{\"@type\":\"ListItem\",\"position\":3,\"name\":\"Quadro Emoldurado Tar\u00f4 Visconti Sforza Arcano Maior 20 O Julgamento de A. A. Atanassov\"}]},{\"@type\":\"WebSite\",\"@id\":\"https:\\\/\\\/www.dmastro.com.br\\\/dmastroblog\\\/#website\",\"url\":\"https:\\\/\\\/www.dmastro.com.br\\\/dmastroblog\\\/\",\"name\":\"DMAstro Brasil\",\"description\":\"Curso Completo de Forma\u00e7\u00e3o\",\"publisher\":{\"@id\":\"https:\\\/\\\/www.dmastro.com.br\\\/dmastroblog\\\/#organization\"},\"potentialAction\":[{\"@type\":\"SearchAction\",\"target\":{\"@type\":\"EntryPoint\",\"urlTemplate\":\"https:\\\/\\\/www.dmastro.com.br\\\/dmastroblog\\\/?s={search_term_string}\"},\"query-input\":{\"@type\":\"PropertyValueSpecification\",\"valueRequired\":true,\"valueName\":\"search_term_string\"}}],\"inLanguage\":\"pt-BR\"},{\"@type\":\"Organization\",\"@id\":\"https:\\\/\\\/www.dmastro.com.br\\\/dmastroblog\\\/#organization\",\"name\":\"DMAstro Brasil\",\"url\":\"https:\\\/\\\/www.dmastro.com.br\\\/dmastroblog\\\/\",\"logo\":{\"@type\":\"ImageObject\",\"inLanguage\":\"pt-BR\",\"@id\":\"https:\\\/\\\/www.dmastro.com.br\\\/dmastroblog\\\/#\\\/schema\\\/logo\\\/image\\\/\",\"url\":\"https:\\\/\\\/www.dmastro.com.br\\\/dmastroblog\\\/wp-content\\\/uploads\\\/2018\\\/12\\\/logotipo-dmastro-brasil.png\",\"contentUrl\":\"https:\\\/\\\/www.dmastro.com.br\\\/dmastroblog\\\/wp-content\\\/uploads\\\/2018\\\/12\\\/logotipo-dmastro-brasil.png\",\"width\":180,\"height\":180,\"caption\":\"DMAstro Brasil\"},\"image\":{\"@id\":\"https:\\\/\\\/www.dmastro.com.br\\\/dmastroblog\\\/#\\\/schema\\\/logo\\\/image\\\/\"},\"sameAs\":[\"https:\\\/\\\/www.facebook.com\\\/dmastrobr\",\"https:\\\/\\\/x.com\\\/dmastrobrasil\",\"https:\\\/\\\/www.instagram.com\\\/dmastrobrasil\\\/\"]}]}<\/script>\n<meta property=\"product:price:amount\" content=\"325.00\" \/>\n<meta property=\"product:price:currency\" content=\"BRL\" \/>\n<meta property=\"og:availability\" content=\"instock\" \/>\n<meta property=\"product:availability\" content=\"instock\" \/>\n<meta property=\"product:condition\" content=\"new\" \/>\n<!-- \/ Yoast SEO Premium plugin. -->","yoast_head_json":{"title":"Quadro Emoldurado Tar\u00f4 Visconti Sforza Arcano Maior 20 O Julgamento de A. A. Atanassov - Escola de Astrologia DMAstro","robots":{"index":"index","follow":"follow","max-snippet":"max-snippet:-1","max-image-preview":"max-image-preview:large","max-video-preview":"max-video-preview:-1"},"canonical":"https:\/\/www.dmastro.com.br\/dmastroblog\/produto\/quadro-emoldurado-taro-visconti-sforza-arcano-maior-20-o-julgamento-de-a-a-atanassov\/","og_locale":"pt_BR","og_type":"article","og_title":"Quadro Emoldurado Tar\u00f4 Visconti Sforza Arcano Maior 20 O Julgamento de A. A. Atanassov","og_description":"Quadro Emoldurado Tar\u00f4 Visconti Sforza Arcano Maior 20 O Julgamento de A. A. Atanassov. O quadro tem moldura preta, paspatur preto e vidro.  Medida 103 cm X 63 cm.  Deixe os ambientes de sua casa lindos e sofisticados com a decora\u00e7\u00e3o exclusiva\u00a0do Tar\u00f4 Visconti Sforza.  A casa Visconti Sforza, que governava Mil\u00e3o no s\u00e9culo 15, encomendou alguns jogos de tar\u00f4 a artistas da \u00e9poca. Como testemunho disso sobreviveram cartas de 16 baralhos diferentes, que est\u00e3o entre os mais antigos j\u00e1 encontrados. O mais completo deles, com 74 cartas das 78 originais, \u00e9 chamado Pierpont-Morgan porque 35 de suas cartas est\u00e3o hoje na biblioteca-museu Pierpont Morgan, em Nova York. (As demais cartas est\u00e3o em duas institui\u00e7\u00f5es na It\u00e1lia). A vers\u00e3o do quadro \u00e9 o Tar\u00f4 Visconti Sforza (restaurado por A. A. Atanassov).  Trata-se de uma bela e fiel restaura\u00e7\u00e3o do baralho original, que tenta apresentar as cartas como elas devem ter sido quando novas.\u00a0 #Tarot #Tar\u00f4 #Julgamento #DMAstroBrasil #Decora\u00e7\u00e3o #Casa #Quadro #Presente #Baralho #ViscontiSforza #arte  XX \u2013 LE IVGEMENT (O JULGAMENTO)  Momento de prova\u00e7\u00e3o, de verdade e de delibera\u00e7\u00e3o, prova de humildade e de desapego, de obedi\u00eancia e de desinteresse,\u00a0XX \u2013 LE IVGEMENT (O JULGAMENTO) \u00e9 o arqu\u00e9tipo da estabilidade das consci\u00eancia em comunica\u00e7\u00e3o com o divino, da cria\u00e7\u00e3o do ser transcendente pela prece e da devo\u00e7\u00e3o \u00e0 Obra. Esta l\u00e2mina representa a etapa da revela\u00e7\u00e3o e da liberta\u00e7\u00e3o, do renascimento, o prel\u00fadio do advento da encarna\u00e7\u00e3o do Verbo universal.","og_url":"https:\/\/www.dmastro.com.br\/dmastroblog\/produto\/quadro-emoldurado-taro-visconti-sforza-arcano-maior-20-o-julgamento-de-a-a-atanassov\/","og_site_name":"Escola de Astrologia DMAstro","article_publisher":"https:\/\/www.facebook.com\/dmastrobr","article_modified_time":"2018-12-08T00:57:19+00:00","og_image":[{"width":1000,"height":1000,"url":"https:\/\/www.dmastro.com.br\/dmastroblog\/wp-content\/uploads\/2018\/12\/Quadro-Emoldurado-Taro-Visconti-Sforza-Arcano-Maior-20-O-Julgamento-DMAstro-Brasil-Loja-Holistica-Base.png","type":"image\/png"}],"twitter_card":"summary_large_image","twitter_site":"@dmastrobrasil","twitter_misc":{"Pre\u00e7o":"&#82;&#36;325,00","Disponibilidade":"Em Estoque"},"schema":{"@context":"https:\/\/schema.org","@graph":[{"@type":"WebPage","@id":"https:\/\/www.dmastro.com.br\/dmastroblog\/produto\/quadro-emoldurado-taro-visconti-sforza-arcano-maior-20-o-julgamento-de-a-a-atanassov\/","url":"https:\/\/www.dmastro.com.br\/dmastroblog\/produto\/quadro-emoldurado-taro-visconti-sforza-arcano-maior-20-o-julgamento-de-a-a-atanassov\/","name":"Quadro Emoldurado Tar\u00f4 Visconti Sforza Arcano Maior 20 O Julgamento de A. A. Atanassov - Escola de Astrologia DMAstro","isPartOf":{"@id":"https:\/\/www.dmastro.com.br\/dmastroblog\/#website"},"primaryImageOfPage":{"@id":"https:\/\/www.dmastro.com.br\/dmastroblog\/produto\/quadro-emoldurado-taro-visconti-sforza-arcano-maior-20-o-julgamento-de-a-a-atanassov\/#primaryimage"},"image":{"@id":"https:\/\/www.dmastro.com.br\/dmastroblog\/produto\/quadro-emoldurado-taro-visconti-sforza-arcano-maior-20-o-julgamento-de-a-a-atanassov\/#primaryimage"},"thumbnailUrl":"https:\/\/i0.wp.com\/www.dmastro.com.br\/dmastroblog\/wp-content\/uploads\/2018\/12\/Quadro-Emoldurado-Taro-Visconti-Sforza-Arcano-Maior-20-O-Julgamento-DMAstro-Brasil-Loja-Holistica-Base.png?fit=1000%2C1000&ssl=1","datePublished":"2018-12-08T00:57:18+00:00","dateModified":"2018-12-08T00:57:19+00:00","breadcrumb":{"@id":"https:\/\/www.dmastro.com.br\/dmastroblog\/produto\/quadro-emoldurado-taro-visconti-sforza-arcano-maior-20-o-julgamento-de-a-a-atanassov\/#breadcrumb"},"inLanguage":"pt-BR","potentialAction":[{"@type":"ReadAction","target":["https:\/\/www.dmastro.com.br\/dmastroblog\/produto\/quadro-emoldurado-taro-visconti-sforza-arcano-maior-20-o-julgamento-de-a-a-atanassov\/"]}]},{"@type":"ImageObject","inLanguage":"pt-BR","@id":"https:\/\/www.dmastro.com.br\/dmastroblog\/produto\/quadro-emoldurado-taro-visconti-sforza-arcano-maior-20-o-julgamento-de-a-a-atanassov\/#primaryimage","url":"https:\/\/i0.wp.com\/www.dmastro.com.br\/dmastroblog\/wp-content\/uploads\/2018\/12\/Quadro-Emoldurado-Taro-Visconti-Sforza-Arcano-Maior-20-O-Julgamento-DMAstro-Brasil-Loja-Holistica-Base.png?fit=1000%2C1000&ssl=1","contentUrl":"https:\/\/i0.wp.com\/www.dmastro.com.br\/dmastroblog\/wp-content\/uploads\/2018\/12\/Quadro-Emoldurado-Taro-Visconti-Sforza-Arcano-Maior-20-O-Julgamento-DMAstro-Brasil-Loja-Holistica-Base.png?fit=1000%2C1000&ssl=1","width":1000,"height":1000},{"@type":"BreadcrumbList","@id":"https:\/\/www.dmastro.com.br\/dmastroblog\/produto\/quadro-emoldurado-taro-visconti-sforza-arcano-maior-20-o-julgamento-de-a-a-atanassov\/#breadcrumb","itemListElement":[{"@type":"ListItem","position":1,"name":"In\u00edcio","item":"https:\/\/www.dmastro.com.br\/dmastroblog\/"},{"@type":"ListItem","position":2,"name":"Loja","item":"https:\/\/www.dmastro.com.br\/dmastroblog\/loja\/"},{"@type":"ListItem","position":3,"name":"Quadro Emoldurado Tar\u00f4 Visconti Sforza Arcano Maior 20 O Julgamento de A. A. Atanassov"}]},{"@type":"WebSite","@id":"https:\/\/www.dmastro.com.br\/dmastroblog\/#website","url":"https:\/\/www.dmastro.com.br\/dmastroblog\/","name":"DMAstro Brasil","description":"Curso Completo de Forma\u00e7\u00e3o","publisher":{"@id":"https:\/\/www.dmastro.com.br\/dmastroblog\/#organization"},"potentialAction":[{"@type":"SearchAction","target":{"@type":"EntryPoint","urlTemplate":"https:\/\/www.dmastro.com.br\/dmastroblog\/?s={search_term_string}"},"query-input":{"@type":"PropertyValueSpecification","valueRequired":true,"valueName":"search_term_string"}}],"inLanguage":"pt-BR"},{"@type":"Organization","@id":"https:\/\/www.dmastro.com.br\/dmastroblog\/#organization","name":"DMAstro Brasil","url":"https:\/\/www.dmastro.com.br\/dmastroblog\/","logo":{"@type":"ImageObject","inLanguage":"pt-BR","@id":"https:\/\/www.dmastro.com.br\/dmastroblog\/#\/schema\/logo\/image\/","url":"https:\/\/www.dmastro.com.br\/dmastroblog\/wp-content\/uploads\/2018\/12\/logotipo-dmastro-brasil.png","contentUrl":"https:\/\/www.dmastro.com.br\/dmastroblog\/wp-content\/uploads\/2018\/12\/logotipo-dmastro-brasil.png","width":180,"height":180,"caption":"DMAstro Brasil"},"image":{"@id":"https:\/\/www.dmastro.com.br\/dmastroblog\/#\/schema\/logo\/image\/"},"sameAs":["https:\/\/www.facebook.com\/dmastrobr","https:\/\/x.com\/dmastrobrasil","https:\/\/www.instagram.com\/dmastrobrasil\/"]}]},"product_price_amount":"325.00","product_price_currency":"BRL","og_availability":"instock","product_availability":"instock","product_condition":"new"},"jetpack_publicize_connections":[],"jetpack_sharing_enabled":true,"jetpack_likes_enabled":true,"publishpress_future_workflow_manual_trigger":{"enabledWorkflows":[]},"_links":{"self":[{"href":"https:\/\/www.dmastro.com.br\/dmastroblog\/wp-json\/wp\/v2\/product\/1088","targetHints":{"allow":["GET"]}}],"collection":[{"href":"https:\/\/www.dmastro.com.br\/dmastroblog\/wp-json\/wp\/v2\/product"}],"about":[{"href":"https:\/\/www.dmastro.com.br\/dmastroblog\/wp-json\/wp\/v2\/types\/product"}],"replies":[{"embeddable":true,"href":"https:\/\/www.dmastro.com.br\/dmastroblog\/wp-json\/wp\/v2\/comments?post=1088"}],"wp:featuredmedia":[{"embeddable":true,"href":"https:\/\/www.dmastro.com.br\/dmastroblog\/wp-json\/wp\/v2\/media\/1022"}],"wp:attachment":[{"href":"https:\/\/www.dmastro.com.br\/dmastroblog\/wp-json\/wp\/v2\/media?parent=1088"}],"wp:term":[{"taxonomy":"product_brand","embeddable":true,"href":"https:\/\/www.dmastro.com.br\/dmastroblog\/wp-json\/wp\/v2\/product_brand?post=1088"},{"taxonomy":"product_cat","embeddable":true,"href":"https:\/\/www.dmastro.com.br\/dmastroblog\/wp-json\/wp\/v2\/product_cat?post=1088"},{"taxonomy":"product_tag","embeddable":true,"href":"https:\/\/www.dmastro.com.br\/dmastroblog\/wp-json\/wp\/v2\/product_tag?post=1088"}],"curies":[{"name":"wp","href":"https:\/\/api.w.org\/{rel}","templated":true}]}}