{"id":3391,"date":"2020-09-25T21:04:25","date_gmt":"2020-09-26T00:04:25","guid":{"rendered":"http:\/\/www.dmastro.com.br\/dmastroblog\/?page_id=3391"},"modified":"2020-09-25T22:18:01","modified_gmt":"2020-09-26T01:18:01","slug":"enciclopedia-da-astrologia-e-esoterismo-l","status":"publish","type":"page","link":"https:\/\/www.dmastro.com.br\/dmastroblog\/enciclopedia-da-astrologia-e-esoterismo-l\/","title":{"rendered":"Enciclop\u00e9dia da Astrologia e Esoterismo &#8211; L"},"content":{"rendered":"<table width=\"204\">\n<tbody>\n<tr>\n<td width=\"204\">Labha bhava<\/td>\n<\/tr>\n<tr>\n<td>Lagna<\/td>\n<\/tr>\n<tr>\n<td>Lagna Sphutas<\/td>\n<\/tr>\n<tr>\n<td>Latitude<\/td>\n<\/tr>\n<tr>\n<td>Latitude Gal\u00e1ctica<\/td>\n<\/tr>\n<tr>\n<td>Latitudes sul<\/td>\n<\/tr>\n<tr>\n<td>Laya Centers<\/td>\n<\/tr>\n<tr>\n<td>Lento claro<\/td>\n<\/tr>\n<tr>\n<td>Leo<\/td>\n<\/tr>\n<tr>\n<td>Leste<\/td>\n<\/tr>\n<tr>\n<td>Lilith<\/td>\n<\/tr>\n<tr>\n<td>Liminar<\/td>\n<\/tr>\n<tr>\n<td>Livre Arb\u00edtrio<\/td>\n<\/tr>\n<tr>\n<td>Logaritmos<\/td>\n<\/tr>\n<tr>\n<td>Longitude<\/td>\n<\/tr>\n<tr>\n<td>Longitude e latitude helioc\u00eantricas<\/td>\n<\/tr>\n<tr>\n<td>L\u00facifer<\/td>\n<\/tr>\n<tr>\n<td>Lugar acr\u00f4nico<\/td>\n<\/tr>\n<tr>\n<td>Lugares Hylegiacal<\/td>\n<\/tr>\n<tr>\n<td>Lugares principais<\/td>\n<\/tr>\n<tr>\n<td>Lumin\u00e1rias<\/td>\n<\/tr>\n<tr>\n<td>Luna\u00e7\u00e3o<\/td>\n<\/tr>\n<tr>\n<td>Luna\u00e7\u00e3o ou Luna\u00e7\u00e3o Embol\u00edsmica<\/td>\n<\/tr>\n<tr>\n<td>Luna\u00e7\u00e3o peri\u00f3dica<\/td>\n<\/tr>\n<tr>\n<td>Luna\u00e7\u00e3o sin\u00f3dica<\/td>\n<\/tr>\n<tr>\n<td>Luna\u00e7\u00e3o, peri\u00f3dico<\/td>\n<\/tr>\n<tr>\n<td>Luna\u00e7\u00e3o, sin\u00f3dica<\/td>\n<\/tr>\n<tr>\n<td>Lunar<\/td>\n<\/tr>\n<tr>\n<td>Luz<\/td>\n<\/tr>\n<tr>\n<td>Luz astral<\/td>\n<\/tr>\n<tr>\n<td>Luz do tempo<\/td>\n<\/tr>\n<tr>\n<td>Luz, Colecionador de<\/td>\n<\/tr>\n<tr>\n<td>Luz, velocidade de<\/td>\n<\/tr>\n<tr>\n<td>Luzes<\/td>\n<\/tr>\n<\/tbody>\n<\/table>\n","protected":false},"excerpt":{"rendered":"<p>Labha bhava Lagna Lagna Sphutas Latitude Latitude Gal\u00e1ctica Latitudes sul Laya Centers Lento claro Leo Leste Lilith Liminar Livre Arb\u00edtrio Logaritmos Longitude Longitude e latitude helioc\u00eantricas L\u00facifer Lugar acr\u00f4nico Lugares Hylegiacal Lugares principais Lumin\u00e1rias Luna\u00e7\u00e3o Luna\u00e7\u00e3o ou Luna\u00e7\u00e3o Embol\u00edsmica Luna\u00e7\u00e3o peri\u00f3dica Luna\u00e7\u00e3o sin\u00f3dica Luna\u00e7\u00e3o, peri\u00f3dico Luna\u00e7\u00e3o, sin\u00f3dica Lunar Luz Luz astral Luz do tempo Luz, [&hellip;]<\/p>\n","protected":false},"author":1,"featured_media":0,"parent":0,"menu_order":0,"comment_status":"closed","ping_status":"closed","template":"","meta":{"_themeisle_gutenberg_block_has_review":false,"jetpack_post_was_ever_published":false,"footnotes":""},"class_list":["post-3391","page","type-page","status-publish","hentry"],"yoast_head":"<!-- This site is optimized with the Yoast SEO Premium plugin v22.9 (Yoast SEO v27.3) - https:\/\/yoast.com\/product\/yoast-seo-premium-wordpress\/ -->\n<title>Enciclop\u00e9dia da Astrologia e Esoterismo - L - Escola de Astrologia DMAstro<\/title>\n<meta name=\"robots\" content=\"index, follow, max-snippet:-1, max-image-preview:large, max-video-preview:-1\" \/>\n<link rel=\"canonical\" href=\"https:\/\/www.dmastro.com.br\/dmastroblog\/enciclopedia-da-astrologia-e-esoterismo-l\/\" \/>\n<meta property=\"og:locale\" content=\"pt_BR\" \/>\n<meta property=\"og:type\" content=\"article\" \/>\n<meta property=\"og:title\" content=\"Enciclop\u00e9dia da Astrologia e Esoterismo - L\" \/>\n<meta property=\"og:description\" content=\"Labha bhava Lagna Lagna Sphutas Latitude Latitude Gal\u00e1ctica Latitudes sul Laya Centers Lento claro Leo Leste Lilith Liminar Livre Arb\u00edtrio Logaritmos Longitude Longitude e latitude helioc\u00eantricas L\u00facifer Lugar acr\u00f4nico Lugares Hylegiacal Lugares principais Lumin\u00e1rias Luna\u00e7\u00e3o Luna\u00e7\u00e3o ou Luna\u00e7\u00e3o Embol\u00edsmica Luna\u00e7\u00e3o peri\u00f3dica Luna\u00e7\u00e3o sin\u00f3dica Luna\u00e7\u00e3o, peri\u00f3dico Luna\u00e7\u00e3o, sin\u00f3dica Lunar Luz Luz astral Luz do tempo Luz, [&hellip;]\" \/>\n<meta property=\"og:url\" content=\"https:\/\/www.dmastro.com.br\/dmastroblog\/enciclopedia-da-astrologia-e-esoterismo-l\/\" \/>\n<meta property=\"og:site_name\" content=\"Escola de Astrologia DMAstro\" \/>\n<meta property=\"article:publisher\" content=\"https:\/\/www.facebook.com\/dmastrobr\" \/>\n<meta property=\"article:modified_time\" content=\"2020-09-26T01:18:01+00:00\" \/>\n<meta name=\"twitter:card\" content=\"summary_large_image\" \/>\n<meta name=\"twitter:site\" content=\"@dmastrobrasil\" \/>\n<script type=\"application\/ld+json\" class=\"yoast-schema-graph\">{\"@context\":\"https:\\\/\\\/schema.org\",\"@graph\":[{\"@type\":\"WebPage\",\"@id\":\"https:\\\/\\\/www.dmastro.com.br\\\/dmastroblog\\\/enciclopedia-da-astrologia-e-esoterismo-l\\\/\",\"url\":\"https:\\\/\\\/www.dmastro.com.br\\\/dmastroblog\\\/enciclopedia-da-astrologia-e-esoterismo-l\\\/\",\"name\":\"Enciclop\u00e9dia da Astrologia e Esoterismo - L - Escola de Astrologia DMAstro\",\"isPartOf\":{\"@id\":\"https:\\\/\\\/www.dmastro.com.br\\\/dmastroblog\\\/#website\"},\"datePublished\":\"2020-09-26T00:04:25+00:00\",\"dateModified\":\"2020-09-26T01:18:01+00:00\",\"breadcrumb\":{\"@id\":\"https:\\\/\\\/www.dmastro.com.br\\\/dmastroblog\\\/enciclopedia-da-astrologia-e-esoterismo-l\\\/#breadcrumb\"},\"inLanguage\":\"pt-BR\",\"potentialAction\":[{\"@type\":\"ReadAction\",\"target\":[\"https:\\\/\\\/www.dmastro.com.br\\\/dmastroblog\\\/enciclopedia-da-astrologia-e-esoterismo-l\\\/\"]}]},{\"@type\":\"BreadcrumbList\",\"@id\":\"https:\\\/\\\/www.dmastro.com.br\\\/dmastroblog\\\/enciclopedia-da-astrologia-e-esoterismo-l\\\/#breadcrumb\",\"itemListElement\":[{\"@type\":\"ListItem\",\"position\":1,\"name\":\"In\u00edcio\",\"item\":\"https:\\\/\\\/www.dmastro.com.br\\\/dmastroblog\\\/\"},{\"@type\":\"ListItem\",\"position\":2,\"name\":\"Enciclop\u00e9dia da Astrologia e Esoterismo &#8211; L\"}]},{\"@type\":\"WebSite\",\"@id\":\"https:\\\/\\\/www.dmastro.com.br\\\/dmastroblog\\\/#website\",\"url\":\"https:\\\/\\\/www.dmastro.com.br\\\/dmastroblog\\\/\",\"name\":\"DMAstro Brasil\",\"description\":\"Curso Completo de Forma\u00e7\u00e3o\",\"publisher\":{\"@id\":\"https:\\\/\\\/www.dmastro.com.br\\\/dmastroblog\\\/#organization\"},\"potentialAction\":[{\"@type\":\"SearchAction\",\"target\":{\"@type\":\"EntryPoint\",\"urlTemplate\":\"https:\\\/\\\/www.dmastro.com.br\\\/dmastroblog\\\/?s={search_term_string}\"},\"query-input\":{\"@type\":\"PropertyValueSpecification\",\"valueRequired\":true,\"valueName\":\"search_term_string\"}}],\"inLanguage\":\"pt-BR\"},{\"@type\":\"Organization\",\"@id\":\"https:\\\/\\\/www.dmastro.com.br\\\/dmastroblog\\\/#organization\",\"name\":\"DMAstro Brasil\",\"url\":\"https:\\\/\\\/www.dmastro.com.br\\\/dmastroblog\\\/\",\"logo\":{\"@type\":\"ImageObject\",\"inLanguage\":\"pt-BR\",\"@id\":\"https:\\\/\\\/www.dmastro.com.br\\\/dmastroblog\\\/#\\\/schema\\\/logo\\\/image\\\/\",\"url\":\"https:\\\/\\\/www.dmastro.com.br\\\/dmastroblog\\\/wp-content\\\/uploads\\\/2018\\\/12\\\/logotipo-dmastro-brasil.png\",\"contentUrl\":\"https:\\\/\\\/www.dmastro.com.br\\\/dmastroblog\\\/wp-content\\\/uploads\\\/2018\\\/12\\\/logotipo-dmastro-brasil.png\",\"width\":180,\"height\":180,\"caption\":\"DMAstro Brasil\"},\"image\":{\"@id\":\"https:\\\/\\\/www.dmastro.com.br\\\/dmastroblog\\\/#\\\/schema\\\/logo\\\/image\\\/\"},\"sameAs\":[\"https:\\\/\\\/www.facebook.com\\\/dmastrobr\",\"https:\\\/\\\/x.com\\\/dmastrobrasil\",\"https:\\\/\\\/www.instagram.com\\\/dmastrobrasil\\\/\"]}]}<\/script>\n<!-- \/ Yoast SEO Premium plugin. -->","yoast_head_json":{"title":"Enciclop\u00e9dia da Astrologia e Esoterismo - L - Escola de Astrologia DMAstro","robots":{"index":"index","follow":"follow","max-snippet":"max-snippet:-1","max-image-preview":"max-image-preview:large","max-video-preview":"max-video-preview:-1"},"canonical":"https:\/\/www.dmastro.com.br\/dmastroblog\/enciclopedia-da-astrologia-e-esoterismo-l\/","og_locale":"pt_BR","og_type":"article","og_title":"Enciclop\u00e9dia da Astrologia e Esoterismo - L","og_description":"Labha bhava Lagna Lagna Sphutas Latitude Latitude Gal\u00e1ctica Latitudes sul Laya Centers Lento claro Leo Leste Lilith Liminar Livre Arb\u00edtrio Logaritmos Longitude Longitude e latitude helioc\u00eantricas L\u00facifer Lugar acr\u00f4nico Lugares Hylegiacal Lugares principais Lumin\u00e1rias Luna\u00e7\u00e3o Luna\u00e7\u00e3o ou Luna\u00e7\u00e3o Embol\u00edsmica Luna\u00e7\u00e3o peri\u00f3dica Luna\u00e7\u00e3o sin\u00f3dica Luna\u00e7\u00e3o, peri\u00f3dico Luna\u00e7\u00e3o, sin\u00f3dica Lunar Luz Luz astral Luz do tempo Luz, [&hellip;]","og_url":"https:\/\/www.dmastro.com.br\/dmastroblog\/enciclopedia-da-astrologia-e-esoterismo-l\/","og_site_name":"Escola de Astrologia DMAstro","article_publisher":"https:\/\/www.facebook.com\/dmastrobr","article_modified_time":"2020-09-26T01:18:01+00:00","twitter_card":"summary_large_image","twitter_site":"@dmastrobrasil","schema":{"@context":"https:\/\/schema.org","@graph":[{"@type":"WebPage","@id":"https:\/\/www.dmastro.com.br\/dmastroblog\/enciclopedia-da-astrologia-e-esoterismo-l\/","url":"https:\/\/www.dmastro.com.br\/dmastroblog\/enciclopedia-da-astrologia-e-esoterismo-l\/","name":"Enciclop\u00e9dia da Astrologia e Esoterismo - L - Escola de Astrologia DMAstro","isPartOf":{"@id":"https:\/\/www.dmastro.com.br\/dmastroblog\/#website"},"datePublished":"2020-09-26T00:04:25+00:00","dateModified":"2020-09-26T01:18:01+00:00","breadcrumb":{"@id":"https:\/\/www.dmastro.com.br\/dmastroblog\/enciclopedia-da-astrologia-e-esoterismo-l\/#breadcrumb"},"inLanguage":"pt-BR","potentialAction":[{"@type":"ReadAction","target":["https:\/\/www.dmastro.com.br\/dmastroblog\/enciclopedia-da-astrologia-e-esoterismo-l\/"]}]},{"@type":"BreadcrumbList","@id":"https:\/\/www.dmastro.com.br\/dmastroblog\/enciclopedia-da-astrologia-e-esoterismo-l\/#breadcrumb","itemListElement":[{"@type":"ListItem","position":1,"name":"In\u00edcio","item":"https:\/\/www.dmastro.com.br\/dmastroblog\/"},{"@type":"ListItem","position":2,"name":"Enciclop\u00e9dia da Astrologia e Esoterismo &#8211; L"}]},{"@type":"WebSite","@id":"https:\/\/www.dmastro.com.br\/dmastroblog\/#website","url":"https:\/\/www.dmastro.com.br\/dmastroblog\/","name":"DMAstro Brasil","description":"Curso Completo de Forma\u00e7\u00e3o","publisher":{"@id":"https:\/\/www.dmastro.com.br\/dmastroblog\/#organization"},"potentialAction":[{"@type":"SearchAction","target":{"@type":"EntryPoint","urlTemplate":"https:\/\/www.dmastro.com.br\/dmastroblog\/?s={search_term_string}"},"query-input":{"@type":"PropertyValueSpecification","valueRequired":true,"valueName":"search_term_string"}}],"inLanguage":"pt-BR"},{"@type":"Organization","@id":"https:\/\/www.dmastro.com.br\/dmastroblog\/#organization","name":"DMAstro Brasil","url":"https:\/\/www.dmastro.com.br\/dmastroblog\/","logo":{"@type":"ImageObject","inLanguage":"pt-BR","@id":"https:\/\/www.dmastro.com.br\/dmastroblog\/#\/schema\/logo\/image\/","url":"https:\/\/www.dmastro.com.br\/dmastroblog\/wp-content\/uploads\/2018\/12\/logotipo-dmastro-brasil.png","contentUrl":"https:\/\/www.dmastro.com.br\/dmastroblog\/wp-content\/uploads\/2018\/12\/logotipo-dmastro-brasil.png","width":180,"height":180,"caption":"DMAstro Brasil"},"image":{"@id":"https:\/\/www.dmastro.com.br\/dmastroblog\/#\/schema\/logo\/image\/"},"sameAs":["https:\/\/www.facebook.com\/dmastrobr","https:\/\/x.com\/dmastrobrasil","https:\/\/www.instagram.com\/dmastrobrasil\/"]}]}},"jetpack_sharing_enabled":true,"jetpack_shortlink":"https:\/\/wp.me\/P99nMN-SH","jetpack_likes_enabled":false,"publishpress_future_action":{"enabled":false,"date":"2026-05-07 11:57:53","action":"change-status","newStatus":"draft","terms":[],"taxonomy":"","extraData":[]},"publishpress_future_workflow_manual_trigger":{"enabledWorkflows":[]},"_links":{"self":[{"href":"https:\/\/www.dmastro.com.br\/dmastroblog\/wp-json\/wp\/v2\/pages\/3391","targetHints":{"allow":["GET"]}}],"collection":[{"href":"https:\/\/www.dmastro.com.br\/dmastroblog\/wp-json\/wp\/v2\/pages"}],"about":[{"href":"https:\/\/www.dmastro.com.br\/dmastroblog\/wp-json\/wp\/v2\/types\/page"}],"author":[{"embeddable":true,"href":"https:\/\/www.dmastro.com.br\/dmastroblog\/wp-json\/wp\/v2\/users\/1"}],"replies":[{"embeddable":true,"href":"https:\/\/www.dmastro.com.br\/dmastroblog\/wp-json\/wp\/v2\/comments?post=3391"}],"version-history":[{"count":3,"href":"https:\/\/www.dmastro.com.br\/dmastroblog\/wp-json\/wp\/v2\/pages\/3391\/revisions"}],"predecessor-version":[{"id":3492,"href":"https:\/\/www.dmastro.com.br\/dmastroblog\/wp-json\/wp\/v2\/pages\/3391\/revisions\/3492"}],"wp:attachment":[{"href":"https:\/\/www.dmastro.com.br\/dmastroblog\/wp-json\/wp\/v2\/media?parent=3391"}],"curies":[{"name":"wp","href":"https:\/\/api.w.org\/{rel}","templated":true}]}}