{"id":3390,"date":"2020-09-25T21:03:56","date_gmt":"2020-09-26T00:03:56","guid":{"rendered":"http:\/\/www.dmastro.com.br\/dmastroblog\/?page_id=3390"},"modified":"2020-09-25T22:03:06","modified_gmt":"2020-09-26T01:03:06","slug":"enciclopedia-da-astrologia-e-esoterismo-g","status":"publish","type":"page","link":"https:\/\/www.dmastro.com.br\/dmastroblog\/enciclopedia-da-astrologia-e-esoterismo-g\/","title":{"rendered":"Enciclop\u00e9dia da Astrologia e Esoterismo &#8211; G"},"content":{"rendered":"<table width=\"204\">\n<tbody>\n<tr>\n<td width=\"204\">Gabriel<\/td>\n<\/tr>\n<tr>\n<td>Gal\u00e1xia<\/td>\n<\/tr>\n<tr>\n<td>Gamut, notas do<\/td>\n<\/tr>\n<tr>\n<td>G\u00eameos<\/td>\n<\/tr>\n<tr>\n<td>Genealogia<\/td>\n<\/tr>\n<tr>\n<td>Geniture<\/td>\n<\/tr>\n<tr>\n<td>Geoarc<\/td>\n<\/tr>\n<tr>\n<td>Geoarc Figure<\/td>\n<\/tr>\n<tr>\n<td>Geoc\u00eantrico<\/td>\n<\/tr>\n<tr>\n<td>Geomancia Astrol\u00f3gica<\/td>\n<\/tr>\n<tr>\n<td>Gibosa<\/td>\n<\/tr>\n<tr>\n<td>Gnomos<\/td>\n<\/tr>\n<tr>\n<td>governante<\/td>\n<\/tr>\n<tr>\n<td>Governante da casa<\/td>\n<\/tr>\n<tr>\n<td>Gradua\u00e7\u00e3o<\/td>\n<\/tr>\n<tr>\n<td>Gr\u00e1fico<\/td>\n<\/tr>\n<tr>\n<td>Grande Cruz<\/td>\n<\/tr>\n<tr>\n<td>Grande Tr\u00edgono<\/td>\n<\/tr>\n<tr>\n<td>Grau<\/td>\n<\/tr>\n<tr>\n<td>Graus Cr\u00edticos<\/td>\n<\/tr>\n<tr>\n<td>Graus Cruciais<\/td>\n<\/tr>\n<tr>\n<td>Graus Masculinos<\/td>\n<\/tr>\n<tr>\n<td>Graus mutilados<\/td>\n<\/tr>\n<tr>\n<td>Graus, Individual<\/td>\n<\/tr>\n<tr>\n<td>Graus, Individual, Aqu\u00e1rio<\/td>\n<\/tr>\n<tr>\n<td>Graus, Individual, \u00c1ries<\/td>\n<\/tr>\n<tr>\n<td>Graus, Individual, C\u00e2ncer<\/td>\n<\/tr>\n<tr>\n<td>Graus, Individual, Capric\u00f3rnio<\/td>\n<\/tr>\n<tr>\n<td>Graus, Individual, Escorpi\u00e3o<\/td>\n<\/tr>\n<tr>\n<td>Graus, Individual, G\u00eameos<\/td>\n<\/tr>\n<tr>\n<td>Graus, Individual, Leo<\/td>\n<\/tr>\n<tr>\n<td>Graus, Individual, Libra<\/td>\n<\/tr>\n<tr>\n<td>Graus, Individual, Peixes<\/td>\n<\/tr>\n<tr>\n<td>Graus, Individual, Sagit\u00e1rio<\/td>\n<\/tr>\n<tr>\n<td>Graus, Individual, Touro<\/td>\n<\/tr>\n<tr>\n<td>Graus, Individual, Virgem<\/td>\n<\/tr>\n<tr>\n<td>Guardado<\/td>\n<\/tr>\n<\/tbody>\n<\/table>\n","protected":false},"excerpt":{"rendered":"<p>Gabriel Gal\u00e1xia Gamut, notas do G\u00eameos Genealogia Geniture Geoarc Geoarc Figure Geoc\u00eantrico Geomancia Astrol\u00f3gica Gibosa Gnomos governante Governante da casa Gradua\u00e7\u00e3o Gr\u00e1fico Grande Cruz Grande Tr\u00edgono Grau Graus Cr\u00edticos Graus Cruciais Graus Masculinos Graus mutilados Graus, Individual Graus, Individual, Aqu\u00e1rio Graus, Individual, \u00c1ries Graus, Individual, C\u00e2ncer Graus, Individual, Capric\u00f3rnio Graus, Individual, Escorpi\u00e3o Graus, Individual, G\u00eameos [&hellip;]<\/p>\n","protected":false},"author":1,"featured_media":0,"parent":0,"menu_order":0,"comment_status":"closed","ping_status":"closed","template":"","meta":{"_themeisle_gutenberg_block_has_review":false,"jetpack_post_was_ever_published":false,"footnotes":""},"class_list":["post-3390","page","type-page","status-publish","hentry"],"yoast_head":"<!-- This site is optimized with the Yoast SEO Premium plugin v22.9 (Yoast SEO v27.3) - https:\/\/yoast.com\/product\/yoast-seo-premium-wordpress\/ -->\n<title>Enciclop\u00e9dia da Astrologia e Esoterismo - G - Escola de Astrologia DMAstro<\/title>\n<meta name=\"robots\" content=\"index, follow, max-snippet:-1, max-image-preview:large, max-video-preview:-1\" \/>\n<link rel=\"canonical\" href=\"https:\/\/www.dmastro.com.br\/dmastroblog\/enciclopedia-da-astrologia-e-esoterismo-g\/\" \/>\n<meta property=\"og:locale\" content=\"pt_BR\" \/>\n<meta property=\"og:type\" content=\"article\" \/>\n<meta property=\"og:title\" content=\"Enciclop\u00e9dia da Astrologia e Esoterismo - G\" \/>\n<meta property=\"og:description\" content=\"Gabriel Gal\u00e1xia Gamut, notas do G\u00eameos Genealogia Geniture Geoarc Geoarc Figure Geoc\u00eantrico Geomancia Astrol\u00f3gica Gibosa Gnomos governante Governante da casa Gradua\u00e7\u00e3o Gr\u00e1fico Grande Cruz Grande Tr\u00edgono Grau Graus Cr\u00edticos Graus Cruciais Graus Masculinos Graus mutilados Graus, Individual Graus, Individual, Aqu\u00e1rio Graus, Individual, \u00c1ries Graus, Individual, C\u00e2ncer Graus, Individual, Capric\u00f3rnio Graus, Individual, Escorpi\u00e3o Graus, Individual, G\u00eameos [&hellip;]\" \/>\n<meta property=\"og:url\" content=\"https:\/\/www.dmastro.com.br\/dmastroblog\/enciclopedia-da-astrologia-e-esoterismo-g\/\" \/>\n<meta property=\"og:site_name\" content=\"Escola de Astrologia DMAstro\" \/>\n<meta property=\"article:publisher\" content=\"https:\/\/www.facebook.com\/dmastrobr\" \/>\n<meta property=\"article:modified_time\" content=\"2020-09-26T01:03:06+00:00\" \/>\n<meta name=\"twitter:card\" content=\"summary_large_image\" \/>\n<meta name=\"twitter:site\" content=\"@dmastrobrasil\" \/>\n<script type=\"application\/ld+json\" class=\"yoast-schema-graph\">{\"@context\":\"https:\\\/\\\/schema.org\",\"@graph\":[{\"@type\":\"WebPage\",\"@id\":\"https:\\\/\\\/www.dmastro.com.br\\\/dmastroblog\\\/enciclopedia-da-astrologia-e-esoterismo-g\\\/\",\"url\":\"https:\\\/\\\/www.dmastro.com.br\\\/dmastroblog\\\/enciclopedia-da-astrologia-e-esoterismo-g\\\/\",\"name\":\"Enciclop\u00e9dia da Astrologia e Esoterismo - G - Escola de Astrologia DMAstro\",\"isPartOf\":{\"@id\":\"https:\\\/\\\/www.dmastro.com.br\\\/dmastroblog\\\/#website\"},\"datePublished\":\"2020-09-26T00:03:56+00:00\",\"dateModified\":\"2020-09-26T01:03:06+00:00\",\"breadcrumb\":{\"@id\":\"https:\\\/\\\/www.dmastro.com.br\\\/dmastroblog\\\/enciclopedia-da-astrologia-e-esoterismo-g\\\/#breadcrumb\"},\"inLanguage\":\"pt-BR\",\"potentialAction\":[{\"@type\":\"ReadAction\",\"target\":[\"https:\\\/\\\/www.dmastro.com.br\\\/dmastroblog\\\/enciclopedia-da-astrologia-e-esoterismo-g\\\/\"]}]},{\"@type\":\"BreadcrumbList\",\"@id\":\"https:\\\/\\\/www.dmastro.com.br\\\/dmastroblog\\\/enciclopedia-da-astrologia-e-esoterismo-g\\\/#breadcrumb\",\"itemListElement\":[{\"@type\":\"ListItem\",\"position\":1,\"name\":\"In\u00edcio\",\"item\":\"https:\\\/\\\/www.dmastro.com.br\\\/dmastroblog\\\/\"},{\"@type\":\"ListItem\",\"position\":2,\"name\":\"Enciclop\u00e9dia da Astrologia e Esoterismo &#8211; G\"}]},{\"@type\":\"WebSite\",\"@id\":\"https:\\\/\\\/www.dmastro.com.br\\\/dmastroblog\\\/#website\",\"url\":\"https:\\\/\\\/www.dmastro.com.br\\\/dmastroblog\\\/\",\"name\":\"DMAstro Brasil\",\"description\":\"Curso Completo de Forma\u00e7\u00e3o\",\"publisher\":{\"@id\":\"https:\\\/\\\/www.dmastro.com.br\\\/dmastroblog\\\/#organization\"},\"potentialAction\":[{\"@type\":\"SearchAction\",\"target\":{\"@type\":\"EntryPoint\",\"urlTemplate\":\"https:\\\/\\\/www.dmastro.com.br\\\/dmastroblog\\\/?s={search_term_string}\"},\"query-input\":{\"@type\":\"PropertyValueSpecification\",\"valueRequired\":true,\"valueName\":\"search_term_string\"}}],\"inLanguage\":\"pt-BR\"},{\"@type\":\"Organization\",\"@id\":\"https:\\\/\\\/www.dmastro.com.br\\\/dmastroblog\\\/#organization\",\"name\":\"DMAstro Brasil\",\"url\":\"https:\\\/\\\/www.dmastro.com.br\\\/dmastroblog\\\/\",\"logo\":{\"@type\":\"ImageObject\",\"inLanguage\":\"pt-BR\",\"@id\":\"https:\\\/\\\/www.dmastro.com.br\\\/dmastroblog\\\/#\\\/schema\\\/logo\\\/image\\\/\",\"url\":\"https:\\\/\\\/www.dmastro.com.br\\\/dmastroblog\\\/wp-content\\\/uploads\\\/2018\\\/12\\\/logotipo-dmastro-brasil.png\",\"contentUrl\":\"https:\\\/\\\/www.dmastro.com.br\\\/dmastroblog\\\/wp-content\\\/uploads\\\/2018\\\/12\\\/logotipo-dmastro-brasil.png\",\"width\":180,\"height\":180,\"caption\":\"DMAstro Brasil\"},\"image\":{\"@id\":\"https:\\\/\\\/www.dmastro.com.br\\\/dmastroblog\\\/#\\\/schema\\\/logo\\\/image\\\/\"},\"sameAs\":[\"https:\\\/\\\/www.facebook.com\\\/dmastrobr\",\"https:\\\/\\\/x.com\\\/dmastrobrasil\",\"https:\\\/\\\/www.instagram.com\\\/dmastrobrasil\\\/\"]}]}<\/script>\n<!-- \/ Yoast SEO Premium plugin. -->","yoast_head_json":{"title":"Enciclop\u00e9dia da Astrologia e Esoterismo - G - Escola de Astrologia DMAstro","robots":{"index":"index","follow":"follow","max-snippet":"max-snippet:-1","max-image-preview":"max-image-preview:large","max-video-preview":"max-video-preview:-1"},"canonical":"https:\/\/www.dmastro.com.br\/dmastroblog\/enciclopedia-da-astrologia-e-esoterismo-g\/","og_locale":"pt_BR","og_type":"article","og_title":"Enciclop\u00e9dia da Astrologia e Esoterismo - G","og_description":"Gabriel Gal\u00e1xia Gamut, notas do G\u00eameos Genealogia Geniture Geoarc Geoarc Figure Geoc\u00eantrico Geomancia Astrol\u00f3gica Gibosa Gnomos governante Governante da casa Gradua\u00e7\u00e3o Gr\u00e1fico Grande Cruz Grande Tr\u00edgono Grau Graus Cr\u00edticos Graus Cruciais Graus Masculinos Graus mutilados Graus, Individual Graus, Individual, Aqu\u00e1rio Graus, Individual, \u00c1ries Graus, Individual, C\u00e2ncer Graus, Individual, Capric\u00f3rnio Graus, Individual, Escorpi\u00e3o Graus, Individual, G\u00eameos [&hellip;]","og_url":"https:\/\/www.dmastro.com.br\/dmastroblog\/enciclopedia-da-astrologia-e-esoterismo-g\/","og_site_name":"Escola de Astrologia DMAstro","article_publisher":"https:\/\/www.facebook.com\/dmastrobr","article_modified_time":"2020-09-26T01:03:06+00:00","twitter_card":"summary_large_image","twitter_site":"@dmastrobrasil","schema":{"@context":"https:\/\/schema.org","@graph":[{"@type":"WebPage","@id":"https:\/\/www.dmastro.com.br\/dmastroblog\/enciclopedia-da-astrologia-e-esoterismo-g\/","url":"https:\/\/www.dmastro.com.br\/dmastroblog\/enciclopedia-da-astrologia-e-esoterismo-g\/","name":"Enciclop\u00e9dia da Astrologia e Esoterismo - G - Escola de Astrologia DMAstro","isPartOf":{"@id":"https:\/\/www.dmastro.com.br\/dmastroblog\/#website"},"datePublished":"2020-09-26T00:03:56+00:00","dateModified":"2020-09-26T01:03:06+00:00","breadcrumb":{"@id":"https:\/\/www.dmastro.com.br\/dmastroblog\/enciclopedia-da-astrologia-e-esoterismo-g\/#breadcrumb"},"inLanguage":"pt-BR","potentialAction":[{"@type":"ReadAction","target":["https:\/\/www.dmastro.com.br\/dmastroblog\/enciclopedia-da-astrologia-e-esoterismo-g\/"]}]},{"@type":"BreadcrumbList","@id":"https:\/\/www.dmastro.com.br\/dmastroblog\/enciclopedia-da-astrologia-e-esoterismo-g\/#breadcrumb","itemListElement":[{"@type":"ListItem","position":1,"name":"In\u00edcio","item":"https:\/\/www.dmastro.com.br\/dmastroblog\/"},{"@type":"ListItem","position":2,"name":"Enciclop\u00e9dia da Astrologia e Esoterismo &#8211; G"}]},{"@type":"WebSite","@id":"https:\/\/www.dmastro.com.br\/dmastroblog\/#website","url":"https:\/\/www.dmastro.com.br\/dmastroblog\/","name":"DMAstro Brasil","description":"Curso Completo de Forma\u00e7\u00e3o","publisher":{"@id":"https:\/\/www.dmastro.com.br\/dmastroblog\/#organization"},"potentialAction":[{"@type":"SearchAction","target":{"@type":"EntryPoint","urlTemplate":"https:\/\/www.dmastro.com.br\/dmastroblog\/?s={search_term_string}"},"query-input":{"@type":"PropertyValueSpecification","valueRequired":true,"valueName":"search_term_string"}}],"inLanguage":"pt-BR"},{"@type":"Organization","@id":"https:\/\/www.dmastro.com.br\/dmastroblog\/#organization","name":"DMAstro Brasil","url":"https:\/\/www.dmastro.com.br\/dmastroblog\/","logo":{"@type":"ImageObject","inLanguage":"pt-BR","@id":"https:\/\/www.dmastro.com.br\/dmastroblog\/#\/schema\/logo\/image\/","url":"https:\/\/www.dmastro.com.br\/dmastroblog\/wp-content\/uploads\/2018\/12\/logotipo-dmastro-brasil.png","contentUrl":"https:\/\/www.dmastro.com.br\/dmastroblog\/wp-content\/uploads\/2018\/12\/logotipo-dmastro-brasil.png","width":180,"height":180,"caption":"DMAstro Brasil"},"image":{"@id":"https:\/\/www.dmastro.com.br\/dmastroblog\/#\/schema\/logo\/image\/"},"sameAs":["https:\/\/www.facebook.com\/dmastrobr","https:\/\/x.com\/dmastrobrasil","https:\/\/www.instagram.com\/dmastrobrasil\/"]}]}},"jetpack_sharing_enabled":true,"jetpack_shortlink":"https:\/\/wp.me\/P99nMN-SG","jetpack_likes_enabled":false,"publishpress_future_action":{"enabled":false,"date":"2026-05-07 11:56:42","action":"change-status","newStatus":"draft","terms":[],"taxonomy":"","extraData":[]},"publishpress_future_workflow_manual_trigger":{"enabledWorkflows":[]},"_links":{"self":[{"href":"https:\/\/www.dmastro.com.br\/dmastroblog\/wp-json\/wp\/v2\/pages\/3390","targetHints":{"allow":["GET"]}}],"collection":[{"href":"https:\/\/www.dmastro.com.br\/dmastroblog\/wp-json\/wp\/v2\/pages"}],"about":[{"href":"https:\/\/www.dmastro.com.br\/dmastroblog\/wp-json\/wp\/v2\/types\/page"}],"author":[{"embeddable":true,"href":"https:\/\/www.dmastro.com.br\/dmastroblog\/wp-json\/wp\/v2\/users\/1"}],"replies":[{"embeddable":true,"href":"https:\/\/www.dmastro.com.br\/dmastroblog\/wp-json\/wp\/v2\/comments?post=3390"}],"version-history":[{"count":3,"href":"https:\/\/www.dmastro.com.br\/dmastroblog\/wp-json\/wp\/v2\/pages\/3390\/revisions"}],"predecessor-version":[{"id":3480,"href":"https:\/\/www.dmastro.com.br\/dmastroblog\/wp-json\/wp\/v2\/pages\/3390\/revisions\/3480"}],"wp:attachment":[{"href":"https:\/\/www.dmastro.com.br\/dmastroblog\/wp-json\/wp\/v2\/media?parent=3390"}],"curies":[{"name":"wp","href":"https:\/\/api.w.org\/{rel}","templated":true}]}}